000
CXUS51 KPHI 310800
CF6AIY
PRELIMINARY LOCAL CLIMATOLOGICAL DATA (WS FORM: F-6)

                                          STATION:   Atlantic City Marina
                                          MONTH:     MAY
                                          YEAR:      2016
                                          LATITUDE:   39 16 N
                                          LONGITUDE:  74 20 W

  TEMPERATURE IN F:       :PCPN:    SNOW:  WIND      :SUNSHINE: SKY     :PK WND
================================================================================
1   2   3   4   5  6A  6B    7    8   9   10  11  12  13   14  15   16   17  18
                                     12Z  AVG MX 2MIN
DY MAX MIN AVG DEP HDD CDD  WTR  SNW DPTH SPD SPD DIR MIN PSBL S-S WX    SPD DR
================================================================================

 1  52  49  51   M  14   0 0.87    M    M  6.9 14 100   M    M   M        18 100
 2  55  49  52   M  13   0 0.21    M    M  6.7 10  60   M    M   M        16  60
 3  56  50  53   M  12   0 0.63  0.0    M  8.7 15 100   M    M   M        30 140
 4  50  50  50   M  15   0 0.65  0.0    M 11.5 15  70   M    M   M        29  60
 5  52  48  50   M  15   0 0.00  0.0    M 12.9 17  50   M    M   M        25  50
 6  54  48  51   M  14   0 1.08    M    M 11.0 16  60   M    M   M        26  50
 7  53  49  51   M  14   0 0.00  0.0    M  6.7 11 110   M    M   M        16 110
 8  70  50  60   M   5   0 0.00  0.0    M  7.9 16 290   M    M   M        36 300
 9  68  54  61   M   4   0 0.00  0.0    M  9.6 18 260   M    M   M        28 240
10  60  53  57   M   8   0 0.00  0.0    M  7.1 19  80   M    M   M        26  80
11  62  52  57   M   8   0 0.00  0.0    M  3.6  8 270   M    M   M        11 270
12  67  57  62   M   3   0 0.00  0.0    M  4.6  8 150   M    M   M        12 150
13  65  58  62   M   3   0 0.21  0.0    M  6.1 10 230   M    M   M        16 230
14  66  59  63   M   2   0 0.14  0.0    M  7.5 18 300   M    M   M        31 300
15  58  50  54   M  11   0 0.00  0.0    M 12.2 19 290   M    M   M        34 290
16  65  46  56   M   9   0 0.00  0.0    M 11.0 18 290   M    M   M        36 300
17  62  53  58   M   7   0 0.14  0.0    M  5.6 11 260   M    M   M        17 250
18  59  52  56   M   9   0 0.00  0.0    M  6.5 13  80   M    M   M        22  60
19  62  54  58   M   7   0 0.01  0.0    M  6.7 11 130   M    M   M        17 130
20  68  56  62   M   3   0 0.00  0.0    M  7.5 12 110   M    M   M        19 160
21  60  56  58   M   7   0 0.47  0.0    M 11.2 21  80   M    M   M        28  80
22  58  55  57   M   8   0 0.15  0.0    M  6.4 16  60   M    M   M        24  60
23  63  57  60   M   5   0 0.00  0.0    M  6.1 14  80   M    M   M        22  70
24  74  58  66   M   0   1 0.07  0.0    M  7.6 13 280   M    M   M        20 260
25  85  61  73   M   0   8 0.00  0.0    M  7.4 17 270   M    M   M        24 270
26  79  66  73   M   0   8 0.00  0.0    M  8.2 13 200   M    M   M        22 200
27  69  65  67   M   0   2 0.00  0.0    M 12.7 20 220   M    M   M        32 230
28  73  65  69   M   0   4 0.00  0.0    M 11.1 18 220   M    M   M        26 220
29  74  65  70   M   0   5 0.04  0.0    M  6.4 13 230   M    M   M        18 230
30  69  67  68   M   0   3 0.59  0.0    M  8.3 13 240   M    M   M        23 230
================================================================================
SM 1908 1652       196  31  5.26     0.0 245.7          M        M
================================================================================
AV 63.6 55.1                               8.2 FASTST   M    M   5    MAX(MPH)
                                 MISC ---->  # 21  80               # 36  300
================================================================================
NOTES:
# LAST OF SEVERAL OCCURRENCES

COLUMN 17 PEAK WIND IN M.P.H.

PRELIMINARY LOCAL CLIMATOLOGICAL DATA (WS FORM: F-6) , PAGE 2

                                          STATION:  Atlantic City Marina
                                          MONTH:    MAY
                                          YEAR:     2016
                                          LATITUDE:   39 16 N
                                          LONGITUDE:  74 20 W

[TEMPERATURE DATA]      [PRECIPITATION DATA]       SYMBOLS USED IN COLUMN 16

AVERAGE MONTHLY: 59.3   TOTAL FOR MONTH:   5.26    1 = FOG OR MIST
DPTR FM NORMAL:     M   DPTR FM NORMAL:       M    2 = FOG REDUCING VISIBILITY
HIGHEST:    85 ON 25    GRTST 24HR  1.08 ON  6- 6      TO 1/4 MILE OR LESS
LOWEST:     46 ON 16                               3 = THUNDER
                        SNOW, ICE PELLETS, HAIL    4 = ICE PELLETS
                        TOTAL MONTH:   0.0 INCH    5 = HAIL
                        GRTST 24HR     0.0         6 = FREEZING RAIN OR DRIZZLE
                        GRTST DEPTH:  M  ON   M    7 = DUSTSTORM OR SANDSTORM:
                                                       VSBY 1/2 MILE OR LESS
                                                   8 = SMOKE OR HAZE
[NO. OF DAYS WITH]      [WEATHER - DAYS WITH]      9 = BLOWING SNOW
                                                   X = TORNADO
MAX 32 OR BELOW:   0    0.01 INCH OR MORE:  14
MAX 90 OR ABOVE:   0    0.10 INCH OR MORE:  11
MIN 32 OR BELOW:   0    0.50 INCH OR MORE:   5
MIN  0 OR BELOW:   0    1.00 INCH OR MORE:   1

[HDD (BASE 65) ]
TOTAL THIS MO.   196    CLEAR  (SCALE 0-3)   0
DPTR FM NORMAL     M    PTCLDY (SCALE 4-7)   0
TOTAL FM JUL 1  3559    CLOUDY (SCALE 8-10)  0
DPTR FM NORMAL     M

[CDD (BASE 65) ]
TOTAL THIS MO.    31
DPTR FM NORMAL     M    [PRESSURE DATA]
TOTAL FM JAN 1    34    HIGHEST SLP M ON M
DPTR FM NORMAL     M    LOWEST  SLP 31.99 ON  6

[REMARKS]
