000
CXUS51 KPHI 171139
CF6AIY

PRELIMINARY LOCAL CLIMATOLOGICAL DATA (WS FORM: F-6)

                                          STATION:   ATLANTIC CITY MARINA
                                          MONTH:     JUNE
                                          YEAR:      2014
                                          LATITUDE:   39 16 N
                                          LONGITUDE:  74 20 W

  TEMPERATURE IN F:       :PCPN:    SNOW:  WIND      :SUNSHINE: SKY     :PK WND
================================================================================
1   2   3   4   5  6A  6B    7    8   9   10  11  12  13   14  15   16   17  18
                                     12Z  AVG MX 2MIN
DY MAX MIN AVG DEP HDD CDD  WTR  SNW DPTH SPD SPD DIR MIN PSBL S-S WX    SPD DR
================================================================================
1  66   53  60  -11  5  0    0.00  M   M   5.8 10  160  M   M    M  M     16  110
2  68   58  63   -9  2  0    0.00  M   M  10.2 16  220  M   M    M  M     25  240
3  75   63  69   -3  0  4    0.00  M   M   8.7 17  230  M   M    M  M     25  230
4  75   64  70    4  0  5    0.00  M   M   7.3 14   80  M   M    M  M     20   80
5  74   65  70    3  0  5    0.28  M   M   7.3 10  320# M   M    M  M     21  320
6  76   63  70    3  0  5    0.00  M   M   5.1  8  330# M   M    M  M     18  330
7  71   64  68    1  0  3    0.00  M   M   6.2 11  120# M   M    M  M     16  110
8  80   66  73    5  0  8    0.00  M   M   8.3 11  190  M   M    M  M     19  180
9  71   68  70    2  0  5    0.00  M   M   9.9 12  220# M   M    M  M     22  220
10 72   69  71    3  0  6    0.00  M   M   7.0 11  160  M   M    M  M     19  230
11 70   65  68   -1  0  3    0.00  M   M  10.6 18   80  M   M    M  M     25   80
12 70   65  68   -1  0  3    0.02  M   M   7.8 12  110  M   M    M  M     20  100
13 78   67  73    4  0  8    0.04  M   M   7.5 12  210  M   M    M  M     20  200
14 79   64  72    2  0  7    0.00  M   M   8.4 12  330  M   M    M  M     23  320
15 82   59  71    1  0  6    0.00  M   M   6.9 10  320# M   M    M  M     23  320
16 74   66  70    0  0  5    0.00  M   M   7.4 10  160  M   M    M  M     16  120
17 82   70  76    5  0 11    0.00  M   M  10.0 15  230  M   M    M  M     23  230
18 94   78  86   15  0 21    0.00  M   M   8.5 12  290  M   M    M  M     31  290
19 84   69  77    6  0 12    1.39  M   M   5.8 14   70  M   M    M  M     43  290
20 73   66  70   -2  0  5    0.01  M   M   6.2 11   90  M   M    M  M     17   90
21 72   68  70   -2  0  5    0.00  M   M   5.6 10  90#  M   M    M  M     15   90
22 71   68  70   -2  0  5    0.00  M   M   5.8 11   90  M   M    M  M     16   90
23 75   68  72    0  0  7    0.00  M   M   5.8 10  190  M   M    M  M     17  190
24 74   70  72   -1  0  7    0.00  M   M   9.9 13  190# M   M    M  M     22  190
25 77   73  75    2  0 10    0.00  M   M  10.8 13  210  M   M    M  M     24  180
26 84   72  78    5  0 13    0.18  M   M   5.4 11  240  M   M    M  M     22  280
27 77   69  73    0  0  8    0.00  M   M   9.7 14   80# M   M    M  M     23   80
28 74   65  70   -4  0  5    0.00  M   M   5.6 12  160  M   M    M  M     17  150
29 73   67  70   -4  0  5    0.00  M   M   6.5 15  150  M   M    M  M     15  150
30 76   72  74    0  0  9    0.00  M   M   8.6 13  180  M   M    M  M     21  180
================================================================================
SM 2267 1994         7  196  1.92  M   M   228.6
================================================================================
AV 75.6  66.5                       M FASTST   M    M   6    MAX(MPH)
                                 MISC ---->     M   M                  M    M
================================================================================
NOTES:
# LAST OF SEVERAL OCCURRENCES

COLUMN 17 PEAK WIND IN M.P.H.

PRELIMINARY LOCAL CLIMATOLOGICAL DATA (WS FORM: F-6) , PAGE 2

                                          STATION:  ATLANTIC CITY MARINA
                                          MONTH:    JUNE
                                          YEAR:     2014
                                          LATITUDE:   39 16 N
                                          LONGITUDE:  74 20 W

[TEMPERATURE DATA]      [PRECIPITATION DATA]       SYMBOLS USED IN COLUMN 16

AVERAGE MONTHLY:  71.1  TOTAL FOR MONTH:     1.92  1 = FOG OR MIST
DPTR FM NORMAL:    1.1  DPTR FM NORMAL:     -0.76  2 = FOG REDUCING VISIBILITY
HIGHEST:     94 ON 18TH GRTST 24HR   1.39  ON 19TH     TO 1/4 MILE OR LESS
LOWEST:      53 ON 1ST                             3 = THUNDER
                        SNOW, ICE PELLETS, HAIL    4 = ICE PELLETS
                        TOTAL MONTH:    M          5 = HAIL
                        GRTST 24HR    M  ON   M    6 = FREEZING RAIN OR DRIZZLE
                        GRTST DEPTH:  M  ON   M    7 = DUSTSTORM OR SANDSTORM:
                                                       VSBY 1/2 MILE OR LESS
                                                   8 = SMOKE OR HAZE
[NO. OF DAYS WITH]      [WEATHER - DAYS WITH]      9 = BLOWING SNOW
                                                   X = TORNADO
MAX 32 OR BELOW:   0    0.01 INCH OR MORE:   6
MAX 70 OR ABOVE:  28    0.10 INCH OR MORE:   3
MIN 32 OR BELOW:   0    0.50 INCH OR MORE:   1
MIN  0 OR BELOW:   0    1.00 INCH OR MORE:   1

[HDD (BASE 65) ]
TOTAL THIS MO.      7   CLEAR  (SCALE 0-3)   0
DPTR FM NORMAL    -14   PTCLDY (SCALE 4-7)   0
TOTAL FM JUL 1   4675   CLOUDY (SCALE 8-10)  0
DPTR FM NORMAL    219

[CDD (BASE 65) ]
TOTAL THIS MO.   196
DPTR FM NORMAL    25    [PRESSURE DATA]
TOTAL FM JAN 1   224    HIGHEST SLP M ON M
DPTR FM NORMAL    16    LOWEST  SLP M ON M

[REMARKS]
#LAST OF SEVERAL OCCURANCES
TRACES OF PRECIPITATION NOT RECORDED
