943
CXAK56 PAJK 281245
CF6AJN
PRELIMINARY LOCAL CLIMATOLOGICAL DATA (WS FORM: F-6)

                                          STATION:   JUNEAU
                                          MONTH:     AUGUST
                                          YEAR:      2016
                                          LATITUDE:   58 22 N
                                          LONGITUDE: 134 35 W

  TEMPERATURE IN F:       :PCPN:    SNOW:  WIND      :SUNSHINE: SKY     :PK WND
================================================================================
1   2   3   4   5  6A  6B    7    8   9   10  11  12  13   14  15   16   17  18
                                     12Z  AVG MX 2MIN
DY MAX MIN AVG DEP HDD CDD  WTR  SNW DPTH SPD SPD DIR MIN PSBL S-S WX    SPD DR
================================================================================

 1  67  53  60   2   5   0 0.00  0.0    0  2.4 12 230   M    M  10        14 230
 2  63  54  59   1   6   0    T  0.0    0  5.5 16 110   M    M  10 1      19 110
 3  63  51  57  -1   8   0 0.79  0.0    0  8.1 17 100   M    M   8 1      20 120
 4  68  50  59   1   6   0    T  0.0    0  3.9 12 230   M    M   7 1      19 260
 5  69  51  60   3   5   0 0.00  0.0    0  4.6 13 240   M    M   9        15 240
 6  70  53  62   5   3   0 0.00  0.0    0  4.0  9 230   M    M   9        12 320
 7  68  56  62   5   3   0    T  0.0    0  2.3  8 310   M    M  10        11 210
 8  59  55  57   0   8   0 0.62  0.0    0  9.1 20 110   M    M  10 1      25 110
 9  66  54  60   3   5   0 0.19  0.0    0  4.1 13 280   M    M  10 1      19 280
10  57  55  56  -1   9   0 0.77  0.0    0 12.1 21 120   M    M   9 1      28 120
11  62  56  59   2   6   0 0.25  0.0    0 10.4 18 130   M    M  10 1      23 120
12  64  57  61   4   4   0 0.13  0.0    0 11.5 18 110   M    M   9 1      21 100
13  61  56  59   2   6   0 0.67  0.0    0 15.6 24 120   M    M  10 1      31 120
14  59  57  58   2   7   0 0.23  0.0    0 17.0 29 120   M    M  10 1      36 110
15  62  55  59   3   6   0 0.56  0.0    0  6.9 14 100   M    M  10 1      17 110
16  62  54  58   2   7   0 0.06  0.0    0  8.3 15  90   M    M   9 1      18 100
17  66  51  59   3   6   0    T  0.0    0  3.0 12 250   M    M   9 1      13 260
18  59  53  56   0   9   0 0.35  0.0    0 10.9 24 120   M    M  10 1      29 120
19  64  53  59   3   6   0 0.02  0.0    0  2.2  8  80   M    M  10 1      10 120
20  65  47  56   1   9   0 0.00  0.0    0  2.7 10 240   M    M   8        15 330
21  69  46  58   3   7   0 0.00  0.0    0  4.0 14 330   M    M   7        21 350
22  63  53  58   3   7   0 0.04  0.0    0  6.9 17 120   M    M  10 1      22 130
23  63  54  59   4   6   0 0.40  0.0    0 11.7 20  90   M    M  10 1      26 110
24  65  55  60   5   5   0 0.22  0.0    0  5.2 13 100   M    M  10 1      15  90
25  63  54  59   5   6   0 0.21  0.0    0  3.4 14  80   M    M  10 1      17  90
26  69  51  60   6   5   0 0.21  0.0    0  7.4 20 250   M    M   7 1      24 250
27  76  46  61   7   4   0 0.00  0.0    0  4.5 18  60   M    M   5 1      26  70
================================================================================
SM 1742 1430       164   0  5.72     0.0 187.7          M      246
================================================================================
AV 64.5 53.0                               7.0 FASTST   M    M   9    MAX(MPH)
                                 MISC ---->  # 29 120               # 36  110
================================================================================
NOTES:
# LAST OF SEVERAL OCCURRENCES

COLUMN 17 PEAK WIND IN M.P.H.

PRELIMINARY LOCAL CLIMATOLOGICAL DATA (WS FORM: F-6) , PAGE 2

                                          STATION:  JUNEAU
                                          MONTH:    AUGUST
                                          YEAR:     2016
                                          LATITUDE:   58 22 N
                                          LONGITUDE: 134 35 W

[TEMPERATURE DATA]      [PRECIPITATION DATA]       SYMBOLS USED IN COLUMN 16

AVERAGE MONTHLY: 58.7   TOTAL FOR MONTH:   5.72    1 = FOG OR MIST
DPTR FM NORMAL:   2.5   DPTR FM NORMAL:    0.91    2 = FOG REDUCING VISIBILITY
HIGHEST:    76 ON 27    GRTST 24HR  0.79 ON  3- 3      TO 1/4 MILE OR LESS
LOWEST:     46 ON 27,21                            3 = THUNDER
                        SNOW, ICE PELLETS, HAIL    4 = ICE PELLETS
                        TOTAL MONTH:   0.0 INCH    5 = HAIL
                        GRTST 24HR     0.0         6 = FREEZING RAIN OR DRIZZLE
                        GRTST DEPTH:   0           7 = DUSTSTORM OR SANDSTORM:
                                                       VSBY 1/2 MILE OR LESS
                                                   8 = SMOKE OR HAZE
[NO. OF DAYS WITH]      [WEATHER - DAYS WITH]      9 = BLOWING SNOW
                                                   X = TORNADO
MAX 32 OR BELOW:   0    0.01 INCH OR MORE:  17
MAX 90 OR ABOVE:   0    0.10 INCH OR MORE:  14
MIN 32 OR BELOW:   0    0.50 INCH OR MORE:   5
MIN  0 OR BELOW:   0    1.00 INCH OR MORE:   0

[HDD (BASE 65) ]
TOTAL THIS MO.   164    CLEAR  (SCALE 0-3)   0
DPTR FM NORMAL   -75    PTCLDY (SCALE 4-7)   6
TOTAL FM JUL 1   326    CLOUDY (SCALE 8-10) 21
DPTR FM NORMAL  -164

[CDD (BASE 65) ]
TOTAL THIS MO.     0
DPTR FM NORMAL     0    [PRESSURE DATA]
TOTAL FM JAN 1     7    HIGHEST SLP M ON M
DPTR FM NORMAL     5    LOWEST  SLP 29.79 ON  8

[REMARKS]
