000
CXAK56 PAJK 011245
CF6AJN
PRELIMINARY LOCAL CLIMATOLOGICAL DATA (WS FORM: F-6)

                                          STATION:   JUNEAU
                                          MONTH:     JUNE
                                          YEAR:      2015
                                          LATITUDE:   58 22 N
                                          LONGITUDE: 134 35 W

  TEMPERATURE IN F:       :PCPN:    SNOW:  WIND      :SUNSHINE: SKY     :PK WND
================================================================================
1   2   3   4   5  6A  6B    7    8   9   10  11  12  13   14  15   16   17  18
                                     12Z  AVG MX 2MIN
DY MAX MIN AVG DEP HDD CDD  WTR  SNW DPTH SPD SPD DIR MIN PSBL S-S WX    SPD DR
================================================================================

 1  71  47  59   7   6   0 0.00  0.0    0  6.4 15 280   M    M   6        17 280
 2  70  51  61   8   4   0 0.02  0.0    0  8.3 17 130   M    M   8        21 140
 3  58  50  54   1  11   0 0.33  0.0    0 11.2 22 110   M    M  10 1      29 120
 4  54  50  52  -1  13   0 0.60  0.0    0 19.6 31 120   M    M  10 1      40 110
 5  54  50  52  -1  13   0 0.11  0.0    0 13.8 31 110   M    M  10 1      39 110
 6  53  49  51  -2  14   0 0.42  0.0    0  8.9 18 130   M    M  10 1      24 130
 7  57  48  53  -1  12   0 0.30  0.0    0  4.1 10 270   M    M  10 1      14 270
 8  56  47  52  -2  13   0 0.07  0.0    0  4.2 14 300   M    M   8 1      17 300
 9  59  43  51  -3  14   0    T  0.0    0  2.8  8  80   M    M   9        10 290
10  51  46  49  -5  16   0 0.53  0.0    0  8.0 17 110   M    M  10 1      21 110
11  56  46  51  -3  14   0 0.45  0.0    0  7.5 16  90   M    M   9 1      23  80
12  57  48  53  -1  12   0    T  0.0    0  4.1  8  70   M    M  10        13 310
13  62  43  53  -1  12   0    T  0.0    0  3.2 10 250   M    M   9 1      13 250
14  80  49  65  10   0   0 0.00  0.0    0  6.9 20  80   M    M   5        28  70
15  81  53  67  12   0   2 0.00  0.0    0  6.1 18  90   M    M   7        23  90
16  73  51  62   7   3   0 0.00  0.0    0  8.4 16 110   M    M   6        23 110
17  61  53  57   2   8   0 0.01  0.0    0  7.3 16 110   M    M  10 1      20 110
18  60  52  56   1   9   0 0.08  0.0    0  5.7 14  80   M    M  10 1      17 220
19  68  53  61   6   4   0    T  0.0    0  5.8 14 110   M    M   8        19  80
20  71  55  63   8   2   0 0.00  0.0    0  6.0 13 230   M    M  10        15 230
21  68  51  60   5   5   0 0.00  0.0    0   M  15 230   M    M   5         M  M
22  71  48  60   5   5   0 0.00  0.0    0  4.5 13 100   M    M   5        15 250
23  76  50  63   8   2   0 0.00  0.0    0  4.6 14  90   M    M   5        18  90
24  75  47  61   5   4   0    T  0.0    0  6.9 22 120   M    M   8        28 120
25  68  56  62   6   3   0 0.26  0.0    0  7.7 30 110   M    M  10 1      37 120
26  58  53  56   0   9   0 0.52  0.0    0 11.5 32 120   M    M  10 1      42 120
27  61  50  56   0   9   0 0.04  0.0    0  3.1 14 110   M    M  10 12     18 130
28  68  52  60   4   5   0 0.09  0.0    0  4.0 13 130   M    M  10 1      19 110
29  64  53  59   3   6   0 0.83  0.0    0  2.3 12 310   M    M  10 1      14 320
30  66  51  59   3   6   0 0.00  0.0    0  5.6 14 280   M    M   9        16 280
================================================================================
SM 1927 1495       234   2  4.66     0.0 198.5          M      257
================================================================================
AV 64.2 49.8                               6.8 FASTST   M    M   9    MAX(MPH)
                                 MISC ---->  # 32 120               # 42  120
================================================================================
NOTES:
# LAST OF SEVERAL OCCURRENCES

COLUMN 17 PEAK WIND IN M.P.H.

PRELIMINARY LOCAL CLIMATOLOGICAL DATA (WS FORM: F-6) , PAGE 2

                                          STATION:  JUNEAU
                                          MONTH:    JUNE
                                          YEAR:     2015
                                          LATITUDE:   58 22 N
                                          LONGITUDE: 134 35 W

[TEMPERATURE DATA]      [PRECIPITATION DATA]       SYMBOLS USED IN COLUMN 16

AVERAGE MONTHLY: 57.0   TOTAL FOR MONTH:   4.66    1 = FOG OR MIST
DPTR FM NORMAL:   2.4   DPTR FM NORMAL:    1.42    2 = FOG REDUCING VISIBILITY
HIGHEST:    81 ON 15    GRTST 24HR  0.90 ON 28-29      TO 1/4 MILE OR LESS
LOWEST:     43 ON 13, 9                            3 = THUNDER
                        SNOW, ICE PELLETS, HAIL    4 = ICE PELLETS
                        TOTAL MONTH:   0.0 INCH    5 = HAIL
                        GRTST 24HR     0.0         6 = FREEZING RAIN OR DRIZZLE
                        GRTST DEPTH:   0           7 = DUSTSTORM OR SANDSTORM:
                                                       VSBY 1/2 MILE OR LESS
                                                   8 = SMOKE OR HAZE
[NO. OF DAYS WITH]      [WEATHER - DAYS WITH]      9 = BLOWING SNOW
                                                   X = TORNADO
MAX 32 OR BELOW:   0    0.01 INCH OR MORE:  16
MAX 90 OR ABOVE:   0    0.10 INCH OR MORE:  10
MIN 32 OR BELOW:   0    0.50 INCH OR MORE:   4
MIN  0 OR BELOW:   0    1.00 INCH OR MORE:   0

[HDD (BASE 65) ]
TOTAL THIS MO.   234    CLEAR  (SCALE 0-3)   0
DPTR FM NORMAL   -81    PTCLDY (SCALE 4-7)  11
TOTAL FM JUL 1  7331    CLOUDY (SCALE 8-10) 19
DPTR FM NORMAL -1020

[CDD (BASE 65) ]
TOTAL THIS MO.     2
DPTR FM NORMAL     1    [PRESSURE DATA]
TOTAL FM JAN 1     2    HIGHEST SLP 30.32 ON 13
DPTR FM NORMAL     1    LOWEST  SLP 29.75 ON  5

[REMARKS]
#FINAL-06-15#
