444
CXAK56 PAFC 231320
CF6AKN
PRELIMINARY LOCAL CLIMATOLOGICAL DATA (WS FORM: F-6)

                                          STATION:   KING SALMON
                                          MONTH:     JUNE
                                          YEAR:      2017
                                          LATITUDE:   58 41 N
                                          LONGITUDE: 156 39 W

  TEMPERATURE IN F:       :PCPN:    SNOW:  WIND      :SUNSHINE: SKY     :PK WND
================================================================================
1   2   3   4   5  6A  6B    7    8   9   10  11  12  13   14  15   16   17  18
                                     12Z  AVG MX 2MIN
DY MAX MIN AVG DEP HDD CDD  WTR  SNW DPTH SPD SPD DIR MIN PSBL S-S WX    SPD DR
================================================================================

 1  76  36  56   8   9   0 0.00  0.0    0  4.7 17 180   M    M   5        26 110
 2  68  41  55   7  10   0 0.00  0.0    0 11.4 17 230   M    M   3 1      23 230
 3  73  40  57   8   8   0 0.01    M    0  6.6 13 180   M    M   6 1       M  M
 4  70  37  54   5  11   0 0.00  0.0    0  9.4 16  90   M    M   3 1      30  90
 5  65  40  53   4  12   0 0.03  0.0    0  6.0 18 110   M    M   8        26  90
 6  61  41  51   2  14   0    T  0.0    0 10.1 21  50   M    M   7        28  50
 7  66  48  57   7   8   0 0.01  0.0    0 13.3 25 100   M    M   4        35 100
 8  67  44  56   6   9   0 0.00  0.0    0  4.8 12 360   M    M   9         M  M
 9  66  45  56   6   9   0    T  0.0    0  5.9 10 200   M    M   9 1       M  M
10  59  47  53   3  12   0    T  0.0    0  5.9 12 110   M    M   9         M  M
11  57  44  51   1  14   0 0.21  0.0    0  6.7 16 140   M    M  10 1      23 130
12  64  44  54   3  11   0 0.08  0.0    0  5.7 12  30   M    M   9        17  10
13  57  44  51   0  14   0 0.46  0.0    0  7.0 10 220   M    M  10 1      22 220
14  50  46  48  -3  17   0 1.03  0.0    0  5.5 10 170   M    M  10 1       M  M
15  64  37  51   0  14   0    T  0.0    0  5.3 13 280   M    M   7 12      M  M
16  61  39  50  -2  15   0 0.00  0.0    0  7.5 15 250   M    M   7 12     19 250
17  65  36  51  -1  14   0    T  0.0    0  5.8 14 200   M    M   7 12     18 240
18  65  45  55   3  10   0 0.02  0.0    0  4.9  9 100   M    M   7         M  M
19  69  34  52   0  13   0    T  0.0    0  9.4 17 310   M    M   5        29 330
20  68  49  59   7   6   0    T  0.0    0 11.3 22 260   M    M   7        26 270
21  64  46  55   2  10   0 0.00  0.0    0  9.2 15 190   M    M   7        18 200
22  61  44  53   0  12   0    T  0.0    0  7.8 13 190   M    M  10         M  M
================================================================================
SM 1416  927       252   0  1.85     0.0 164.2          M      159
================================================================================
AV 64.4 42.1                               7.5 FASTST   M    M   7    MAX(MPH)
                                 MISC ---->  # 25 100               # 35  100
================================================================================
NOTES:
# LAST OF SEVERAL OCCURRENCES

COLUMN 17 PEAK WIND IN M.P.H.

PRELIMINARY LOCAL CLIMATOLOGICAL DATA (WS FORM: F-6) , PAGE 2

                                          STATION:  KING SALMON
                                          MONTH:    JUNE
                                          YEAR:     2017
                                          LATITUDE:   58 41 N
                                          LONGITUDE: 156 39 W

[TEMPERATURE DATA]      [PRECIPITATION DATA]       SYMBOLS USED IN COLUMN 16

AVERAGE MONTHLY: 53.3   TOTAL FOR MONTH:   1.85    1 = FOG OR MIST
DPTR FM NORMAL:   2.7   DPTR FM NORMAL:    0.67    2 = FOG REDUCING VISIBILITY
HIGHEST:    76 ON  1    GRTST 24HR  1.03 ON 14-14      TO 1/4 MILE OR LESS
LOWEST:     34 ON 19                               3 = THUNDER
                        SNOW, ICE PELLETS, HAIL    4 = ICE PELLETS
                        TOTAL MONTH:   0.0 INCH    5 = HAIL
                        GRTST 24HR     0.0         6 = FREEZING RAIN OR DRIZZLE
                        GRTST DEPTH:   0           7 = DUSTSTORM OR SANDSTORM:
                                                       VSBY 1/2 MILE OR LESS
                                                   8 = SMOKE OR HAZE
[NO. OF DAYS WITH]      [WEATHER - DAYS WITH]      9 = BLOWING SNOW
                                                   X = TORNADO
MAX 32 OR BELOW:   0    0.01 INCH OR MORE:   8
MAX 90 OR ABOVE:   0    0.10 INCH OR MORE:   3
MIN 32 OR BELOW:   0    0.50 INCH OR MORE:   1
MIN  0 OR BELOW:   0    1.00 INCH OR MORE:   1

[HDD (BASE 65) ]
TOTAL THIS MO.   252    CLEAR  (SCALE 0-3)   2
DPTR FM NORMAL   -64    PTCLDY (SCALE 4-7)  11
TOTAL FM JUL 1 10393    CLOUDY (SCALE 8-10)  9
DPTR FM NORMAL  -394

[CDD (BASE 65) ]
TOTAL THIS MO.     0
DPTR FM NORMAL     0    [PRESSURE DATA]
TOTAL FM JAN 1     0    HIGHEST SLP M ON M
DPTR FM NORMAL     0    LOWEST  SLP 29.50 ON  1

[REMARKS]
