000
CXUS55 KBOU 240801
CF6AKO
PRELIMINARY LOCAL CLIMATOLOGICAL DATA (WS FORM: F-6)

                                          STATION:   AKRON CO
                                          MONTH:     SEPTEMBER
                                          YEAR:      2017
                                          LATITUDE:   40 10 N
                                          LONGITUDE: 103 13 W

  TEMPERATURE IN F:       :PCPN:    SNOW:  WIND      :SUNSHINE: SKY     :PK WND
================================================================================
1   2   3   4   5  6A  6B    7    8   9   10  11  12  13   14  15   16   17  18
                                     12Z  AVG MX 2MIN
DY MAX MIN AVG DEP HDD CDD  WTR  SNW DPTH SPD SPD DIR MIN PSBL S-S WX    SPD DR
================================================================================

 1  87  60  74   5   0   9 0.00    M    M 11.1 22  20   M    M   2        28  10
 2  90  55  73   4   0   8 0.00    M    M  8.4 16 140   M    M   0 8      20 130
 3  99  57  78  10   0  13 0.00    M    M 11.2 20  40   M    M   1 8      23  30
 4  83  54  69   1   0   4 0.00    M    M  9.9 22  70   M    M   6 8      28  70
 5  71  49  60  -8   5   0 0.00    M    M  4.2 13 350   M    M   6        18  30
 6  80  43  62  -5   3   0 0.00    M    M  8.6 17 100   M    M   0        21  90
 7  86  53  70   3   0   5 0.00    M    M  9.8 21 130   M    M   0        25 130
 8  88  55  72   6   0   7 0.00    M    M  8.6 18 170   M    M   0        23 160
 9  93  58  76  10   0  11 0.00    M    M  8.2 18 350   M    M   1 3      25  10
10  94  61  78  12   0  13 0.10    M    M  8.6 22 140   M    M   2 3      29 150
11  90  60  75  10   0  10 0.06    M    M  8.2 24 230   M    M   2 3      31 230
12  90  61  76  11   0  11 0.00    M    M  8.5 14 190   M    M   0        19 190
13  94  60  77  13   0  12 0.00    M    M 11.0 30 330   M    M   0        37 320
14  91  58  75  11   0  10    T    M    M  9.8 25 280   M    M   1 3      33 290
15  85  53  69   6   0   4 0.00    M    M 12.0 33 360   M    M   1 8      40 360
16  68  47  58  -5   7   0    T    M    M 10.7 37 350   M    M   8        48 350
17  74  49  62   0   3   0    T    M    M 15.0 28 150   M    M   5 3      36 150
18  82  50  66   4   0   1 0.00    M    M 10.1 21 160   M    M   2 12     26 160
19  89  47  68   6   0   3 0.00    M    M 17.3 45 360   M    M   0        56 350
20  76  39  58  -3   7   0 0.00    M    M 11.9 29 140   M    M   0        36 140
21  93  42  68   8   0   3 0.00    M    M 11.9 23 170   M    M   0        31 210
22  86  48  67   7   0   2 0.00    M    M 13.5 28 160   M    M   0        37 170
23  52  43  48 -12  17   0 0.98    M    M 12.0 25 360   M    M   8 123    31 360
================================================================================
SM 1941 1202        42 126  1.14    M    240.5          M       45
================================================================================
AV 84.4 52.3                              10.5 FASTST   M    M   2    MAX(MPH)
                                 MISC ---->  # 45 360               # 56  350
================================================================================
NOTES:
# LAST OF SEVERAL OCCURRENCES

COLUMN 17 PEAK WIND IN M.P.H.

PRELIMINARY LOCAL CLIMATOLOGICAL DATA (WS FORM: F-6) , PAGE 2

                                          STATION:  AKRON CO
                                          MONTH:    SEPTEMBER
                                          YEAR:     2017
                                          LATITUDE:   40 10 N
                                          LONGITUDE: 103 13 W

[TEMPERATURE DATA]      [PRECIPITATION DATA]       SYMBOLS USED IN COLUMN 16

AVERAGE MONTHLY: 68.3   TOTAL FOR MONTH:   1.14    1 = FOG OR MIST
DPTR FM NORMAL:   3.8   DPTR FM NORMAL:    0.24    2 = FOG REDUCING VISIBILITY
HIGHEST:    99 ON  3    GRTST 24HR  0.98 ON 23-23      TO 1/4 MILE OR LESS
LOWEST:     39 ON 20                               3 = THUNDER
                        SNOW, ICE PELLETS, HAIL    4 = ICE PELLETS
                        TOTAL MONTH:    M          5 = HAIL
                        GRTST 24HR    M  ON   M    6 = FREEZING RAIN OR DRIZZLE
                        GRTST DEPTH:  M  ON   M    7 = DUSTSTORM OR SANDSTORM:
                                                       VSBY 1/2 MILE OR LESS
                                                   8 = SMOKE OR HAZE
[NO. OF DAYS WITH]      [WEATHER - DAYS WITH]      9 = BLOWING SNOW
                                                   X = TORNADO
MAX 32 OR BELOW:   0    0.01 INCH OR MORE:   3
MAX 90 OR ABOVE:   9    0.10 INCH OR MORE:   2
MIN 32 OR BELOW:   0    0.50 INCH OR MORE:   1
MIN  0 OR BELOW:   0    1.00 INCH OR MORE:   0

[HDD (BASE 65) ]
TOTAL THIS MO.    42    CLEAR  (SCALE 0-3)  18
DPTR FM NORMAL   -39    PTCLDY (SCALE 4-7)   4
TOTAL FM JUL 1    51    CLOUDY (SCALE 8-10)  1
DPTR FM NORMAL   -50

[CDD (BASE 65) ]
TOTAL THIS MO.   126
DPTR FM NORMAL    54    [PRESSURE DATA]
TOTAL FM JAN 1   875    HIGHEST SLP M ON M
DPTR FM NORMAL   129    LOWEST  SLP 29.32 ON 19

[REMARKS]
