000
CXUS54 KEPZ 241200
CF6ALM
PRELIMINARY LOCAL CLIMATOLOGICAL DATA (WS FORM: F-6)

                                          STATION:   ALAMOGORDO
                                          MONTH:     JANUARY
                                          YEAR:      2017
                                          LATITUDE:   32 49 N
                                          LONGITUDE: 106  0 W

  TEMPERATURE IN F:       :PCPN:    SNOW:  WIND      :SUNSHINE: SKY     :PK WND
================================================================================
1   2   3   4   5  6A  6B    7    8   9   10  11  12  13   14  15   16   17  18
                                     12Z  AVG MX 2MIN
DY MAX MIN AVG DEP HDD CDD  WTR  SNW DPTH SPD SPD DIR MIN PSBL S-S WX    SPD DR
================================================================================

 1  55  37  46   M  19   0 0.27    M    0  7.9 23 310   M    M   5        31 310
 2  50  32  41   M  24   0 0.00  0.0    0  5.9 13 170   M    M   2        21 170
 3  57  36  47   M  18   0 0.00  0.0    0  4.8  8 190   M    M   1         M  M
 4  61  39  50   M  15   0 0.00  0.0    0  7.4 13 150   M    M   1        17 150
 5  61  39  50   M  15   0 0.00  0.0    0  9.5 14 160   M    M   0        21 180
 6  52  27  40   M  25   0    T  0.0    0 11.2 21 160   M    M   4        28 160
 7  45  19  32   M  33   0 0.00  0.0    0  4.5 10 360   M    M   0         M  M
 8  55  25  40   M  25   0 0.00  0.0    0  3.4  8 180   M    M   0         M  M
 9  66  32  49   M  16   0 0.00  0.0    0  6.6 16 170   M    M   0         M  M
10  68  46  57   M   8   0 0.00  0.0    0  6.0 14 160   M    M   0        18 160
11  68  41  55   M  10   0 0.00  0.0    0  9.6 15 160   M    M   0        20 160
12  66  41  54   M  11   0 0.00  0.0    0  6.3 12 180   M    M   0        16 200
13  66  37  52   M  13   0 0.00  0.0    0  3.6 15 260   M    M   0         M  M
14  63  45  54   M  11   0 0.49    M    0  6.7 13 350   M    M   5 3      31 310
15  52  41  47   M  18   0 0.69    M    0  7.3 18 180   M    M   9 13     25 180
16  54  37  46   M  19   0 0.00  0.0    0  7.7 14 170   M    M   0         M  M
17  50  32  41   M  24   0 0.26    M    0  5.2 12 200   M    M   6 3       M  M
18  52  36  44   M  21   0 0.00  0.0    0  5.1  8 200   M    M   6 12      M  M
19  55  36  46   M  19   0 0.00  0.0    0  5.5 13 240   M    M   2        18 240
20  54  43  49   M  16   0 0.01    M    0 10.2 15 160   M    M   7        16 170
21  50  37  44   M  21   0 0.06    M    0 18.1 35 270   M    M   4        46 270
22  50  34  42   M  23   0 0.00  0.0    0  8.8 17  10   M    M   0        22  20
23  63  34  49   M  16   0 0.00  0.0    0 13.7 22 170   M    M   0        30 170
================================================================================
SM 1313  826       420   0  1.78     0.0 175.0          M       52
================================================================================
AV 57.1 35.9                               7.6 FASTST   M    M   2    MAX(MPH)
                                 MISC ---->  # 35 270               # 46  270
================================================================================
NOTES:
# LAST OF SEVERAL OCCURRENCES

COLUMN 17 PEAK WIND IN M.P.H.

PRELIMINARY LOCAL CLIMATOLOGICAL DATA (WS FORM: F-6) , PAGE 2

                                          STATION:  ALAMOGORDO
                                          MONTH:    JANUARY
                                          YEAR:     2017
                                          LATITUDE:   32 49 N
                                          LONGITUDE: 106  0 W

[TEMPERATURE DATA]      [PRECIPITATION DATA]       SYMBOLS USED IN COLUMN 16

AVERAGE MONTHLY: 46.5   TOTAL FOR MONTH:   1.78    1 = FOG OR MIST
DPTR FM NORMAL:     M   DPTR FM NORMAL:       M    2 = FOG REDUCING VISIBILITY
HIGHEST:    68 ON 11,10 GRTST 24HR  0.69 ON 15-15      TO 1/4 MILE OR LESS
LOWEST:     19 ON  7                               3 = THUNDER
                        SNOW, ICE PELLETS, HAIL    4 = ICE PELLETS
                        TOTAL MONTH:   0.0 INCH    5 = HAIL
                        GRTST 24HR     0.0         6 = FREEZING RAIN OR DRIZZLE
                        GRTST DEPTH:   0           7 = DUSTSTORM OR SANDSTORM:
                                                       VSBY 1/2 MILE OR LESS
                                                   8 = SMOKE OR HAZE
[NO. OF DAYS WITH]      [WEATHER - DAYS WITH]      9 = BLOWING SNOW
                                                   X = TORNADO
MAX 32 OR BELOW:   0    0.01 INCH OR MORE:   6
MAX 90 OR ABOVE:   0    0.10 INCH OR MORE:   4
MIN 32 OR BELOW:   6    0.50 INCH OR MORE:   1
MIN  0 OR BELOW:   0    1.00 INCH OR MORE:   0

[HDD (BASE 65) ]
TOTAL THIS MO.   420    CLEAR  (SCALE 0-3)  15
DPTR FM NORMAL     M    PTCLDY (SCALE 4-7)   7
TOTAL FM JUL 1   996    CLOUDY (SCALE 8-10)  1
DPTR FM NORMAL     M

[CDD (BASE 65) ]
TOTAL THIS MO.     0
DPTR FM NORMAL     M    [PRESSURE DATA]
TOTAL FM JAN 1     0    HIGHEST SLP M ON M
DPTR FM NORMAL     M    LOWEST  SLP M ON M

[REMARKS]
