000
CXUS55 KPUB 011059
CF6ALS
PRELIMINARY LOCAL CLIMATOLOGICAL DATA (WS FORM: F-6)

                                          STATION:   ALAMOSA CO
                                          MONTH:     JUNE
                                          YEAR:      2015
                                          LATITUDE:   37 27 N
                                          LONGITUDE: 105 52 W

  TEMPERATURE IN F:       :PCPN:    SNOW:  WIND      :SUNSHINE: SKY     :PK WND
================================================================================
1   2   3   4   5  6A  6B    7    8   9   10  11  12  13   14  15   16   17  18
                                     12Z  AVG MX 2MIN
DY MAX MIN AVG DEP HDD CDD  WTR  SNW DPTH SPD SPD DIR MIN PSBL S-S WX    SPD DR
================================================================================

 1  80  39  60   4   5   0    T  0.0    0  7.2 28 330   M    M   1        37 350
 2  82  42  62   6   3   0 0.00  0.0    0  9.9 23 270   M    M   0        29 260
 3  81  34  58   2   7   0 0.00  0.0    0  8.1 24 200   M    M   0        31 200
 4  80  41  61   5   4   0 0.00  0.0    0  9.8 24 190   M    M   0        33 200
 5  76  40  58   1   7   0    T  0.0    0 11.9 31 240   M    M   6        36 250
 6  78  43  61   4   4   0 0.05  0.0    0  8.8 47 250   M    M   2 38     62 240
 7  76  38  57   0   8   0    T  0.0    0  7.9 40 260   M    M   3 1      55 260
 8  79  35  57  -1   8   0 0.00  0.0    0  6.1 15 170   M    M   0        18 180
 9  84  42  63   5   2   0 0.00  0.0    0  8.2 23 160   M    M   0        28 170
10  77  54  66   8   0   1 0.04  0.0    0 11.5 29 250   M    M   4 1      36 260
11  80  48  64   6   1   0    T  0.0    0  9.0 25 210   M    M   4        31 210
12  74  45  60   1   5   0    T  0.0    0  5.4 24 360   M    M   5        32  10
13  74  47  61   2   4   0 0.52  0.0    0  6.2 29 200   M    M   6 13     36 200
14  74  41  58  -1   7   0 0.10  0.0    0  5.2 21  90   M    M   2 123    26  90
15  79  41  60   0   5   0 0.00  0.0    0  5.1 21 130   M    M   1        27 130
16  76  48  62   2   3   0 0.43  0.0    0  5.9 16 350   M    M   1 3      21 350
17  79  47  63   3   2   0 0.00  0.0    0  5.8 18 270   M    M   1        23 270
18  83  44  64   4   1   0 0.00  0.0    0  7.9 32 250   M    M   0        40 250
19  85  45  65   4   0   0 0.00  0.0    0  6.7 20 190   M    M   1        23 160
20  87  48  68   7   0   3 0.00  0.0    0  5.7 18 250   M    M   0        24 250
21  92  46  69   8   0   4 0.00  0.0    0  7.2 23 230   M    M   0        29 240
22  92  45  69   8   0   4 0.00  0.0    0  8.0 23 110   M    M   0        31 110
23  88  46  67   5   0   2    T  0.0    0  9.0 33 240   M    M   0 3      45 240
24  84  46  65   3   0   0 0.00  0.0    0  6.6 18 200   M    M   1        24 180
25  85  45  65   3   0   0 0.00  0.0    0  6.9 29 350   M    M   0        37 320
26  89  45  67   5   0   2 0.00  0.0    0  9.8 29 110   M    M   1        39 110
27  82  53  68   5   0   3 0.02  0.0    0  7.4 23 210   M    M   1 3      29 210
28  83  48  66   3   0   1 0.01  0.0    0  6.2 25 110   M    M   1 3      33 110
29  85  47  66   3   0   1 0.00  0.0    0  6.4 20  90   M    M   2        24 100
30  87  49  68   5   0   3 0.02  0.0    0  5.3 22 340   M    M   0 3      29 330
================================================================================
SM 2451 1332        76  24  1.19     0.0 225.1          M       43
================================================================================
AV 81.7 44.4                               7.5 FASTST   M    M   1    MAX(MPH)
                                 MISC ---->  # 47 250               # 62  240
================================================================================
NOTES:
# LAST OF SEVERAL OCCURRENCES

COLUMN 17 PEAK WIND IN M.P.H.

PRELIMINARY LOCAL CLIMATOLOGICAL DATA (WS FORM: F-6) , PAGE 2

                                          STATION:  ALAMOSA CO
                                          MONTH:    JUNE
                                          YEAR:     2015
                                          LATITUDE:   37 27 N
                                          LONGITUDE: 105 52 W

[TEMPERATURE DATA]      [PRECIPITATION DATA]       SYMBOLS USED IN COLUMN 16

AVERAGE MONTHLY: 63.0   TOTAL FOR MONTH:   1.19    1 = FOG OR MIST
DPTR FM NORMAL:   3.5   DPTR FM NORMAL:    0.70    2 = FOG REDUCING VISIBILITY
HIGHEST:    92 ON 22,21 GRTST 24HR  0.62 ON 13-14      TO 1/4 MILE OR LESS
LOWEST:     34 ON  3                               3 = THUNDER
                        SNOW, ICE PELLETS, HAIL    4 = ICE PELLETS
                        TOTAL MONTH:   0.0 INCH    5 = HAIL
                        GRTST 24HR     0.0         6 = FREEZING RAIN OR DRIZZLE
                        GRTST DEPTH:   0           7 = DUSTSTORM OR SANDSTORM:
                                                       VSBY 1/2 MILE OR LESS
                                                   8 = SMOKE OR HAZE
[NO. OF DAYS WITH]      [WEATHER - DAYS WITH]      9 = BLOWING SNOW
                                                   X = TORNADO
MAX 32 OR BELOW:   0    0.01 INCH OR MORE:   8
MAX 90 OR ABOVE:   2    0.10 INCH OR MORE:   3
MIN 32 OR BELOW:   0    0.50 INCH OR MORE:   1
MIN  0 OR BELOW:   0    1.00 INCH OR MORE:   0

[HDD (BASE 65) ]
TOTAL THIS MO.    76    CLEAR  (SCALE 0-3)  24
DPTR FM NORMAL   -92    PTCLDY (SCALE 4-7)   6
TOTAL FM JUL 1  7457    CLOUDY (SCALE 8-10)  0
DPTR FM NORMAL -1137

[CDD (BASE 65) ]
TOTAL THIS MO.    24
DPTR FM NORMAL    18    [PRESSURE DATA]
TOTAL FM JAN 1    24    HIGHEST SLP 30.21 ON 28
DPTR FM NORMAL    18    LOWEST  SLP 29.65 ON 11

[REMARKS]
#FINAL-06-15#
