000
CXUS56 KPDT 250532
CF6ALW
PRELIMINARY LOCAL CLIMATOLOGICAL DATA (WS FORM: F-6)

                                          STATION:   WALLA WALLA WA
                                          MONTH:     FEBRUARY
                                          YEAR:      2018
                                          LATITUDE:   46  5 N
                                          LONGITUDE: 118 17 W

  TEMPERATURE IN F:       :PCPN:    SNOW:  WIND      :SUNSHINE: SKY     :PK WND
================================================================================
1   2   3   4   5  6A  6B    7    8   9   10  11  12  13   14  15   16   17  18
                                     12Z  AVG MX 2MIN
DY MAX MIN AVG DEP HDD CDD  WTR  SNW DPTH SPD SPD DIR MIN PSBL S-S WX    SPD DR
================================================================================

 1  51  35  43   6  22   0 0.32  0.0    0  4.6 14 230   M    M   6 1      18 240
 2  60  44  52  14  13   0 0.20  0.0    0 11.8 22 210   M    M   6 1      31 190
 3  57  52  55  17  10   0 0.11  0.0    0 14.3 25 230   M    M   7        34 220
 4  59  51  55  17  10   0 0.17  0.0    0 14.8 24 230   M    M   7        30 220
 5  57  47  52  14  13   0    T  0.0    0 11.8 18 190   M    M   8        23 220
 6  56  45  51  13  14   0 0.00  0.0    0 10.9 17 210   M    M   6        22 220
 7  59  45  52  14  13   0 0.00  0.0    0 10.0 21 200   M    M   3        24 200
 8  62  48  55  17  10   0 0.00  0.0    0 13.8 26 240   M    M   1        33 230
 9  49  38  44   6  21   0 0.00  0.0    0  5.2 10 330   M    M  10        13 200
10  43  29  36  -2  29   0 0.00  0.0    0  7.5 13 210   M    M   2        16 220
11  43  31  37  -1  28   0 0.00  0.0    0  6.2 13 190   M    M   4        14 190
12  36  24  30  -8  35   0 0.00  0.0    0  7.5 14 220   M    M   4        18 210
13  46  23  35  -4  30   0 0.00  0.0    0  4.3  9  80   M    M   0        13 220
14  41  33  37  -2  28   0 0.32    M    0  7.9 16 190   M    M  10 1      19 180
15  48  34  41   2  24   0    T    T    0 10.0 18 210   M    M   6        23 200
16  51  37  44   5  21   0 0.10  0.0    0 15.9 32 230   M    M  10 1      39 230
17  53  42  48   9  17   0 0.23  0.0    0 18.1 38 250   M    M   9        47 260
18  43  25  34  -5  31   0    T  0.0    0 13.5 25 240   M    M   7        32 230
19  27  19  23 -17  42   0 0.00  0.0    0  6.7 16 190   M    M   5        20 180
20  35  20  28 -12  37   0 0.00  0.0    0  6.0 13 210   M    M   9        16 230
21  31  19  25 -15  40   0 0.00  0.0    0  5.8 14 180   M    M   6        15 190
22  30  23  27 -13  38   0 0.01  0.5    T  5.8 12 180   M    M  10 1      14 190
23  38  19  29 -11  36   0    T    T    T 13.4 24 240   M    M   6 1      29 250
================================================================================
SM 1075  783       562   0  1.46     0.5 225.8          M      142
================================================================================
AV 46.7 34.0                               9.8 FASTST   M    M   6    MAX(MPH)
                                 MISC ---->  # 38 250               # 47  260
================================================================================
NOTES:
# LAST OF SEVERAL OCCURRENCES

COLUMN 17 PEAK WIND IN M.P.H.

PRELIMINARY LOCAL CLIMATOLOGICAL DATA (WS FORM: F-6) , PAGE 2

                                          STATION:  WALLA WALLA WA
                                          MONTH:    FEBRUARY
                                          YEAR:     2018
                                          LATITUDE:   46  5 N
                                          LONGITUDE: 118 17 W

[TEMPERATURE DATA]      [PRECIPITATION DATA]       SYMBOLS USED IN COLUMN 16

AVERAGE MONTHLY: 40.4   TOTAL FOR MONTH:   1.46    1 = FOG OR MIST
DPTR FM NORMAL:   1.7   DPTR FM NORMAL:    0.04    2 = FOG REDUCING VISIBILITY
HIGHEST:    62 ON  8    GRTST 24HR  0.32 ON 14-14      TO 1/4 MILE OR LESS
LOWEST:     19 ON 23,21                            3 = THUNDER
                        SNOW, ICE PELLETS, HAIL    4 = ICE PELLETS
                        TOTAL MONTH:   0.5 INCH    5 = HAIL
                        GRTST 24HR   0.5 ON 22-22  6 = FREEZING RAIN OR DRIZZLE
                        GRTST DEPTH:   0           7 = DUSTSTORM OR SANDSTORM:
                                                       VSBY 1/2 MILE OR LESS
                                                   8 = SMOKE OR HAZE
[NO. OF DAYS WITH]      [WEATHER - DAYS WITH]      9 = BLOWING SNOW
                                                   X = TORNADO
MAX 32 OR BELOW:   3    0.01 INCH OR MORE:   8
MAX 90 OR ABOVE:   0    0.10 INCH OR MORE:   7
MIN 32 OR BELOW:  10    0.50 INCH OR MORE:   0
MIN  0 OR BELOW:   0    1.00 INCH OR MORE:   0

[HDD (BASE 65) ]
TOTAL THIS MO.   562    CLEAR  (SCALE 0-3)   4
DPTR FM NORMAL   -45    PTCLDY (SCALE 4-7)  13
TOTAL FM JUL 1  3330    CLOUDY (SCALE 8-10)  6
DPTR FM NORMAL  -329

[CDD (BASE 65) ]
TOTAL THIS MO.     0
DPTR FM NORMAL     0    [PRESSURE DATA]
TOTAL FM JAN 1     0    HIGHEST SLP M ON M
DPTR FM NORMAL     0    LOWEST  SLP 29.49 ON 17

[REMARKS]
