000
CXUS56 KPDT 281032
CF6ALW
PRELIMINARY LOCAL CLIMATOLOGICAL DATA (WS FORM: F-6)

                                          STATION:   WALLA WALLA WA
                                          MONTH:     DECEMBER
                                          YEAR:      2014
                                          LATITUDE:   46  5 N
                                          LONGITUDE: 118 17 W

  TEMPERATURE IN F:       :PCPN:    SNOW:  WIND      :SUNSHINE: SKY     :PK WND
================================================================================
1   2   3   4   5  6A  6B    7    8   9   10  11  12  13   14  15   16   17  18
                                     12Z  AVG MX 2MIN
DY MAX MIN AVG DEP HDD CDD  WTR  SNW DPTH SPD SPD DIR MIN PSBL S-S WX    SPD DR
================================================================================

 1  26  11  19 -17  46   0    T    T    M  1.9  7 220   M    M   9 8       9 180
 2  27  22  25 -11  40   0 0.00  0.0    0  3.7 10 190   M    M  10 128    10 190
 3  29  24  27  -9  38   0 0.01    M    0  3.5  9 190   M    M  10 1268   11 210
 4  32  28  30  -5  35   0 0.18  0.0    0  2.3  7 220   M    M  10 16      8 210
 5  33  31  32  -3  33   0    T  0.0    0  2.1  7 270   M    M  10 126     7 260
 6  50  32  41   6  24   0 0.37  0.0    0  5.6 18 150   M    M   8 126    22 180
 7  43  33  38   4  27   0 0.00  0.0    0  6.1 14 180   M    M   7 12     14 180
 8  41  35  38   4  27   0 0.00  0.0    0  2.5  9  30   M    M  10 12     10  30
 9  61  37  49  15  16   0 0.08    M    0  5.9 20 260   M    M   8 128    23 260
10  71  50  61  27   4   0 0.01  0.0    0 18.7 39 150   M    M   3        54 160
11  68  50  59  25   6   0 0.04  0.0    0 19.5 46 150   M    M   7        64 160
12  58  44  51  18  14   0 0.94    M    M  7.2 13 180   M    M  10 1      15 170
13  49  36  43  10  22   0 0.00  0.0    0  8.5 14 210   M    M   3        17 200
14  38  30  34   1  31   0 0.00  0.0    0  5.6  9 180   M    M   7 12     11 150
15  33  29  31  -2  34   0    T    M    0  1.6  9  30   M    M  10 128    11  30
16  37  32  35   2  30   0 0.02    M    0  2.1  7 250   M    M  10 12      9 210
17  38  33  36   3  29   0 0.03    M    0  2.4  9  50   M    M  10 12     10  50
18  45  34  40   7  25   0    T    M    0  1.7  8  60   M    M   6 128     9  60
19  55  37  46  14  19   0 0.45    M    0  9.2 24 160   M    M   7 1      31 160
20  57  42  50  18  15   0 0.62    M    0 14.2 26 190   M    M   9        32 150
21  60  47  54  22  11   0 0.01  0.0    0 16.5 32 240   M    M   3        41 240
22  52  42  47  15  18   0    T  0.0    0  7.5 14 270   M    M   3        17 260
23  57  39  48  16  17   0 0.00  0.0    0  8.1 21 180   M    M  10 8      28 180
24  57  34  46  14  19   0 0.67    T    0  9.9 17 180   M    M  10 1      23 180
25  45  34  40   7  25   0 0.00  0.0    0 10.6 17 190   M    M   4        19 180
26  43  33  38   5  27   0 0.00  0.0    0  8.1 15 210   M    M   2        17 210
27  46  36  41   8  24   0 0.19    M    0 15.0 29 190   M    M   9        34 180
================================================================================
SM 1251  935       656   0  3.62    T    200.0          M      205
================================================================================
AV 46.3 34.6                               7.4 FASTST   M    M   8    MAX(MPH)
                                 MISC ---->  # 46 150                 64    M
================================================================================
NOTES:
# LAST OF SEVERAL OCCURRENCES

COLUMN 17 PEAK WIND IN M.P.H.

PRELIMINARY LOCAL CLIMATOLOGICAL DATA (WS FORM: F-6) , PAGE 2

                                          STATION:  WALLA WALLA WA
                                          MONTH:    DECEMBER
                                          YEAR:     2014
                                          LATITUDE:   46  5 N
                                          LONGITUDE: 118 17 W

[TEMPERATURE DATA]      [PRECIPITATION DATA]       SYMBOLS USED IN COLUMN 16

AVERAGE MONTHLY: 40.5   TOTAL FOR MONTH:   3.62    1 = FOG OR MIST
DPTR FM NORMAL:   7.0   DPTR FM NORMAL:    1.44    2 = FOG REDUCING VISIBILITY
HIGHEST:    71 ON 10    GRTST 24HR  0.94 ON 12-12      TO 1/4 MILE OR LESS
LOWEST:     11 ON  1                               3 = THUNDER
                        SNOW, ICE PELLETS, HAIL    4 = ICE PELLETS
                        TOTAL MONTH:    T          5 = HAIL
                        GRTST 24HR    T  ON 24-24  6 = FREEZING RAIN OR DRIZZLE
                        GRTST DEPTH:   0           7 = DUSTSTORM OR SANDSTORM:
                                                       VSBY 1/2 MILE OR LESS
                                                   8 = SMOKE OR HAZE
[NO. OF DAYS WITH]      [WEATHER - DAYS WITH]      9 = BLOWING SNOW
                                                   X = TORNADO
MAX 32 OR BELOW:   4    0.01 INCH OR MORE:  14
MAX 90 OR ABOVE:   0    0.10 INCH OR MORE:   7
MIN 32 OR BELOW:   9    0.50 INCH OR MORE:   3
MIN  0 OR BELOW:   0    1.00 INCH OR MORE:   0

[HDD (BASE 65) ]
TOTAL THIS MO.   656    CLEAR  (SCALE 0-3)   4
DPTR FM NORMAL  -191    PTCLDY (SCALE 4-7)   8
TOTAL FM JUL 1  1613    CLOUDY (SCALE 8-10) 15
DPTR FM NORMAL  -394

[CDD (BASE 65) ]
TOTAL THIS MO.     0
DPTR FM NORMAL     0    [PRESSURE DATA]
TOTAL FM JAN 1  1162    HIGHEST SLP M ON M
DPTR FM NORMAL   312    LOWEST  SLP 29.28 ON 11

[REMARKS]
