000
CXUS54 KAMA 281015
CF6AMA
PRELIMINARY LOCAL CLIMATOLOGICAL DATA (WS FORM: F-6)

                                          STATION:   AMARILLO
                                          MONTH:     APRIL
                                          YEAR:      2016
                                          LATITUDE:   35 13 N
                                          LONGITUDE: 101 42 W

  TEMPERATURE IN F:       :PCPN:    SNOW:  WIND      :SUNSHINE: SKY     :PK WND
================================================================================
1   2   3   4   5  6A  6B    7    8   9   10  11  12  13   14  15   16   17  18
                                     12Z  AVG MX 2MIN
DY MAX MIN AVG DEP HDD CDD  WTR  SNW DPTH SPD SPD DIR MIN PSBL S-S WX    SPD DR
================================================================================

 1  59  33  46  -6  19   0 0.00  0.0    0  7.6 16  40   M    M   4        21 360
 2  68  34  51  -1  14   0 0.00  0.0    0 10.5 21 310   M    M   0        32 280
 3  77  40  59   6   6   0 0.00  0.0    0 13.8 28 230   M    M   0        36 240
 4  81  40  61   8   4   0 0.00  0.0    0 10.4 22 130   M    M   0        29 120
 5  85  45  65  12   0   0 0.00  0.0    0 23.1 46 360   M    M   1 178    55 360
 6  75  40  58   4   7   0 0.00  0.0    0 10.5 22 350   M    M   0 7      29 360
 7  75  43  59   5   6   0 0.00  0.0    0 15.8 28  20   M    M   0        34  40
 8  74  41  58   4   7   0 0.00  0.0    0 12.1 24 190   M    M   2        34 200
 9  79  47  63   9   2   0 0.00  0.0    0 16.8 32 220   M    M   4        39 210
10  85  50  68  13   0   3    T  0.0    0 15.7 48 250   M    M   2 38     68 260
11  54  42  48  -7  17   0 0.02  0.0    0 12.9 24  10   M    M   6 1      29  10
12  61  38  50  -5  15   0 0.00  0.0    0  8.6 20 160   M    M   6        26 150
13  72  40  56   0   9   0 0.00  0.0    0 11.7 18 220   M    M   3 12     24 160
14  80  47  64   8   1   0 0.00  0.0    0 19.6 29 170   M    M   2 12     36 160
15  75  50  63   7   2   0    T  0.0    0 24.6 38 130   M    M   5 13     46 130
16  71  43  57   1   8   0 0.40  0.0    0 18.9 31 140   M    M   8 123    39 140
17  52  41  47 -10  18   0 0.37  0.0    0 16.2 28 350   M    M   7 13     34 350
18  65  37  51  -6  14   0 0.00  0.0    0 11.5 23 350   M    M   2        27 350
19  62  46  54  -3  11   0 0.68    M    0  9.0 20  10   M    M   7 13     24  10
20  72  45  59   1   6   0 0.69  0.0    0  8.4 22 340   M    M   7 138    28 340
21  73  42  58   0   7   0 0.00  0.0    0  7.9 17 350   M    M   2 12     22 330
22  78  43  61   3   4   0 0.00  0.0    0 10.0 18 160   M    M   0        24 160
23  83  51  67   8   0   2 0.00  0.0    0 20.8 31 160   M    M   0        43 170
24  83  53  68   9   0   3 0.00  0.0    0 17.9 31 170   M    M   0        40 170
25  85  44  65   6   0   0 0.00  0.0    0 11.2 25 190   M    M   0        30 200
26  80  49  65   5   0   0    T  0.0    0 12.2 44 270   M    M   1        61 270
27  69  40  55  -5  10   0 0.00  0.0    0 12.5 22 300   M    M   0        28 300
================================================================================
SM 1973 1164       187   8  2.16     0.0 370.2          M       69
================================================================================
AV 73.1 43.1                              13.7 FASTST   M    M   3    MAX(MPH)
                                 MISC ---->  # 48 250               # 68  260
================================================================================
NOTES:
# LAST OF SEVERAL OCCURRENCES

COLUMN 17 PEAK WIND IN M.P.H.

PRELIMINARY LOCAL CLIMATOLOGICAL DATA (WS FORM: F-6) , PAGE 2

                                          STATION:  AMARILLO
                                          MONTH:    APRIL
                                          YEAR:     2016
                                          LATITUDE:   35 13 N
                                          LONGITUDE: 101 42 W

[TEMPERATURE DATA]      [PRECIPITATION DATA]       SYMBOLS USED IN COLUMN 16

AVERAGE MONTHLY: 58.1   TOTAL FOR MONTH:   2.16    1 = FOG OR MIST
DPTR FM NORMAL:   2.2   DPTR FM NORMAL:    0.91    2 = FOG REDUCING VISIBILITY
HIGHEST:    85 ON 25,10 GRTST 24HR  0.69 ON 20-20      TO 1/4 MILE OR LESS
LOWEST:     33 ON  1                               3 = THUNDER
                        SNOW, ICE PELLETS, HAIL    4 = ICE PELLETS
                        TOTAL MONTH:   0.0 INCH    5 = HAIL
                        GRTST 24HR     0.0         6 = FREEZING RAIN OR DRIZZLE
                        GRTST DEPTH:   0           7 = DUSTSTORM OR SANDSTORM:
                                                       VSBY 1/2 MILE OR LESS
                                                   8 = SMOKE OR HAZE
[NO. OF DAYS WITH]      [WEATHER - DAYS WITH]      9 = BLOWING SNOW
                                                   X = TORNADO
MAX 32 OR BELOW:   0    0.01 INCH OR MORE:   5
MAX 90 OR ABOVE:   0    0.10 INCH OR MORE:   4
MIN 32 OR BELOW:   0    0.50 INCH OR MORE:   2
MIN  0 OR BELOW:   0    1.00 INCH OR MORE:   0

[HDD (BASE 65) ]
TOTAL THIS MO.   187    CLEAR  (SCALE 0-3)  18
DPTR FM NORMAL   -76    PTCLDY (SCALE 4-7)   9
TOTAL FM JUL 1  3298    CLOUDY (SCALE 8-10)  0
DPTR FM NORMAL  -774

[CDD (BASE 65) ]
TOTAL THIS MO.     8
DPTR FM NORMAL    -5    [PRESSURE DATA]
TOTAL FM JAN 1    11    HIGHEST SLP M ON M
DPTR FM NORMAL    -4    LOWEST  SLP 29.48 ON 26

[REMARKS]
