000
CXUS53 KDMX 280920
CF6AMW
PRELIMINARY LOCAL CLIMATOLOGICAL DATA (WS FORM: F-6)

                                          STATION:   AMES IA
                                          MONTH:     JULY
                                          YEAR:      2017
                                          LATITUDE:   41 59 N
                                          LONGITUDE:  93 37 W

  TEMPERATURE IN F:       :PCPN:    SNOW:  WIND      :SUNSHINE: SKY     :PK WND
================================================================================
1   2   3   4   5  6A  6B    7    8   9   10  11  12  13   14  15   16   17  18
                                     12Z  AVG MX 2MIN
DY MAX MIN AVG DEP HDD CDD  WTR  SNW DPTH SPD SPD DIR MIN PSBL S-S WX    SPD DR
================================================================================

 1  80  57  69  -4   0   4 0.00  0.0    0  7.6 18 320   M    M   0        27 280
 2  84  58  71  -2   0   6 0.02  0.0    0  7.7 21 220   M    M   2        27 230
 3  90  62  76   3   0  11 0.00  0.0    0  3.4 14 340   M    M   2 123    16 340
 4  90  65  78   5   0  13 0.00  0.0    0  5.3 23 210   M    M   1 1      29 210
 5  91  61  76   3   0  11 0.00  0.0    0  2.6  8 260   M    M   1 18     12 220
 6  92  67  80   7   0  15 0.00  0.0    0  9.0 20 250   M    M   0 1      25 250
 7  85  66  76   3   0  11 0.00  0.0    0 12.1 22 330   M    M   0        29 350
 8  85  62  74   1   0   9 0.00  0.0    0  5.0 13 270   M    M   1 18     15 240
 9  92  59  76   2   0  11 0.00  0.0    0  6.9 17 200   M    M   1        25 220
10  87  67  77   3   0  12 0.00  0.0    0 10.2 25  30   M    M   1        35  30
11  91  64  78   4   0  13 0.02  0.0    0  6.6 15 200   M    M   2 13     20 210
12  89  68  79   5   0  14 0.16  0.0    0  7.3 23 330   M    M   2 13     32 340
13  84  66  75   1   0  10 0.00  0.0    0  7.9 15 320   M    M   0        24 350
14  83  57  70  -4   0   5 0.00  0.0    0  3.8 10  10   M    M   1        14 320
15  91  60  76   2   0  11 0.00  0.0    0  7.0 15 250   M    M   1        20 210
16  91  70  81   7   0  16 0.00  0.0    0  7.0 15  30   M    M   1        29 360
17  88  68  78   4   0  13 0.00  0.0    0  8.3 14 150   M    M   3        18 140
18  87  70  79   5   0  14    T  0.0    0  7.4 16 240   M    M   2 12     20 220
19  94  70  82   8   0  17 0.00  0.0    0  8.3 20 170   M    M   1 1      26 150
20  96  70  83   9   0  18 1.71  0.0    0  7.2 28 240   M    M   2 13     35 250
21  85  71  78   4   0  13 0.02  0.0    0  6.2 17  90   M    M   3 1      23  90
22  88  71  80   7   0  15 0.00  0.0    0  7.9 17  20   M    M   3 13     21 150
23  83  63  73   0   0   8 0.00  0.0    0  9.8 20 320   M    M   0 1      25 350
24  81  60  71  -2   0   6 0.00  0.0    0  5.7 13 110   M    M   1        16 120
25  89  65  77   4   0  12 0.00  0.0    0 10.7 20 160   M    M   0 1      25 150
26  80  69  75   2   0  10 0.89  0.0    0  5.9 16 350   M    M   5 1      21 360
27  85  65  75   2   0  10 0.00  0.0    0  8.0 16  40   M    M   2        22  50
================================================================================
SM 2361 1751         0 308  2.82     0.0 194.8          M       38
================================================================================
AV 87.4 64.9                               7.2 FASTST   M    M   1    MAX(MPH)
                                 MISC ---->  # 28 240               # 35   30
================================================================================
NOTES:
# LAST OF SEVERAL OCCURRENCES

COLUMN 17 PEAK WIND IN M.P.H.

PRELIMINARY LOCAL CLIMATOLOGICAL DATA (WS FORM: F-6) , PAGE 2

                                          STATION:  AMES IA
                                          MONTH:    JULY
                                          YEAR:     2017
                                          LATITUDE:   41 59 N
                                          LONGITUDE:  93 37 W

[TEMPERATURE DATA]      [PRECIPITATION DATA]       SYMBOLS USED IN COLUMN 16

AVERAGE MONTHLY: 76.2   TOTAL FOR MONTH:   2.82    1 = FOG OR MIST
DPTR FM NORMAL:   2.7   DPTR FM NORMAL:   -1.32    2 = FOG REDUCING VISIBILITY
HIGHEST:    96 ON 20    GRTST 24HR  1.73 ON 20-21      TO 1/4 MILE OR LESS
LOWEST:     57 ON 14, 1                            3 = THUNDER
                        SNOW, ICE PELLETS, HAIL    4 = ICE PELLETS
                        TOTAL MONTH:   0.0 INCH    5 = HAIL
                        GRTST 24HR     0.0         6 = FREEZING RAIN OR DRIZZLE
                        GRTST DEPTH:   0           7 = DUSTSTORM OR SANDSTORM:
                                                       VSBY 1/2 MILE OR LESS
                                                   8 = SMOKE OR HAZE
[NO. OF DAYS WITH]      [WEATHER - DAYS WITH]      9 = BLOWING SNOW
                                                   X = TORNADO
MAX 32 OR BELOW:   0    0.01 INCH OR MORE:   6
MAX 90 OR ABOVE:  10    0.10 INCH OR MORE:   3
MIN 32 OR BELOW:   0    0.50 INCH OR MORE:   2
MIN  0 OR BELOW:   0    1.00 INCH OR MORE:   1

[HDD (BASE 65) ]
TOTAL THIS MO.     0    CLEAR  (SCALE 0-3)  25
DPTR FM NORMAL     0    PTCLDY (SCALE 4-7)   2
TOTAL FM JUL 1     0    CLOUDY (SCALE 8-10)  0
DPTR FM NORMAL     0

[CDD (BASE 65) ]
TOTAL THIS MO.   308
DPTR FM NORMAL    75    [PRESSURE DATA]
TOTAL FM JAN 1   587    HIGHEST SLP M ON M
DPTR FM NORMAL   131    LOWEST  SLP 29.64 ON 22

[REMARKS]
