000
CXUS52 KGSP 260817
CF6AND
PRELIMINARY LOCAL CLIMATOLOGICAL DATA (WS FORM: F-6)

                                          STATION:   ANDERSON SC
                                          MONTH:     AUGUST
                                          YEAR:      2016
                                          LATITUDE:   34 30 N
                                          LONGITUDE:  82 43 W

  TEMPERATURE IN F:       :PCPN:    SNOW:  WIND      :SUNSHINE: SKY     :PK WND
================================================================================
1   2   3   4   5  6A  6B    7    8   9   10  11  12  13   14  15   16   17  18
                                     12Z  AVG MX 2MIN
DY MAX MIN AVG DEP HDD CDD  WTR  SNW DPTH SPD SPD DIR MIN PSBL S-S WX    SPD DR
================================================================================

 1  93  72  83   4   0  18 0.12    M    M  3.5 22 330   M    M   2 13     27 300
 2  92  73  83   4   0  18 0.00    M    M  5.3 15 240   M    M   4 13     18 240
 3  92  74  83   4   0  18    T    M    M  6.0 12 100   M    M   5 1      15  50
 4  90  74  82   3   0  17 0.20    M    M  7.4 14  70   M    M   7 13     16  40
 5  91  73  82   3   0  17 0.00    M    M  3.6 12 230   M    M   5 1      15 220
 6  96  73  85   6   0  20 0.00    M    M  3.5 18 330   M    M   2 13     24 350
 7  96  74  85   6   0  20 0.11    M    M  5.1 17 190   M    M   2 13     20 190
 8  92  74  83   4   0  18 0.05    M    M  7.2 14 120   M    M   7 13     20  90
 9  92  75  84   5   0  19 0.07    M    M  9.0 20 100   M    M   7 1      25 130
10  91  75  83   4   0  18    T    M    M  8.7 18  90   M    M   8        23 100
11  92  76  84   5   0  19    T    M    M  6.4 17 110   M    M   7 3      22 110
12  92  75  84   5   0  19 0.32    M    M  3.4 22 200   M    M   6 13     28 200
13  93  74  84   5   0  19 0.00    M    M  4.9 14 210   M    M   2        18 240
14  94  73  84   5   0  19 0.01    M    M  4.3 13 210   M    M   0        17 230
15  92  72  82   3   0  17 0.02    M    M  4.2 14 200   M    M   1        18 210
16  94  74  84   5   0  19 0.00    M    M  3.9 13 190   M    M   4        17 180
17  97  73  85   6   0  20    T    M    M  4.9 18 170   M    M   1 3      24 220
18  96  71  84   5   0  19 0.57    M    M  4.6 20 270   M    M   3 13     28 250
19  91  72  82   4   0  17 0.84    M    M  4.7 23 330   M    M   2 13     28 240
20  88  72  80   2   0  15 0.03    M    M  6.5 18 220   M    M   2 1      22 220
21  91  73  82   4   0  17 0.01    M    M  8.6 20 230   M    M   1        28 310
22  87  71  79   1   0  14 0.00    M    M  3.5 14  70   M    M   3        16  80
23  89  69  79   1   0  14 0.00    M    M  4.8 12  70   M    M   4        14  50
24  83  71  77  -1   0  12 0.11    M    M  2.6  8 140   M    M   6 1      10  50
25  92  68  80   2   0  15 0.00    M    M  2.5 12 260   M    M   2 12     14 260
================================================================================
SM 2296 1821         0 438  2.46    M    129.1          M       93
================================================================================
AV 91.8 72.8                               5.2 FASTST   M    M   4    MAX(MPH)
                                 MISC ---->  # 23 330               # 28  200
================================================================================
NOTES:
# LAST OF SEVERAL OCCURRENCES

COLUMN 17 PEAK WIND IN M.P.H.

PRELIMINARY LOCAL CLIMATOLOGICAL DATA (WS FORM: F-6) , PAGE 2

                                          STATION:  ANDERSON SC
                                          MONTH:    AUGUST
                                          YEAR:     2016
                                          LATITUDE:   34 30 N
                                          LONGITUDE:  82 43 W

[TEMPERATURE DATA]      [PRECIPITATION DATA]       SYMBOLS USED IN COLUMN 16

AVERAGE MONTHLY: 82.3   TOTAL FOR MONTH:   2.46    1 = FOG OR MIST
DPTR FM NORMAL:   3.6   DPTR FM NORMAL:   -0.58    2 = FOG REDUCING VISIBILITY
HIGHEST:    97 ON 17    GRTST 24HR  1.40 ON 18-19      TO 1/4 MILE OR LESS
LOWEST:     68 ON 25                               3 = THUNDER
                        SNOW, ICE PELLETS, HAIL    4 = ICE PELLETS
                        TOTAL MONTH:    M          5 = HAIL
                        GRTST 24HR    M  ON   M    6 = FREEZING RAIN OR DRIZZLE
                        GRTST DEPTH:  M  ON   M    7 = DUSTSTORM OR SANDSTORM:
                                                       VSBY 1/2 MILE OR LESS
                                                   8 = SMOKE OR HAZE
[NO. OF DAYS WITH]      [WEATHER - DAYS WITH]      9 = BLOWING SNOW
                                                   X = TORNADO
MAX 32 OR BELOW:   0    0.01 INCH OR MORE:  13
MAX 90 OR ABOVE:  21    0.10 INCH OR MORE:   7
MIN 32 OR BELOW:   0    0.50 INCH OR MORE:   2
MIN  0 OR BELOW:   0    1.00 INCH OR MORE:   0

[HDD (BASE 65) ]
TOTAL THIS MO.     0    CLEAR  (SCALE 0-3)  13
DPTR FM NORMAL     0    PTCLDY (SCALE 4-7)  12
TOTAL FM JUL 1     0    CLOUDY (SCALE 8-10)  0
DPTR FM NORMAL     0

[CDD (BASE 65) ]
TOTAL THIS MO.   438
DPTR FM NORMAL    95    [PRESSURE DATA]
TOTAL FM JAN 1  1745    HIGHEST SLP M ON M
DPTR FM NORMAL   427    LOWEST  SLP 29.82 ON  6

[REMARKS]
