837
CXUS53 KAPX 190631
CF6ANJ
PRELIMINARY LOCAL CLIMATOLOGICAL DATA (WS FORM: F-6)

                                          STATION:   SAULT STE MARIE MI
                                          MONTH:     SEPTEMBER
                                          YEAR:      2017
                                          LATITUDE:   46 28 N
                                          LONGITUDE:  84 21 W

  TEMPERATURE IN F:       :PCPN:    SNOW:  WIND      :SUNSHINE: SKY     :PK WND
================================================================================
1   2   3   4   5  6A  6B    7    8   9   10  11  12  13   14  15   16   17  18
                                     12Z  AVG MX 2MIN
DY MAX MIN AVG DEP HDD CDD  WTR  SNW DPTH SPD SPD DIR MIN PSBL S-S WX    SPD DR
================================================================================

 1  66  43  55  -7  10   0 0.00  0.0    0  2.8  8 190   M    M   0        12  90
 2  66  45  56  -6   9   0 0.10  0.0    0  6.5 16 150   M    M   2 1      22 150
 3  74  55  65   4   0   0    T  0.0    0  3.8 13 200   M    M   7 1      16 220
 4  68  50  59  -2   6   0 0.32  0.0    0  9.2 17 300   M    M   7 13     26 290
 5  63  50  57  -4   8   0    T  0.0    0  5.3 18 310   M    M   7        23 320
 6  64  49  57  -3   8   0 0.05  0.0    0  5.9 15 310   M    M   9        19 300
 7  63  50  57  -3   8   0    T  0.0    0  7.1 15 310   M    M   6        21 310
 8  63  46  55  -5  10   0 0.00  0.0    0  6.2 15 310   M    M   2        21 330
 9  67  42  55  -5  10   0 0.00  0.0    0  2.1  8 210   M    M   0        10 180
10  68  45  57  -2   8   0 0.00  0.0    0  4.6 12 150   M    M   0        17 140
11  71  49  60   1   5   0 0.00  0.0    0  6.5 22 210   M    M   3 12     28 200
12  79  52  66   8   0   1 0.00  0.0    0  2.7  9 250   M    M   2 12     12 250
13  80  49  65   7   0   0 0.00  0.0    0  3.3  8 320   M    M   0        12  90
14  77  55  66   8   0   1 0.00  0.0    0  3.5 10 190   M    M   0 1      14 190
15  80  58  69  11   0   4 0.00  0.0    0  5.5 14 220   M    M   5 12     18 210
16  85  63  74  17   0   9    T  0.0    0  5.4 15 210   M    M   1 1      21 200
17  78  55  67  10   0   2 0.13  0.0    0  6.9 17 300   M    M   5 1      23 300
18  67  47  57   1   8   0 0.00  0.0    0  4.0 12 260   M    M   0 1      14 270
================================================================================
SM 1279  903        90  17  0.60     0.0  91.3          M       56
================================================================================
AV 71.1 50.2                               5.1 FASTST   M    M   3    MAX(MPH)
                                 MISC ---->  # 22 210               # 28  200
================================================================================
NOTES:
# LAST OF SEVERAL OCCURRENCES

COLUMN 17 PEAK WIND IN M.P.H.

PRELIMINARY LOCAL CLIMATOLOGICAL DATA (WS FORM: F-6) , PAGE 2

                                          STATION:  SAULT STE MARIE MI
                                          MONTH:    SEPTEMBER
                                          YEAR:     2017
                                          LATITUDE:   46 28 N
                                          LONGITUDE:  84 21 W

[TEMPERATURE DATA]      [PRECIPITATION DATA]       SYMBOLS USED IN COLUMN 16

AVERAGE MONTHLY: 60.6   TOTAL FOR MONTH:   0.60    1 = FOG OR MIST
DPTR FM NORMAL:   1.3   DPTR FM NORMAL:   -1.64    2 = FOG REDUCING VISIBILITY
HIGHEST:    85 ON 16    GRTST 24HR  0.32 ON  4- 4      TO 1/4 MILE OR LESS
LOWEST:     42 ON  9                               3 = THUNDER
                        SNOW, ICE PELLETS, HAIL    4 = ICE PELLETS
                        TOTAL MONTH:   0.0 INCH    5 = HAIL
                        GRTST 24HR     0.0         6 = FREEZING RAIN OR DRIZZLE
                        GRTST DEPTH:   0           7 = DUSTSTORM OR SANDSTORM:
                                                       VSBY 1/2 MILE OR LESS
                                                   8 = SMOKE OR HAZE
[NO. OF DAYS WITH]      [WEATHER - DAYS WITH]      9 = BLOWING SNOW
                                                   X = TORNADO
MAX 32 OR BELOW:   0    0.01 INCH OR MORE:   4
MAX 90 OR ABOVE:   0    0.10 INCH OR MORE:   3
MIN 32 OR BELOW:   0    0.50 INCH OR MORE:   0
MIN  0 OR BELOW:   0    1.00 INCH OR MORE:   0

[HDD (BASE 65) ]
TOTAL THIS MO.    90    CLEAR  (SCALE 0-3)  10
DPTR FM NORMAL   -28    PTCLDY (SCALE 4-7)   7
TOTAL FM JUL 1   173    CLOUDY (SCALE 8-10)  1
DPTR FM NORMAL   -92

[CDD (BASE 65) ]
TOTAL THIS MO.    17
DPTR FM NORMAL     2    [PRESSURE DATA]
TOTAL FM JAN 1   145    HIGHEST SLP M ON M
DPTR FM NORMAL   -48    LOWEST  SLP 29.57 ON  4

[REMARKS]
