000
CXUS53 KIWX 240800
CF6AOH
PRELIMINARY LOCAL CLIMATOLOGICAL DATA (WS FORM: F-6)

                                          STATION:   LIMA
                                          MONTH:     APRIL
                                          YEAR:      2014
                                          LATITUDE:   40 42 N
                                          LONGITUDE:  84  1 W

  TEMPERATURE IN F:       :PCPN:    SNOW:  WIND      :SUNSHINE: SKY     :PK WND
================================================================================
1   2   3   4   5  6A  6B    7    8   9   10  11  12  13   14  15   16   17  18
                                     12Z  AVG MX 2MIN
DY MAX MIN AVG DEP HDD CDD  WTR  SNW DPTH SPD SPD DIR MIN PSBL S-S WX    SPD DR
================================================================================

 1  65  48  57  12   8   0    T    M    0 18.1 35 260   M    M   2        42 240
 2  60  43  52   6  13   0 0.00  0.0    0  6.1 16  50   M    M   8        22  60
 3  47  40  44  -2  21   0 1.69    M    0 11.9 25  80   M    M  10 123    30  80
 4  59  37  48   2  17   0 0.23    M    0 19.3 39 250   M    M  10 12     48 260
 5  49  33  41  -6  24   0 0.00  0.0    0 11.0 28 260   M    M   6        35 260
 6  56  28  42  -5  23   0 0.00  0.0    0  4.3 14 100   M    M   0 8      17 120
 7  53  36  45  -3  20   0 0.70    M    0  9.9 18 330   M    M   7 1      26  20
 8  59  41  50   2  15   0 0.13    M    0 12.4 23 300   M    M   6 18     34 300
 9  58  37  48   0  17   0 0.00  0.0    0  8.3 18 250   M    M   2        27 270
10  74  46  60  11   5   0 0.01  0.0    0 15.3 35 240   M    M   3        41 230
11  64  48  56   7   9   0 0.45  0.0    0  5.9 16  80   M    M   5 1      19  80
12  77  45  61  11   4   0 0.00  0.0    0 12.9 24 180   M    M   1        31 170
13  79  59  69  19   0   4 0.00  0.0    0 15.5 28 220   M    M   2        35 210
14  71  34  53   3  12   0 0.66    M    0 18.0 33 200   M    M   7 1      51 210
15  35  28  32 -19  33   0 0.08    M    M 16.3 26 310   M    M   8 1      33 310
16  48  24  36 -15  29   0 0.00  0.0    M  7.6 17 130   M    M   0        22 140
17  67  35  51  -1  14   0 0.00  0.0    M 10.2 21 200   M    M   0        27 200
18  69  41  55   3  10   0 0.00  0.0    M  6.8 16 310   M    M   1        21 250
19  60  38  49  -3  16   0 0.00  0.0    M 11.1 18  80   M    M   0 18     24  60
20  75  35  55   3  10   0 0.00  0.0    M  6.5 14 190   M    M   0        16 170
21  78  49  64  11   1   0 0.01    M    M  9.5 20 260   M    M   3        24 260
22  61  40  51  -2  14   0 0.04    M    M 16.4 30 300   M    M   3 18     37 300
23  57  35  46  -8  19   0 0.00  0.0    0  8.9 15  20   M    M   0        20  30
================================================================================
SM 1421  900       334   4  4.00     0.0 262.2          M       84
================================================================================
AV 61.8 39.1                              11.4 FASTST   M    M   4    MAX(MPH)
                                 MISC ---->  # 39 250               # 51  210
================================================================================
NOTES:
# LAST OF SEVERAL OCCURRENCES

COLUMN 17 PEAK WIND IN M.P.H.

PRELIMINARY LOCAL CLIMATOLOGICAL DATA (WS FORM: F-6) , PAGE 2

                                          STATION:  LIMA
                                          MONTH:    APRIL
                                          YEAR:     2014
                                          LATITUDE:   40 42 N
                                          LONGITUDE:  84  1 W

[TEMPERATURE DATA]      [PRECIPITATION DATA]       SYMBOLS USED IN COLUMN 16

AVERAGE MONTHLY: 50.5   TOTAL FOR MONTH:   4.00    1 = FOG OR MIST
DPTR FM NORMAL:   0.9   DPTR FM NORMAL:    1.41    2 = FOG REDUCING VISIBILITY
HIGHEST:    79 ON 13    GRTST 24HR  1.69 ON  3- 3      TO 1/4 MILE OR LESS
LOWEST:     24 ON 16                               3 = THUNDER
                        SNOW, ICE PELLETS, HAIL    4 = ICE PELLETS
                        TOTAL MONTH:   0.0 INCH    5 = HAIL
                        GRTST 24HR     0.0         6 = FREEZING RAIN OR DRIZZLE
                        GRTST DEPTH:   0           7 = DUSTSTORM OR SANDSTORM:
                                                       VSBY 1/2 MILE OR LESS
                                                   8 = SMOKE OR HAZE
[NO. OF DAYS WITH]      [WEATHER - DAYS WITH]      9 = BLOWING SNOW
                                                   X = TORNADO
MAX 32 OR BELOW:   0    0.01 INCH OR MORE:  10
MAX 90 OR ABOVE:   0    0.10 INCH OR MORE:   6
MIN 32 OR BELOW:   3    0.50 INCH OR MORE:   3
MIN  0 OR BELOW:   0    1.00 INCH OR MORE:   1

[HDD (BASE 65) ]
TOTAL THIS MO.   334    CLEAR  (SCALE 0-3)  14
DPTR FM NORMAL   -28    PTCLDY (SCALE 4-7)   7
TOTAL FM JUL 1  6192    CLOUDY (SCALE 8-10)  2
DPTR FM NORMAL   620

[CDD (BASE 65) ]
TOTAL THIS MO.     4
DPTR FM NORMAL     4    [PRESSURE DATA]
TOTAL FM JAN 1     4    HIGHEST SLP M ON M
DPTR FM NORMAL     3    LOWEST  SLP 29.34 ON 14

[REMARKS]
