000
CXUS53 KIWX 280800
CF6AOH
PRELIMINARY LOCAL CLIMATOLOGICAL DATA (WS FORM: F-6)

                                          STATION:   LIMA
                                          MONTH:     FEBRUARY
                                          YEAR:      2017
                                          LATITUDE:   40 42 N
                                          LONGITUDE:  84  1 W

  TEMPERATURE IN F:       :PCPN:    SNOW:  WIND      :SUNSHINE: SKY     :PK WND
================================================================================
1   2   3   4   5  6A  6B    7    8   9   10  11  12  13   14  15   16   17  18
                                     12Z  AVG MX 2MIN
DY MAX MIN AVG DEP HDD CDD  WTR  SNW DPTH SPD SPD DIR MIN PSBL S-S WX    SPD DR
================================================================================

 1  37  31  34   7  31   0    T    M    M 12.3 21 270   M    M   8        26 280
 2  31  20  26  -1  39   0 0.00  0.0    M 14.6 21 270   M    M   2        27 250
 3  28  16  22  -6  43   0 0.00  0.0    M 11.9 24 280   M    M   3        32 280
 4  31  13  22  -6  43   0 0.00  0.0    M 10.2 16 170   M    M   1        21 190
 5  44  26  35   7  30   0 0.00  0.0    M 12.0 25 260   M    M   3        34 240
 6  57  23  40  12  25   0 0.05  0.0    M  9.1 16 210   M    M   2 18     20 230
 7  60  47  54  26  11   0 0.56    M    0 17.4 36 260   M    M  10 138    40 280
 8  47  24  36   8  29   0 0.24    M    0 11.2 29 260   M    M  10 12     36 270
 9  25  11  18 -10  47   0    T    M    M 15.9 30 300   M    M   8 18     35 290
10  42  11  27  -2  38   0 0.00  0.0    M 12.4 24 160   M    M   3        30 170
11  54  41  48  19  17   0 0.00  0.0    M  9.0 16 230   M    M   2        21 210
12  50  33  42  13  23   0 0.30  0.0    0 16.0 33 300   M    M   7 1      44 300
13  42  28  35   6  30   0 0.00  0.0    0 10.4 21 300   M    M   0        29 300
14  49  32  41  12  24   0 0.00  0.0    0 14.7 26 260   M    M   2        31 260
15  39  28  34   4  31   0    T    M    0 16.1 28 310   M    M   8        34 300
16  35  23  29  -1  36   0    T    M    M  8.0 18 300   M    M   5        21 300
17  62  31  47  17  18   0 0.00  0.0    0 11.5 21 230   M    M   1        27 230
18  67  45  56  26   9   0 0.00  0.0    0 12.7 21 240   M    M   0        25 240
19  63  43  53  22  12   0 0.00  0.0    0  8.6 15 300   M    M   3 1      20 300
20  67  35  51  20  14   0 0.00  0.0    0  6.5 14 120   M    M   1 12     18 120
21  64  48  56  25   9   0 0.00  0.0    0  8.7 14 170   M    M   3 8      19 200
22  61  53  57  25   8   0    T  0.0    0  9.0 13 200   M    M   9 1       M  M
23  65  54  60  28   5   0 0.00  0.0    0  9.6 16 220   M    M   4        22 230
24  72  49  61  29   4   0 0.37  0.0    0 15.1 29 260   M    M   6 13     38 190
25  49  26  38   6  27   0 0.01    M    M 19.3 33 250   M    M   9 1      39 250
26  43  21  32  -1  33   0    T    M    0 10.8 22 200   M    M   3 1      28 210
27  50  35  43  10  22   0 0.00  0.0    0  8.5 15 160   M    M   8        18 160
================================================================================
SM 1334  847       658   0  1.53     0.0 321.5          M      121
================================================================================
AV 49.4 31.4                              11.9 FASTST   M    M   4    MAX(MPH)
                                 MISC ---->  # 36 260               # 44  300
================================================================================
NOTES:
# LAST OF SEVERAL OCCURRENCES

COLUMN 17 PEAK WIND IN M.P.H.

PRELIMINARY LOCAL CLIMATOLOGICAL DATA (WS FORM: F-6) , PAGE 2

                                          STATION:  LIMA
                                          MONTH:    FEBRUARY
                                          YEAR:     2017
                                          LATITUDE:   40 42 N
                                          LONGITUDE:  84  1 W

[TEMPERATURE DATA]      [PRECIPITATION DATA]       SYMBOLS USED IN COLUMN 16

AVERAGE MONTHLY: 40.4   TOTAL FOR MONTH:   1.53    1 = FOG OR MIST
DPTR FM NORMAL:  10.7   DPTR FM NORMAL:   -0.38    2 = FOG REDUCING VISIBILITY
HIGHEST:    72 ON 24    GRTST 24HR  0.61 ON  6- 7      TO 1/4 MILE OR LESS
LOWEST:     11 ON 10, 9                            3 = THUNDER
                        SNOW, ICE PELLETS, HAIL    4 = ICE PELLETS
                        TOTAL MONTH:   0.0 INCH    5 = HAIL
                        GRTST 24HR     0.0         6 = FREEZING RAIN OR DRIZZLE
                        GRTST DEPTH:   0           7 = DUSTSTORM OR SANDSTORM:
                                                       VSBY 1/2 MILE OR LESS
                                                   8 = SMOKE OR HAZE
[NO. OF DAYS WITH]      [WEATHER - DAYS WITH]      9 = BLOWING SNOW
                                                   X = TORNADO
MAX 32 OR BELOW:   4    0.01 INCH OR MORE:   6
MAX 90 OR ABOVE:   0    0.10 INCH OR MORE:   4
MIN 32 OR BELOW:  16    0.50 INCH OR MORE:   1
MIN  0 OR BELOW:   0    1.00 INCH OR MORE:   0

[HDD (BASE 65) ]
TOTAL THIS MO.   658    CLEAR  (SCALE 0-3)  12
DPTR FM NORMAL  -297    PTCLDY (SCALE 4-7)  10
TOTAL FM JUL 1  3574    CLOUDY (SCALE 8-10)  5
DPTR FM NORMAL  -802

[CDD (BASE 65) ]
TOTAL THIS MO.     0
DPTR FM NORMAL     0    [PRESSURE DATA]
TOTAL FM JAN 1     0    HIGHEST SLP M ON M
DPTR FM NORMAL     0    LOWEST  SLP 29.26 ON  7

[REMARKS]
