000
CXUS55 KCTP 011131
CF6AOO
PRELIMINARY LOCAL CLIMATOLOGICAL DATA (WS FORM: F-6)

                                          STATION:   ALTOONA
                                          MONTH:     JANUARY
                                          YEAR:      2015
                                          LATITUDE:   40 17 N
                                          LONGITUDE:  78 19 W

  TEMPERATURE IN F:       :PCPN:    SNOW:  WIND      :SUNSHINE: SKY     :PK WND
================================================================================
1   2   3   4   5  6A  6B    7    8   9   10  11  12  13   14  15   16   17  18
                                     12Z  AVG MX 2MIN
DY MAX MIN AVG DEP HDD CDD  WTR  SNW DPTH SPD SPD DIR MIN PSBL S-S WX    SPD DR
================================================================================

 1  36  20  28   1  37   0 0.00    M    M 18.1 31 280   M    M   0        40 280
 2  38  22  30   3  35   0 0.00    M    M 10.9 30 280   M    M   0        39 280
 3  36  21  29   2  36   0 0.32    M    M  6.0 20 170   M    M   8 1268   25 160
 4  55  34  45  18  20   0 0.13    M    M 11.1 35 280   M    M   9 12     49 250
 5  34  11  23  -4  42   0    T    M    M 17.3 33 270   M    M   5        44 300
 6  20  11  16 -11  49   0 0.11    M    M  8.1 29 280   M    M   9 18     38 280
 7  17   4  11 -16  54   0    T    M    M 18.7 33 310   M    M   9 189    44 310
 8  17   1   9 -18  56   0 0.00    M    M 12.7 21 280   M    M   3        30 280
 9  24   8  16 -11  49   0    T    M    M 16.2 31 260   M    M   7 18     40 260
10  17   0   9 -18  56   0    T    M    M 10.3 23 280   M    M   1        29 270
11  36  11  24  -3  41   0    T    M    M  4.9 13 170   M    M   7 4      16 200
12  38  30  34   7  31   0 0.11    M    M  5.3 18 360   M    M  10 16     26  10
13  30  15  23  -4  42   0 0.00    M    M  9.4 18  10   M    M   3        27  10
14  26  14  20  -7  45   0 0.00    M    M  3.5 14 300   M    M   7        16 300
15  33  19  26  -1  39   0 0.00    M    M  8.9 22 250   M    M   5        29 250
16  33  18  26  -1  39   0    T    M    M 15.4 29 290   M    M   8 8      39 280
17  34  13  24  -3  41   0 0.00    M    M  6.9 18 160   M    M   3        23 170
18  39  28  34   7  31   0 0.01    M    M  6.5 21 280   M    M   5 1      27 280
19  36  30  33   6  32   0    T    M    M 10.6 22 280   M    M  10 1      28 280
20  37  26  32   5  33   0    T    M    M  1.4 10 350   M    M   9 18     12 340
21  35  29  32   5  33   0 0.15    M    0  3.7 10 280   M    M  10 12     16 270
22  34  29  32   5  33   0 0.02    M    M  9.8 17 310   M    M  10 1      23 280
23  35  26  31   4  34   0 0.12    M    M  4.6 13 310   M    M   7 1      15 310
24  34  29  32   5  33   0 0.17    M    M 10.1 24 270   M    M   8 1      30 270
25  36  30  33   6  32   0 0.11    M    M  7.7 23 260   M    M  10 1      32 270
26  30  19  25  -2  40   0 0.22    M    0  6.0 12  40   M    M  10 1      16  30
27  24  15  20  -7  45   0 0.03    M    M 10.3 23 300   M    M   9 18     30 320
28  25   1  13 -14  52   0 0.00  0.0    M  8.5 17 320   M    M   0        22 320
29  32   3  18  -9  47   0 0.08    M    M  4.8 15 180   M    M   7 1268   20 180
30  33  12  23  -4  42   0 0.02    M    M 17.0 30 300   M    M   9 18     40 310
31  43  15  29   2  36   0    T    M    M 10.6 26 310   M    M   3 8      35 310
================================================================================
SM  997  544      1235   0  1.60     0.0 295.3          M      201
================================================================================
AV 32.2 17.5                               9.5 FASTST   M    M   6    MAX(MPH)
                                 MISC ---->  # 35 280               # 49  250
================================================================================
NOTES:
# LAST OF SEVERAL OCCURRENCES

COLUMN 17 PEAK WIND IN M.P.H.

PRELIMINARY LOCAL CLIMATOLOGICAL DATA (WS FORM: F-6) , PAGE 2

                                          STATION:  ALTOONA
                                          MONTH:    JANUARY
                                          YEAR:     2015
                                          LATITUDE:   40 17 N
                                          LONGITUDE:  78 19 W

[TEMPERATURE DATA]      [PRECIPITATION DATA]       SYMBOLS USED IN COLUMN 16

AVERAGE MONTHLY: 24.9   TOTAL FOR MONTH:   1.60    1 = FOG OR MIST
DPTR FM NORMAL:  -1.9   DPTR FM NORMAL:   -0.57    2 = FOG REDUCING VISIBILITY
HIGHEST:    55 ON  4    GRTST 24HR  0.40 ON  3- 4      TO 1/4 MILE OR LESS
LOWEST:      0 ON 10                               3 = THUNDER
                        SNOW, ICE PELLETS, HAIL    4 = ICE PELLETS
                        TOTAL MONTH:   0.0 INCH    5 = HAIL
                        GRTST 24HR     0.0         6 = FREEZING RAIN OR DRIZZLE
                        GRTST DEPTH:   0           7 = DUSTSTORM OR SANDSTORM:
                                                       VSBY 1/2 MILE OR LESS
                                                   8 = SMOKE OR HAZE
[NO. OF DAYS WITH]      [WEATHER - DAYS WITH]      9 = BLOWING SNOW
                                                   X = TORNADO
MAX 32 OR BELOW:  11    0.01 INCH OR MORE:  14
MAX 90 OR ABOVE:   0    0.10 INCH OR MORE:   9
MIN 32 OR BELOW:  30    0.50 INCH OR MORE:   0
MIN  0 OR BELOW:   1    1.00 INCH OR MORE:   0

[HDD (BASE 65) ]
TOTAL THIS MO.  1235    CLEAR  (SCALE 0-3)   6
DPTR FM NORMAL    53    PTCLDY (SCALE 4-7)  12
TOTAL FM JUL 1  3491    CLOUDY (SCALE 8-10) 13
DPTR FM NORMAL   -62

[CDD (BASE 65) ]
TOTAL THIS MO.     0
DPTR FM NORMAL     0    [PRESSURE DATA]
TOTAL FM JAN 1     0    HIGHEST SLP 30.62 ON 13
DPTR FM NORMAL     0    LOWEST  SLP 29.50 ON 24

[REMARKS]
#FINAL-01-15#
