000
CXUS55 KCTP 301131
CF6AOO
PRELIMINARY LOCAL CLIMATOLOGICAL DATA (WS FORM: F-6)

                                          STATION:   ALTOONA
                                          MONTH:     OCTOBER
                                          YEAR:      2014
                                          LATITUDE:   40 17 N
                                          LONGITUDE:  78 19 W

  TEMPERATURE IN F:       :PCPN:    SNOW:  WIND      :SUNSHINE: SKY     :PK WND
================================================================================
1   2   3   4   5  6A  6B    7    8   9   10  11  12  13   14  15   16   17  18
                                     12Z  AVG MX 2MIN
DY MAX MIN AVG DEP HDD CDD  WTR  SNW DPTH SPD SPD DIR MIN PSBL S-S WX    SPD DR
================================================================================

 1  68  53  61   5   4   0 0.01    M    M  2.6 12 120   M    M   6 12     15 110
 2  70  51  61   6   4   0 0.00    M    M  3.6 10 130   M    M   6 128    15 150
 3  67  59  63   8   2   0 0.35    M    M  9.8 20 150   M    M  10 1      28 150
 4  63  39  51  -4  14   0 0.04    M    M 13.0 26 260   M    M   7 1      34 260
 5  53  39  46  -8  19   0 0.00    M    M  8.9 23 270   M    M   6        28 270
 6  68  39  54   0  11   0 0.23    M    M  7.9 18 210   M    M   5 1      25 210
 7  64  50  57   3   8   0 0.20    M    M 10.0 20 200   M    M   7 1      26 190
 8  64  50  57   4   8   0 0.00    M    M 12.8 26 270   M    M   4        36 270
 9  64  39  52  -1  13   0 0.00    M    M  9.1 23 270   M    M   0        30 280
10  57  43  50  -3  15   0 0.06    M    M  1.3  7  30   M    M   8 1       9  30
11  59  43  51  -1  14   0 0.19    M    M  3.8 13 340   M    M   7 18     16 330
12  60  39  50  -2  15   0    T    M    M  6.3 15 140   M    M   6        22 180
13  62  52  57   5   8   0 0.01    M    M  7.9 14 170   M    M  10 1      18 190
14  72  61  67  15   0   2 0.05    M    M 12.7 22 160   M    M  10 1      30 160
15  70  56  63  12   2   0 1.68    M    M  5.1 22 170   M    M   9 12     32 150
16  60  51  56   5   9   0 0.08    M    M  3.9 10 280   M    M   9 12     13 320
17  65  51  58   7   7   0    T    M    M 10.2 23 230   M    M   6        30 250
18  63  45  54   4  11   0    T    M    M 13.1 22 290   M    M  10        28 290
19  52  39  46  -4  19   0    T    M    M 12.5 24 310   M    M   4        31 310
20  56  41  49  -1  16   0    T    M    M  6.1 14 200   M    M   4        18 210
21  58  47  53   3  12   0 0.01    M    M  4.7 15 320   M    M  10 1      19 320
22  52  46  49   0  16   0    T    M    M 10.1 22 350   M    M  10        31 360
23  61  46  54   5  11   0 0.00    M    M 12.9 24 320   M    M   7        32 340
24  59  44  52   3  13   0 0.00    M    M  8.6 17 310   M    M   3        23 300
25  66  43  55   6  10   0 0.00    M    M 12.0 30 300   M    M   4        45 290
26  60  42  51   3  14   0 0.00    M    M 13.8 30 290   M    M   0        42 290
27  69  36  53   5  12   0 0.00  0.0    0  3.8 14 180   M    M   0        18 170
28  79  48  64  16   1   0    T    M    M 12.3 31 230   M    M   2        41 230
29  64  47  56   9   9   0 0.12    M    M  9.6 21 280   M    M   8 1      26 290
================================================================================
SM 1825 1339       297   2  3.03     0.0 248.4          M      178
================================================================================
AV 62.9 46.2                               8.6 FASTST   M    M   6    MAX(MPH)
                                 MISC ---->  # 31 230               # 45  290
================================================================================
NOTES:
# LAST OF SEVERAL OCCURRENCES

COLUMN 17 PEAK WIND IN M.P.H.

PRELIMINARY LOCAL CLIMATOLOGICAL DATA (WS FORM: F-6) , PAGE 2

                                          STATION:  ALTOONA
                                          MONTH:    OCTOBER
                                          YEAR:     2014
                                          LATITUDE:   40 17 N
                                          LONGITUDE:  78 19 W

[TEMPERATURE DATA]      [PRECIPITATION DATA]       SYMBOLS USED IN COLUMN 16

AVERAGE MONTHLY: 54.6   TOTAL FOR MONTH:   3.03    1 = FOG OR MIST
DPTR FM NORMAL:   3.2   DPTR FM NORMAL:    0.61    2 = FOG REDUCING VISIBILITY
HIGHEST:    79 ON 28    GRTST 24HR  1.70 ON 14-15      TO 1/4 MILE OR LESS
LOWEST:     36 ON 27                               3 = THUNDER
                        SNOW, ICE PELLETS, HAIL    4 = ICE PELLETS
                        TOTAL MONTH:   0.0 INCH    5 = HAIL
                        GRTST 24HR     0.0         6 = FREEZING RAIN OR DRIZZLE
                        GRTST DEPTH:   0           7 = DUSTSTORM OR SANDSTORM:
                                                       VSBY 1/2 MILE OR LESS
                                                   8 = SMOKE OR HAZE
[NO. OF DAYS WITH]      [WEATHER - DAYS WITH]      9 = BLOWING SNOW
                                                   X = TORNADO
MAX 32 OR BELOW:   0    0.01 INCH OR MORE:  13
MAX 90 OR ABOVE:   0    0.10 INCH OR MORE:   6
MIN 32 OR BELOW:   0    0.50 INCH OR MORE:   1
MIN  0 OR BELOW:   0    1.00 INCH OR MORE:   1

[HDD (BASE 65) ]
TOTAL THIS MO.   297    CLEAR  (SCALE 0-3)   5
DPTR FM NORMAL  -103    PTCLDY (SCALE 4-7)  16
TOTAL FM JUL 1   455    CLOUDY (SCALE 8-10)  8
DPTR FM NORMAL  -116

[CDD (BASE 65) ]
TOTAL THIS MO.     2
DPTR FM NORMAL     2    [PRESSURE DATA]
TOTAL FM JAN 1   521    HIGHEST SLP M ON M
DPTR FM NORMAL    -1    LOWEST  SLP 29.54 ON 18

[REMARKS]
