000
CXUS53 KAPX 240631
CF6APX
PRELIMINARY LOCAL CLIMATOLOGICAL DATA (WS FORM: F-6)

                                          STATION:   GAYLORD  WFO
                                          MONTH:     NOVEMBER
                                          YEAR:      2017
                                          LATITUDE:   45  4 N
                                          LONGITUDE:  84 43 W

  TEMPERATURE IN F:       :PCPN:    SNOW:  WIND      :SUNSHINE: SKY     :PK WND
================================================================================
1   2   3   4   5  6A  6B    7    8   9   10  11  12  13   14  15   16   17  18
                                     12Z  AVG MX 2MIN
DY MAX MIN AVG DEP HDD CDD  WTR  SNW DPTH SPD SPD DIR MIN PSBL S-S WX    SPD DR
================================================================================

 1  38  31  35  -4  30   0    T    T    4   M   M   M   M    M   M         M  M
 2  42  33  38  -1  27   0 0.13  0.2    3   M   M   M   M    M   M         M  M
 3  41  30  36  -2  29   0    T    T    0   M   M   M   M    M   M         M  M
 4  39  30  35  -3  30   0 0.14  0.5    T   M   M   M   M    M   M         M  M
 5  46  34  40   2  25   0 0.04  0.0    0   M   M   M   M    M   M         M  M
 6  39  29  34  -3  31   0    T    T    0   M   M   M   M    M   M         M  M
 7  38  24  31  -6  34   0 0.00  0.0    0   M   M   M   M    M   M         M  M
 8  41  21  31  -5  34   0 0.00  0.0    0   M   M   M   M    M   M         M  M
 9  34  13  24 -12  41   0 0.37  6.3    T   M   M   M   M    M   M         M  M
10  17  -1   8 -28  57   0 0.08  1.4    6   M   M   M   M    M   M         M  M
11  26  11  19 -16  46   0 0.08  1.1    4   M   M   M   M    M   M         M  M
12  33  26  30  -5  35   0    T  0.0    5   M   M   M   M    M   M         M  M
13  35  26  31  -3  34   0    T    T    3   M   M   M   M    M   M         M  M
14  41  29  35   1  30   0 0.01  0.0    3   M   M   M   M    M   M         M  M
15  40  35  38   4  27   0 1.02    T    T   M   M   M   M    M   M         M  M
16  36  23  30  -3  35   0 0.26  0.9    T   M   M   M   M    M   M         M  M
17  35  19  27  -6  38   0 0.27    T    T   M   M   M   M    M   M         M  M
18  35  32  34   2  31   0 0.16    T    T   M   M   M   M    M   M         M  M
19  32  29  31  -1  34   0 0.09  1.3    1   M   M   M   M    M   M         M  M
20  43  22  33   1  32   0    T    T    1   M   M   M   M    M   M         M  M
21  43  23  33   2  32   0 0.02  0.3    0   M   M   M   M    M   M         M  M
22  28  22  25  -6  40   0 0.01  0.2    T   M   M   M   M    M   M         M  M
23  36  23  30   0  35   0    T    T    T   M   M   M   M    M   M         M  M
================================================================================
SM  838  564       787   0  2.68    12.2     M          M        M
================================================================================
AV 36.4 24.5                                 M FASTST   M    M   8    MAX(MPH)
                                 MISC ---->     M   M                  M    M
================================================================================
NOTES:
# LAST OF SEVERAL OCCURRENCES

COLUMN 17 PEAK WIND IN M.P.H.

PRELIMINARY LOCAL CLIMATOLOGICAL DATA (WS FORM: F-6) , PAGE 2

                                          STATION:  GAYLORD  WFO
                                          MONTH:    NOVEMBER
                                          YEAR:     2017
                                          LATITUDE:   45  4 N
                                          LONGITUDE:  84 43 W

[TEMPERATURE DATA]      [PRECIPITATION DATA]       SYMBOLS USED IN COLUMN 16

AVERAGE MONTHLY: 30.5   TOTAL FOR MONTH:   2.68    1 = FOG OR MIST
DPTR FM NORMAL:  -4.3   DPTR FM NORMAL:    0.15    2 = FOG REDUCING VISIBILITY
HIGHEST:    46 ON  5    GRTST 24HR  1.02 ON 15-15      TO 1/4 MILE OR LESS
LOWEST:     -1 ON 10                               3 = THUNDER
                        SNOW, ICE PELLETS, HAIL    4 = ICE PELLETS
                        TOTAL MONTH:  12.2 INCHES  5 = HAIL
                        GRTST 24HR   6.3 ON  9- 9  6 = FREEZING RAIN OR DRIZZLE
                        GRTST DEPTH:   6 ON 10     7 = DUSTSTORM OR SANDSTORM:
                                                       VSBY 1/2 MILE OR LESS
                                                   8 = SMOKE OR HAZE
[NO. OF DAYS WITH]      [WEATHER - DAYS WITH]      9 = BLOWING SNOW
                                                   X = TORNADO
MAX 32 OR BELOW:   4    0.01 INCH OR MORE:  14
MAX 90 OR ABOVE:   0    0.10 INCH OR MORE:   7
MIN 32 OR BELOW:  20    0.50 INCH OR MORE:   1
MIN  0 OR BELOW:   1    1.00 INCH OR MORE:   1

[HDD (BASE 65) ]
TOTAL THIS MO.   787    CLEAR  (SCALE 0-3)   0
DPTR FM NORMAL    90    PTCLDY (SCALE 4-7)   0
TOTAL FM JUL 1  1484    CLOUDY (SCALE 8-10)  0
DPTR FM NORMAL  -218

[CDD (BASE 65) ]
TOTAL THIS MO.     0
DPTR FM NORMAL     0    [PRESSURE DATA]
TOTAL FM JAN 1   299    HIGHEST SLP M ON M
DPTR FM NORMAL    38    LOWEST  SLP M ON M

[REMARKS]
