000
CXUS54 KLCH 282010
CF6ARA
PRELIMINARY LOCAL CLIMATOLOGICAL DATA (WS FORM: F-6)

                                          STATION:   NEW IBERIA
                                          MONTH:     SEPTEMBER
                                          YEAR:      2016
                                          LATITUDE:   30  1 N
                                          LONGITUDE:  91 53 W

  TEMPERATURE IN F:       :PCPN:    SNOW:  WIND      :SUNSHINE: SKY     :PK WND
================================================================================
1   2   3   4   5  6A  6B    7    8   9   10  11  12  13   14  15   16   17  18
                                     12Z  AVG MX 2MIN
DY MAX MIN AVG DEP HDD CDD  WTR  SNW DPTH SPD SPD DIR MIN PSBL S-S WX    SPD DR
================================================================================

 1  97  77  87   5   0  22 0.00  0.0    0  8.8 17  30   M    M   1        22  30
 2  95  76  86   4   0  21 0.00  0.0    0  8.1 15  20   M    M   0 18     19  20
 3  94  73  84   2   0  19    T  0.0    0  5.7 15 140   M    M   1        20 140
 4  91  74  83   2   0  18 3.07  0.0    0  4.4 24 200   M    M   3 138    28 190
 5  89  75  82   1   0  17    T  0.0    0  4.7 15 150   M    M   2 13     18 150
 6  92  75  84   3   0  19    T  0.0    0  4.7 14 160   M    M   2        17 160
 7  93  75  84   3   0  19 0.07  0.0    0  4.3 24 120   M    M   3 13     29 120
 8  91  73  82   1   0  17    T  0.0    0  4.6 13 160   M    M   2        16 160
 9  93  73  83   3   0  18    T  0.0    0  5.2 18 120   M    M   1 3      23 120
10  95  75  85   5   0  20 2.86  0.0    0  3.9 20 110   M    M   2 13     23 100
11  91  73  82   2   0  17 0.26  0.0    0  4.9 20  20   M    M   3 138    25  10
12  89  73  81   1   0  16 0.17  0.0    0  5.8 23 140   M    M   1 13     29 130
13  92  74  83   3   0  18 0.07  0.0    0  7.4 16  30   M    M   1 8      24  80
14  93  75  84   5   0  19 0.07  0.0    0  7.5 16 110   M    M   2        21 100
15  90  76  83   4   0  18    T  0.0    0  7.5 17 130   M    M   3 3      22 110
16  86  76  81   2   0  16 0.89  0.0    0  5.7 14 160   M    M   5 13     18 150
17  86  76  81   2   0  16 0.29  0.0    0  5.2 20 210   M    M   5 1      27 220
18  92  74  83   5   0  18 0.00  0.0    0  4.4 13 350   M    M   2 1      17 300
19  94  73  84   6   0  19 0.00  0.0    0  4.6 12  10   M    M   1 12     14  30
20  93  72  83   5   0  18 0.00  0.0    0  7.1 15  20   M    M   0        19  30
21  93  73  83   5   0  18 0.00  0.0    0  5.8 10 100   M    M   1 3       M  M
22  92  77  85   8   0  20 0.00  0.0    0  4.5  8 160   M    M   1         M  M
23  92  74  83   6   0  18 0.00  0.0    0  4.6 12 180   M    M   2        15 180
24  92  72  82   5   0  17    T  0.0    0  4.7 26 160   M    M   2 3      34 140
25  89  72  81   5   0  16 0.00  0.0    0  4.0 17 180   M    M   1 3      23 200
26  92  71  82   6   0  17 0.00  0.0    0  2.9  9 310   M    M   1 1      14  80
27  90  71  81   5   0  16    T  0.0    0  6.3 13  20   M    M   1        16  30
================================================================================
SM 2476 1998         0 487  7.75     0.0 147.3          M       49
================================================================================
AV 91.7 74.0                               5.5 FASTST   M    M   2    MAX(MPH)
                                 MISC ---->  # 26 160               # 34  140
================================================================================
NOTES:
# LAST OF SEVERAL OCCURRENCES

COLUMN 17 PEAK WIND IN M.P.H.

PRELIMINARY LOCAL CLIMATOLOGICAL DATA (WS FORM: F-6) , PAGE 2

                                          STATION:  NEW IBERIA
                                          MONTH:    SEPTEMBER
                                          YEAR:     2016
                                          LATITUDE:   30  1 N
                                          LONGITUDE:  91 53 W

[TEMPERATURE DATA]      [PRECIPITATION DATA]       SYMBOLS USED IN COLUMN 16

AVERAGE MONTHLY: 82.9   TOTAL FOR MONTH:   7.75    1 = FOG OR MIST
DPTR FM NORMAL:   3.7   DPTR FM NORMAL:    3.67    2 = FOG REDUCING VISIBILITY
HIGHEST:    97 ON  1    GRTST 24HR  3.07 ON  4- 4      TO 1/4 MILE OR LESS
LOWEST:     71 ON 27,26                            3 = THUNDER
                        SNOW, ICE PELLETS, HAIL    4 = ICE PELLETS
                        TOTAL MONTH:   0.0 INCH    5 = HAIL
                        GRTST 24HR     0.0         6 = FREEZING RAIN OR DRIZZLE
                        GRTST DEPTH:   0           7 = DUSTSTORM OR SANDSTORM:
                                                       VSBY 1/2 MILE OR LESS
                                                   8 = SMOKE OR HAZE
[NO. OF DAYS WITH]      [WEATHER - DAYS WITH]      9 = BLOWING SNOW
                                                   X = TORNADO
MAX 32 OR BELOW:   0    0.01 INCH OR MORE:   9
MAX 90 OR ABOVE:  22    0.10 INCH OR MORE:   6
MIN 32 OR BELOW:   0    0.50 INCH OR MORE:   3
MIN  0 OR BELOW:   0    1.00 INCH OR MORE:   2

[HDD (BASE 65) ]
TOTAL THIS MO.     0    CLEAR  (SCALE 0-3)  25
DPTR FM NORMAL     0    PTCLDY (SCALE 4-7)   2
TOTAL FM JUL 1     0    CLOUDY (SCALE 8-10)  0
DPTR FM NORMAL     0

[CDD (BASE 65) ]
TOTAL THIS MO.   487
DPTR FM NORMAL   104    [PRESSURE DATA]
TOTAL FM JAN 1  2772    HIGHEST SLP M ON M
DPTR FM NORMAL   246    LOWEST  SLP 29.83 ON  1

[REMARKS]
