000
CXUS53 KARX 301114
CF6ARX
PRELIMINARY LOCAL CLIMATOLOGICAL DATA (WS FORM: F-6)

                                          STATION:   La Crosse Weather Office WI
                                          MONTH:     MAY
                                          YEAR:      2016
                                          LATITUDE:   43 49 N
                                          LONGITUDE:  91 12 W

  TEMPERATURE IN F:       :PCPN:    SNOW:  WIND      :SUNSHINE: SKY     :PK WND
================================================================================
1   2   3   4   5  6A  6B    7    8   9   10  11  12  13   14  15   16   17  18
                                     12Z  AVG MX 2MIN
DY MAX MIN AVG DEP HDD CDD  WTR  SNW DPTH SPD SPD DIR MIN PSBL S-S WX    SPD DR
================================================================================

 1  54  40  47  -5  18   0 0.01  0.0    0   M   M   M   M    M   M        22  M
 2  64  41  53   0  12   0 0.00  0.0    0   M   M   M   M    M   M        12  M
 3  68  45  57   4   8   0 0.22  0.0    0   M   M   M   M    M   M 3      41  M
 4  61  41  51  -2  14   0 0.00  0.0    0   M   M   M   M    M   M        35  M
 5  67  41  54   0  11   0 0.00  0.0    0   M   M   M   M    M   M         9 330
 6  87  55  71  17   0   6    T  0.0    0   M   M   M   M    M   M        30 240
 7  72  53  63   9   2   0 0.00  0.0    0   M   M   M   M    M   M        25 360
 8  71  44  58   3   7   0 0.00  0.0    0   M   M   M   M    M   M        14 330
 9  64  49  57   2   8   0 0.15  0.0    0   M   M   M   M    M   M        26  M
10  51  46  49  -6  16   0 0.58  0.0    0   M   M   M   M    M   M        26  M
11  63  46  55   0  10   0 0.45  0.0    0   M   M   M   M    M   M 1      12  M
12  60  49  55  -1  10   0 0.01  0.0    0   M   M   M   M    M   M 2      27  M
13  49  37  43 -13  22   0 0.27  0.0    0   M   M   M   M    M   M        30  M
14  46  34  40 -16  25   0    T    T    0   M   M   M   M    M   M        27 310
15  59  30  45 -11  20   0 0.00  0.0    0   M   M   M   M    M   M        27 260
16  67  46  57   0   8   0    T  0.0    0   M   M   M   M    M   M        24  M
17  61  41  51  -6  14   0 0.00  0.0    0   M   M   M   M    M   M        21  M
18  66  43  55  -2  10   0 0.00  0.0    0   M   M   M   M    M   M        13  M
19  69  47  58   0   7   0 0.00  0.0    0   M   M   M   M    M   M        22  M
20  74  55  65   7   0   0 0.00  0.0    0   M   M   M   M    M   M        21  M
21  76  53  65   7   0   0 0.00  0.0    0   M   M   M   M    M   M        15  M
22  80  57  69  11   0   4 0.00  0.0    0   M   M   M   M    M   M        20  M
23  81  61  71  12   0   6 0.00  0.0    0   M   M   M   M    M   M        28  M
24  81  65  73  14   0   8    T  0.0    0   M   M   M   M    M   M        14  M
25  75  63  69  10   0   4 0.42  0.0    0   M   M   M   M    M   M        21  M
26  78  58  68   8   0   3 0.39  0.0    0   M   M   M   M    M   M 3      31  M
27  75  62  69   9   0   4 0.19  0.0    0   M   M   M   M    M   M 12     20  M
28  76  61  69   9   0   4 0.43  0.0    0   M   M   M   M    M   M 123    21  M
29  75  60  68   7   0   3 0.06  0.0    0   M   M   M   M    M   M        24  M
================================================================================
SM 1970 1423       222  42  3.18    T        M          M        M
================================================================================
AV 67.9 49.1                                 M FASTST   M    M   4    MAX(MPH)
                                 MISC ---->     M   M                 41    M
================================================================================
NOTES:
# LAST OF SEVERAL OCCURRENCES

COLUMN 17 PEAK WIND IN M.P.H.

PRELIMINARY LOCAL CLIMATOLOGICAL DATA (WS FORM: F-6) , PAGE 2

                                          STATION:  La Crosse Weather Office WI
                                          MONTH:    MAY
                                          YEAR:     2016
                                          LATITUDE:   43 49 N
                                          LONGITUDE:  91 12 W

[TEMPERATURE DATA]      [PRECIPITATION DATA]       SYMBOLS USED IN COLUMN 16

AVERAGE MONTHLY: 58.5   TOTAL FOR MONTH:   3.18    1 = FOG OR MIST
DPTR FM NORMAL:   2.0   DPTR FM NORMAL:   -0.59    2 = FOG REDUCING VISIBILITY
HIGHEST:    87 ON  6    GRTST 24HR  0.58 ON 10-10      TO 1/4 MILE OR LESS
LOWEST:     30 ON 15                               3 = THUNDER
                        SNOW, ICE PELLETS, HAIL    4 = ICE PELLETS
                        TOTAL MONTH:    T          5 = HAIL
                        GRTST 24HR    T  ON 14-14  6 = FREEZING RAIN OR DRIZZLE
                        GRTST DEPTH:   0           7 = DUSTSTORM OR SANDSTORM:
                                                       VSBY 1/2 MILE OR LESS
                                                   8 = SMOKE OR HAZE
[NO. OF DAYS WITH]      [WEATHER - DAYS WITH]      9 = BLOWING SNOW
                                                   X = TORNADO
MAX 32 OR BELOW:   0    0.01 INCH OR MORE:  12
MAX 90 OR ABOVE:   0    0.10 INCH OR MORE:   9
MIN 32 OR BELOW:   1    0.50 INCH OR MORE:   1
MIN  0 OR BELOW:   0    1.00 INCH OR MORE:   0

[HDD (BASE 65) ]
TOTAL THIS MO.   222    CLEAR  (SCALE 0-3)   0
DPTR FM NORMAL   -38    PTCLDY (SCALE 4-7)   0
TOTAL FM JUL 1  6552    CLOUDY (SCALE 8-10)  0
DPTR FM NORMAL -1099

[CDD (BASE 65) ]
TOTAL THIS MO.    42
DPTR FM NORMAL    30    [PRESSURE DATA]
TOTAL FM JAN 1    51    HIGHEST SLP M ON M
DPTR FM NORMAL    38    LOWEST  SLP M ON M

[REMARKS]
