000
CXUS55 KGJT 281000
CF6ASE
PRELIMINARY LOCAL CLIMATOLOGICAL DATA (WS FORM: F-6)

                                          STATION:   ASPEN CO
                                          MONTH:     JULY
                                          YEAR:      2015
                                          LATITUDE:   39 13 N
                                          LONGITUDE: 106 52 W

  TEMPERATURE IN F:       :PCPN:    SNOW:  WIND      :SUNSHINE: SKY     :PK WND
================================================================================
1   2   3   4   5  6A  6B    7    8   9   10  11  12  13   14  15   16   17  18
                                     12Z  AVG MX 2MIN
DY MAX MIN AVG DEP HDD CDD  WTR  SNW DPTH SPD SPD DIR MIN PSBL S-S WX    SPD DR
================================================================================

 1  85  52  69   7   0   4    T    M    M  4.8 15  90   M    M   2 38     27 340
 2  85  53  69   7   0   4    T    M    M  6.2 20 330   M    M   3 38     31  80
 3  84  51  68   6   0   3 0.02    M    M  6.4 16 270   M    M   3 3      21  10
 4  84  50  67   5   0   2 0.06    M    M  6.5 21 350   M    M   3 3      31 170
 5  71  52  62  -1   3   0 0.18    M    M  4.9 16 320   M    M   6 1      22 320
 6  73  50  62  -1   3   0 0.00    M    M  4.8 15 360   M    M   4 3      21  10
 7  66  50  58  -5   7   0 0.55    M    M  3.9 17 320   M    M   6 13     22 340
 8  62  49  56  -7   9   0 0.72    M    M  3.2 18 320   M    M   9 13     23 330
 9  71  43  57  -6   8   0 0.08    M    M  4.8 30 170   M    M   5 3      36 170
10  71  47  59  -4   6   0 0.10    M    M  5.1 30 190   M    M   6 3      36 200
11  74  43  59  -5   6   0 0.04    M    M  4.1 26 180   M    M   2        36 190
12  80  46  63  -1   2   0 0.00    M    M  6.0 20 200   M    M   2        29 190
13  76  51  64   0   1   0 0.37    M    M  4.9 28 190   M    M   3 3      34 200
14  75  49  62  -2   3   0 0.18    M    M  5.4 24 160   M    M   6 3      36 170
15  73  44  59  -5   6   0 0.01    M    M  5.5 20 350   M    M   4 3      27 340
16  76  42  59  -5   6   0    T    M    M  5.5 17 180   M    M   2 3      22 130
17  78  49  64   0   1   0 0.00    M    M  7.3 23 340   M    M   3 3      35 350
18  76  47  62  -2   3   0 0.15    M    M  5.3 25 330   M    M   3 13     32 330
19  65  50  58  -6   7   0 0.05    M    M  3.2  9 220   M    M   8 1      12 330
20  78  46  62  -2   3   0 0.81    M    M  7.2 18 130   M    M   3 13     26 140
21  66  51  59  -5   6   0 0.17    M    M  4.4 20 340   M    M   9 13     27 350
22  74  47  61  -3   4   0    T    M    M  4.6 18 350   M    M   4 3      25 350
23  81  47  64   0   1   0 0.00    M    M  5.9 18 230   M    M   2        28 220
24  70  49  60  -4   5   0 0.16    M    M  6.0 22 130   M    M   5        29 160
25  80  45  63  -1   2   0 0.00    M    M  5.1 12 220   M    M   0        17 330
26  75  47  61  -3   4   0 0.00    M    M  8.1 30 170   M    M   1        37 170
27  81  52  67   3   0   2    T    M    M  7.2 23 210   M    M   4        32 240
================================================================================
SM 2030 1302        96  15  3.65    M    146.3          M      108
================================================================================
AV 75.2 48.2                               5.4 FASTST   M    M   4    MAX(MPH)
                                 MISC ---->  # 30 170               # 37  170
================================================================================
NOTES:
# LAST OF SEVERAL OCCURRENCES

COLUMN 17 PEAK WIND IN M.P.H.

PRELIMINARY LOCAL CLIMATOLOGICAL DATA (WS FORM: F-6) , PAGE 2

                                          STATION:  ASPEN CO
                                          MONTH:    JULY
                                          YEAR:     2015
                                          LATITUDE:   39 13 N
                                          LONGITUDE: 106 52 W

[TEMPERATURE DATA]      [PRECIPITATION DATA]       SYMBOLS USED IN COLUMN 16

AVERAGE MONTHLY: 61.7   TOTAL FOR MONTH:   3.65    1 = FOG OR MIST
DPTR FM NORMAL:  -1.8   DPTR FM NORMAL:    2.20    2 = FOG REDUCING VISIBILITY
HIGHEST:    85 ON  2, 1 GRTST 24HR  0.93 ON 20-21      TO 1/4 MILE OR LESS
LOWEST:     42 ON 16                               3 = THUNDER
                        SNOW, ICE PELLETS, HAIL    4 = ICE PELLETS
                        TOTAL MONTH:    M          5 = HAIL
                        GRTST 24HR    M  ON   M    6 = FREEZING RAIN OR DRIZZLE
                        GRTST DEPTH:  M  ON   M    7 = DUSTSTORM OR SANDSTORM:
                                                       VSBY 1/2 MILE OR LESS
                                                   8 = SMOKE OR HAZE
[NO. OF DAYS WITH]      [WEATHER - DAYS WITH]      9 = BLOWING SNOW
                                                   X = TORNADO
MAX 32 OR BELOW:   0    0.01 INCH OR MORE:  16
MAX 90 OR ABOVE:   0    0.10 INCH OR MORE:  10
MIN 32 OR BELOW:   0    0.50 INCH OR MORE:   3
MIN  0 OR BELOW:   0    1.00 INCH OR MORE:   0

[HDD (BASE 65) ]
TOTAL THIS MO.    96    CLEAR  (SCALE 0-3)  13
DPTR FM NORMAL    33    PTCLDY (SCALE 4-7)  12
TOTAL FM JUL 1    96    CLOUDY (SCALE 8-10)  2
DPTR FM NORMAL    33

[CDD (BASE 65) ]
TOTAL THIS MO.    15
DPTR FM NORMAL   -10    [PRESSURE DATA]
TOTAL FM JAN 1    51    HIGHEST SLP M ON M
DPTR FM NORMAL    22    LOWEST  SLP 29.69 ON 27

[REMARKS]
