000
CXUS55 KGJT 281000
CF6ASE
PRELIMINARY LOCAL CLIMATOLOGICAL DATA (WS FORM: F-6)

                                          STATION:   ASPEN CO
                                          MONTH:     FEBRUARY
                                          YEAR:      2015
                                          LATITUDE:   39 13 N
                                          LONGITUDE: 106 52 W

  TEMPERATURE IN F:       :PCPN:    SNOW:  WIND      :SUNSHINE: SKY     :PK WND
================================================================================
1   2   3   4   5  6A  6B    7    8   9   10  11  12  13   14  15   16   17  18
                                     12Z  AVG MX 2MIN
DY MAX MIN AVG DEP HDD CDD  WTR  SNW DPTH SPD SPD DIR MIN PSBL S-S WX    SPD DR
================================================================================

 1  33  12  23   3  42   0    T    M    M  5.4 15 320   M    M   6        21 330
 2  42  21  32  12  33   0 0.01    M    M  4.3 13 140   M    M   7 18     15 130
 3  45  23  34  14  31   0    T    M    M  4.2 10 320   M    M   7        13 330
 4  39  30  35  15  30   0 0.01    M    M  4.1 10 160   M    M   9 18     14 160
 5  51  24  38  18  27   0 0.00    M    M  5.9 12 210   M    M   0        14 210
 6  55  21  38  17  27   0 0.00    M    M  5.1 14 210   M    M   0        17 190
 7  52  21  37  16  28   0 0.00    M    M  5.7 13 300   M    M   1        16 330
 8  52  26  39  18  26   0 0.00    M    M  5.7 12 220   M    M   4        13 210
 9  56  21  39  18  26   0 0.00    M    M  5.7 12 250   M    M   1        15 290
10  43  27  35  14  30   0 0.01    M    M  6.9 15 120   M    M   8 1      19 130
11  46  22  34  13  31   0    T    M    M  5.7 12 210   M    M   4 1      13 210
12  46  19  33  12  32   0 0.00    M    M  6.3 14 330   M    M   2        16 330
13  52  20  36  14  29   0 0.00    M    M  5.9 12 220   M    M   0        16 210
14  56  20  38  16  27   0 0.00    M    M  5.7 10 220   M    M   0        13 340
15  46  22  34  12  31   0    T    M    M  6.3 24 330   M    M   3        33 330
16  31   8  20  -2  45   0 0.02    M    M  4.0 16 360   M    M   8 18     21 360
17  33  10  22   0  43   0 0.00    M    M  6.8 17 320   M    M   4        28 360
18  45  11  28   5  37   0 0.00    M    M  6.6 15 320   M    M   2        18 360
19  51  17  34  11  31   0 0.00    M    M  5.8 12 210   M    M   0        15  50
20  44  24  34  11  31   0 0.02    M    M  5.9 32 340   M    M   7 128    49 350
21  30  12  21  -3  44   0 0.17    M    M  3.7 13 320   M    M  10 18     18 320
22  25  12  19  -5  46   0 0.32    M    M  3.1  9 210   M    M   8 18     13 200
23  34  14  24   0  41   0 0.08    M    M  3.8 12  10   M    M   9 18     15  10
24  36  12  24   0  41   0 0.00    M    M  4.6 10 210   M    M   4 12     13 200
25  36  20  28   3  37   0 0.01    M    M  5.0 23 340   M    M   9 18     30 350
26  31   7  19  -6  46   0    T    M    M  3.5 14 310   M    M   7 18     18 310
27  29   6  18  -7  47   0 0.06    M    M  5.6 12 360   M    M   9 18     15 350
================================================================================
SM 1139  482       939   0  0.71    M    141.3          M      129
================================================================================
AV 42.2 17.9                               5.2 FASTST   M    M   5    MAX(MPH)
                                 MISC ---->  # 32 340               # 49  350
================================================================================
NOTES:
# LAST OF SEVERAL OCCURRENCES

COLUMN 17 PEAK WIND IN M.P.H.

PRELIMINARY LOCAL CLIMATOLOGICAL DATA (WS FORM: F-6) , PAGE 2

                                          STATION:  ASPEN CO
                                          MONTH:    FEBRUARY
                                          YEAR:     2015
                                          LATITUDE:   39 13 N
                                          LONGITUDE: 106 52 W

[TEMPERATURE DATA]      [PRECIPITATION DATA]       SYMBOLS USED IN COLUMN 16

AVERAGE MONTHLY: 30.0   TOTAL FOR MONTH:   0.71    1 = FOG OR MIST
DPTR FM NORMAL:   7.9   DPTR FM NORMAL:   -0.45    2 = FOG REDUCING VISIBILITY
HIGHEST:    56 ON 14, 9 GRTST 24HR  0.39 ON 22-23      TO 1/4 MILE OR LESS
LOWEST:      6 ON 27                               3 = THUNDER
                        SNOW, ICE PELLETS, HAIL    4 = ICE PELLETS
                        TOTAL MONTH:    M          5 = HAIL
                        GRTST 24HR    M  ON   M    6 = FREEZING RAIN OR DRIZZLE
                        GRTST DEPTH:  M  ON   M    7 = DUSTSTORM OR SANDSTORM:
                                                       VSBY 1/2 MILE OR LESS
                                                   8 = SMOKE OR HAZE
[NO. OF DAYS WITH]      [WEATHER - DAYS WITH]      9 = BLOWING SNOW
                                                   X = TORNADO
MAX 32 OR BELOW:   5    0.01 INCH OR MORE:  10
MAX 90 OR ABOVE:   0    0.10 INCH OR MORE:   2
MIN 32 OR BELOW:  27    0.50 INCH OR MORE:   0
MIN  0 OR BELOW:   0    1.00 INCH OR MORE:   0

[HDD (BASE 65) ]
TOTAL THIS MO.   939    CLEAR  (SCALE 0-3)  10
DPTR FM NORMAL  -220    PTCLDY (SCALE 4-7)  11
TOTAL FM JUL 1  5447    CLOUDY (SCALE 8-10)  6
DPTR FM NORMAL  -834

[CDD (BASE 65) ]
TOTAL THIS MO.     0
DPTR FM NORMAL     0    [PRESSURE DATA]
TOTAL FM JAN 1     0    HIGHEST SLP M ON M
DPTR FM NORMAL     0    LOWEST  SLP 29.66 ON 20

[REMARKS]
