000
CXUS54 KEWX 250910
CF6ATT
PRELIMINARY LOCAL CLIMATOLOGICAL DATA (WS FORM: F-6)

                                          STATION:   AUSTIN CAMP MABRY
                                          MONTH:     FEBRUARY
                                          YEAR:      2018
                                          LATITUDE:   30 17 N
                                          LONGITUDE:  97 42 W

  TEMPERATURE IN F:       :PCPN:    SNOW:  WIND      :SUNSHINE: SKY     :PK WND
================================================================================
1   2   3   4   5  6A  6B    7    8   9   10  11  12  13   14  15   16   17  18
                                     12Z  AVG MX 2MIN
DY MAX MIN AVG DEP HDD CDD  WTR  SNW DPTH SPD SPD DIR MIN PSBL S-S WX    SPD DR
================================================================================

 1  73  53  63  10   2   0 0.00  0.0    0  5.8 14 360   M    M   0        23  10
 2  59  45  52  -1  13   0 0.00  0.0    0  6.9 15  20   M    M   7        24  20
 3  56  43  50  -3  15   0 0.06  0.0    0  4.8 10 150   M    M   6 1      16 190
 4  76  42  59   6   6   0 0.00  0.0    0  3.2 14  30   M    M   3 12     25  20
 5  55  40  48  -5  17   0 0.00  0.0    0  4.5 14  20   M    M   5        23  30
 6  54  39  47  -6  18   0 0.07  0.0    0  5.1 12 350   M    M  10 1      18 360
 7  48  36  42 -12  23   0 0.01  0.0    0  7.4 16 360   M    M   3        24  10
 8  59  34  47  -7  18   0 0.00  0.0    0  4.3  9 160   M    M   3        16  20
 9  64  52  58   4   7   0 0.03  0.0    0  3.0  9 160   M    M  10 1      14 150
10  62  40  51  -3  14   0 0.04  0.0    0  4.6 14  10   M    M  10 18     19 360
11  43  31  37 -17  28   0 0.10    T    0  7.6 16 360   M    M   7 13456  25 360
12  44  31  38 -16  27   0 0.00  0.0    0  5.1 13  20   M    M   3 8      19  20
13  47  39  43 -12  22   0 0.04  0.0    0  1.3  6  30   M    M  10 18      9  80
14  72  46  59   4   6   0 0.04  0.0    0  2.8 10 140   M    M   7 128    17 150
15  77  64  71  16   0   6    T  0.0    0  5.9 14 210   M    M   8 1      24 190
16  71  57  64   9   1   0 0.00  0.0    0  4.7 15 360   M    M  10        22  10
17  62  50  56   1   9   0    T  0.0    0  3.0 10 340   M    M   7 1      15 340
18  75  51  63   7   2   0    T  0.0    0  5.0 16 160   M    M   9 1      25 170
19  80  69  75  19   0  10    T  0.0    0  9.4 20 150   M    M   9        31 180
20  73  69  71  15   0   6 0.20  0.0    0  8.1 18 140   M    M   9 1      32 160
21  71  39  55  -1  10   0 0.13  0.0    0  8.1 16  30   M    M   9 13     24  20
22  44  37  41 -15  24   0 0.60  0.0    0  4.8  9 360   M    M  10 13     14  90
23  65  43  54  -3  11   0 0.30    M    0  2.2 12  60   M    M  10 123    20  60
24  74  62  68  11   0   3 0.01  0.0    0  6.2 14 150   M    M   8 1      29 200
================================================================================
SM 1504 1112       273  25  1.63    T    123.8          M      173
================================================================================
AV 62.7 46.3                               5.2 FASTST   M    M   7    MAX(MPH)
                                 MISC ---->  # 20 150               # 32  160
================================================================================
NOTES:
# LAST OF SEVERAL OCCURRENCES

COLUMN 17 PEAK WIND IN M.P.H.

PRELIMINARY LOCAL CLIMATOLOGICAL DATA (WS FORM: F-6) , PAGE 2

                                          STATION:  AUSTIN CAMP MABRY
                                          MONTH:    FEBRUARY
                                          YEAR:     2018
                                          LATITUDE:   30 17 N
                                          LONGITUDE:  97 42 W

[TEMPERATURE DATA]      [PRECIPITATION DATA]       SYMBOLS USED IN COLUMN 16

AVERAGE MONTHLY: 54.5   TOTAL FOR MONTH:   1.63    1 = FOG OR MIST
DPTR FM NORMAL:  -0.1   DPTR FM NORMAL:   -0.09    2 = FOG REDUCING VISIBILITY
HIGHEST:    80 ON 19    GRTST 24HR  0.60 ON 22-22      TO 1/4 MILE OR LESS
LOWEST:     31 ON 12,11                            3 = THUNDER
                        SNOW, ICE PELLETS, HAIL    4 = ICE PELLETS
                        TOTAL MONTH:    T          5 = HAIL
                        GRTST 24HR    T  ON 11-11  6 = FREEZING RAIN OR DRIZZLE
                        GRTST DEPTH:   0           7 = DUSTSTORM OR SANDSTORM:
                                                       VSBY 1/2 MILE OR LESS
                                                   8 = SMOKE OR HAZE
[NO. OF DAYS WITH]      [WEATHER - DAYS WITH]      9 = BLOWING SNOW
                                                   X = TORNADO
MAX 32 OR BELOW:   0    0.01 INCH OR MORE:  13
MAX 90 OR ABOVE:   0    0.10 INCH OR MORE:   5
MIN 32 OR BELOW:   2    0.50 INCH OR MORE:   1
MIN  0 OR BELOW:   0    1.00 INCH OR MORE:   0

[HDD (BASE 65) ]
TOTAL THIS MO.   273    CLEAR  (SCALE 0-3)   5
DPTR FM NORMAL     9    PTCLDY (SCALE 4-7)   6
TOTAL FM JUL 1  1257    CLOUDY (SCALE 8-10) 13
DPTR FM NORMAL   -47

[CDD (BASE 65) ]
TOTAL THIS MO.    25
DPTR FM NORMAL     6    [PRESSURE DATA]
TOTAL FM JAN 1    26    HIGHEST SLP M ON M
DPTR FM NORMAL    -2    LOWEST  SLP 29.75 ON 19

[REMARKS]
