000
CXUS51 KGYX 171000
CF6AUG
PRELIMINARY LOCAL CLIMATOLOGICAL DATA (WS FORM: F-6)

                                          STATION:   AUGUSTA
                                          MONTH:     JANUARY
                                          YEAR:      2018
                                          LATITUDE:   44 18 N
                                          LONGITUDE:  69 48 W

  TEMPERATURE IN F:       :PCPN:    SNOW:  WIND      :SUNSHINE: SKY     :PK WND
================================================================================
1   2   3   4   5  6A  6B    7    8   9   10  11  12  13   14  15   16   17  18
                                     12Z  AVG MX 2MIN
DY MAX MIN AVG DEP HDD CDD  WTR  SNW DPTH SPD SPD DIR MIN PSBL S-S WX    SPD DR
================================================================================

 1   7 -15  -4 -25  69   0 0.00  0.0    M  6.7 17 310   M    M   0        24 290
 2   9  -6   2 -18  63   0 0.00  0.0    M  5.8 16 290   M    M   1        23 290
 3  24  -2  11  -9  54   0 0.00  0.0    M  3.5 13 260   M    M   0 18     18 270
 4  25   4  15  -5  50   0 0.71    M    M 17.9 39 340   M    M   8 128    51 340
 5  24  -3  11  -9  54   0    T    M    M 16.4 26 290   M    M   7 89     44 270
 6  -1  -7  -4 -24  69   0    T    M    M 13.6 23 290   M    M   7 8      35 280
 7  12  -9   2 -18  63   0 0.00  0.0    M  7.0 15 280   M    M   4        22 300
 8  25  11  18  -1  47   0    T    M    M  3.1  8 200   M    M   9 1      12 220
 9  37  24  31  12  34   0    T    M    M  9.7 24 330   M    M   6 18     35 290
10  34  17  26   7  39   0 0.00  0.0    M  5.4 15 300   M    M   1 8      22 300
11  44  30  37  18  28   0    T  0.0    M  7.4 14 200   M    M   5 1      21 190
12  53  42  48  29  17   0 1.07  0.0    M 10.6 17 190   M    M  10 12     30 200
13  53  12  33  14  32   0 1.37    T    M 14.4 30 350   M    M   7 1      37 350
14  17   4  11  -8  54   0 0.00  0.0    M  8.3 14 350   M    M   0        17 350
15  14   1   8 -11  57   0    T    M    M 11.3 17  20   M    M   4 18     23  10
16   M   M   M   M   M   M    M    M    M   M   M   M   M    M   M 18      M  M
================================================================================
SM  377  103       730   0  3.15    T    141.1          M       69
================================================================================
AV 25.1  6.9                               9.4 FASTST   M    M   5    MAX(MPH)
                                 MISC ---->  # 39 340               # 51  340
================================================================================
NOTES:
# LAST OF SEVERAL OCCURRENCES

COLUMN 17 PEAK WIND IN M.P.H.

PRELIMINARY LOCAL CLIMATOLOGICAL DATA (WS FORM: F-6) , PAGE 2

                                          STATION:  AUGUSTA
                                          MONTH:    JANUARY
                                          YEAR:     2018
                                          LATITUDE:   44 18 N
                                          LONGITUDE:  69 48 W

[TEMPERATURE DATA]      [PRECIPITATION DATA]       SYMBOLS USED IN COLUMN 16

AVERAGE MONTHLY: 16.0   TOTAL FOR MONTH:   3.15    1 = FOG OR MIST
DPTR FM NORMAL:  -3.5   DPTR FM NORMAL:    1.81    2 = FOG REDUCING VISIBILITY
HIGHEST:    53 ON 13,12 GRTST 24HR  1.37 ON 13-13      TO 1/4 MILE OR LESS
LOWEST:    -15 ON  1                               3 = THUNDER
                        SNOW, ICE PELLETS, HAIL    4 = ICE PELLETS
                        TOTAL MONTH:    T          5 = HAIL
                        GRTST 24HR    T  ON 13-13  6 = FREEZING RAIN OR DRIZZLE
                        GRTST DEPTH:  M  ON   M    7 = DUSTSTORM OR SANDSTORM:
                                                       VSBY 1/2 MILE OR LESS
                                                   8 = SMOKE OR HAZE
[NO. OF DAYS WITH]      [WEATHER - DAYS WITH]      9 = BLOWING SNOW
                                                   X = TORNADO
MAX 32 OR BELOW:  10    0.01 INCH OR MORE:   3
MAX 90 OR ABOVE:   0    0.10 INCH OR MORE:   3
MIN 32 OR BELOW:  14    0.50 INCH OR MORE:   3
MIN  0 OR BELOW:   6    1.00 INCH OR MORE:   2

[HDD (BASE 65) ]
TOTAL THIS MO.   730    CLEAR  (SCALE 0-3)   5
DPTR FM NORMAL     3    PTCLDY (SCALE 4-7)   8
TOTAL FM JUL 1  3328    CLOUDY (SCALE 8-10)  2
DPTR FM NORMAL  -154

[CDD (BASE 65) ]
TOTAL THIS MO.     0
DPTR FM NORMAL     0    [PRESSURE DATA]
TOTAL FM JAN 1     0    HIGHEST SLP M ON M
DPTR FM NORMAL     0    LOWEST  SLP 28.75 ON  4

[REMARKS]
