000
CXUS53 KARX 260930
CF6AUM
PRELIMINARY LOCAL CLIMATOLOGICAL DATA (WS FORM: F-6)

                                          STATION:   AUSTIN_MUNI MN
                                          MONTH:     FEBRUARY
                                          YEAR:      2017
                                          LATITUDE:   43 40 N
                                          LONGITUDE:  92 56 W

  TEMPERATURE IN F:       :PCPN:    SNOW:  WIND      :SUNSHINE: SKY     :PK WND
================================================================================
1   2   3   4   5  6A  6B    7    8   9   10  11  12  13   14  15   16   17  18
                                     12Z  AVG MX 2MIN
DY MAX MIN AVG DEP HDD CDD  WTR  SNW DPTH SPD SPD DIR MIN PSBL S-S WX    SPD DR
================================================================================

 1  30  12  21   M  44   0 0.00  0.0    7 13.5 18 300   M    M   3        28 320
 2  18   9  14   M  51   0 0.00  0.0    7 12.4 18 300   M    M   2        28 300
 3  21   7  14   M  51   0 0.00  0.0    M  8.6 15 250   M    M   0        18 280
 4  34   7  21   M  44   0 0.00  0.0    M 10.4 21 180   M    M   3        27 180
 5  30  16  23   M  42   0 0.00  0.0    M  8.7 20 310   M    M   4        28 310
 6  36  14  25   M  40   0 0.00  0.0    3  5.1  8 160   M    M   3         M  M
 7  36  14  25   M  40   0    T    T    M 12.6 25 300   M    M  10 1      33 300
 8  14   7  11   M  54   0    T    T    M 12.9 17 310   M    M   3        22 300
 9  18   3  11   M  54   0 0.00  0.0    M  9.9 16 180   M    M   1        23 180
10  39  18  29   M  36   0 0.00  0.0    M 10.1 18 180   M    M   1        24 180
11  41  36  39   M  26   0    M  0.0    M  1.5  6 340   M    M   7         M  M
12  37  27  32   M  33   0    T  0.0    M 14.3 25 310   M    M   2        37 300
13  43  21  32   M  33   0 0.00  0.0    M  9.0 15 240   M    M   0        22 240
14  43  27  35   M  30   0 0.00  0.0    M 15.5 24 310   M    M   0        35 310
15  34  19  27   M  38   0 0.00  0.0    M  6.7 12 310   M    M   0        17 310
16  37  28  33   M  32   0 0.00  0.0    0  7.6 12 160   M    M   0        17 160
17  54  32  43   M  22   0 0.00  0.0    0  6.9 13 190   M    M   0         M  M
18  55  32  44   M  21   0 0.00  0.0    0  4.7 12 330   M    M   0 12      M  M
19  57  28  43   M  22   0 0.00  0.0    0  5.4 12 130   M    M   2 12      M  M
20  54  43  49   M  16   0    M  0.0    0 10.2 20 280   M    M   6 1      27 280
21  57  30  44   M  21   0 0.00  0.0    0  7.5 15 190   M    M   2 12     18 280
22  57  36  47   M  18   0 0.00  0.0    0  6.0 18 300   M    M   2        27 300
23  41  30  36   M  29   0 0.07    M    M 12.2 17  30   M    M  10 3      25  30
24  30  18  24   M  41   0    M    M    M 15.4 21  40   M    M   8        29 350
25  25  10  18   M  47   0 0.00  0.0    M 11.7 16 300   M    M   2 8      23 310
================================================================================
SM  941  524       885   0  0.07    T    238.8          M       71
================================================================================
AV 37.6 21.0                               9.6 FASTST   M    M   3    MAX(MPH)
                                 MISC ---->    25   M                 37    M
================================================================================
NOTES:
# LAST OF SEVERAL OCCURRENCES

COLUMN 17 PEAK WIND IN M.P.H.

PRELIMINARY LOCAL CLIMATOLOGICAL DATA (WS FORM: F-6) , PAGE 2

                                          STATION:  AUSTIN_MUNI MN
                                          MONTH:    FEBRUARY
                                          YEAR:     2017
                                          LATITUDE:   43 40 N
                                          LONGITUDE:  92 56 W

[TEMPERATURE DATA]      [PRECIPITATION DATA]       SYMBOLS USED IN COLUMN 16

AVERAGE MONTHLY: 29.3   TOTAL FOR MONTH:   0.07    1 = FOG OR MIST
DPTR FM NORMAL:     M   DPTR FM NORMAL:       M    2 = FOG REDUCING VISIBILITY
HIGHEST:    57 ON 22,21 GRTST 24HR  0.07 ON 23-23      TO 1/4 MILE OR LESS
LOWEST:      3 ON  9                               3 = THUNDER
                        SNOW, ICE PELLETS, HAIL    4 = ICE PELLETS
                        TOTAL MONTH:    T          5 = HAIL
                        GRTST 24HR    T  ON  8- 8  6 = FREEZING RAIN OR DRIZZLE
                        GRTST DEPTH:   7 ON  2, 1  7 = DUSTSTORM OR SANDSTORM:
                                                       VSBY 1/2 MILE OR LESS
                                                   8 = SMOKE OR HAZE
[NO. OF DAYS WITH]      [WEATHER - DAYS WITH]      9 = BLOWING SNOW
                                                   X = TORNADO
MAX 32 OR BELOW:   8    0.01 INCH OR MORE:   1
MAX 90 OR ABOVE:   0    0.10 INCH OR MORE:   0
MIN 32 OR BELOW:  22    0.50 INCH OR MORE:   0
MIN  0 OR BELOW:   0    1.00 INCH OR MORE:   0

[HDD (BASE 65) ]
TOTAL THIS MO.   885    CLEAR  (SCALE 0-3)  19
DPTR FM NORMAL     M    PTCLDY (SCALE 4-7)   4
TOTAL FM JUL 1  4852    CLOUDY (SCALE 8-10)  2
DPTR FM NORMAL     M

[CDD (BASE 65) ]
TOTAL THIS MO.     0
DPTR FM NORMAL     M    [PRESSURE DATA]
TOTAL FM JAN 1     0    HIGHEST SLP M ON M
DPTR FM NORMAL     M    LOWEST  SLP M ON M

[REMARKS]
