000
CXUS53 KARX 250930
CF6AUM
PRELIMINARY LOCAL CLIMATOLOGICAL DATA (WS FORM: F-6)

                                          STATION:   AUSTIN_MUNI MN
                                          MONTH:     NOVEMBER
                                          YEAR:      2014
                                          LATITUDE:   43 40 N
                                          LONGITUDE:  92 56 W

  TEMPERATURE IN F:       :PCPN:    SNOW:  WIND      :SUNSHINE: SKY     :PK WND
================================================================================
1   2   3   4   5  6A  6B    7    8   9   10  11  12  13   14  15   16   17  18
                                     12Z  AVG MX 2MIN
DY MAX MIN AVG DEP HDD CDD  WTR  SNW DPTH SPD SPD DIR MIN PSBL S-S WX    SPD DR
================================================================================

 1  43  18  31   M  34   0 0.00  0.0    0  6.9 13 170   M    M   0        18 170
 2  55  32  44   M  21   0 0.00  0.0    0 11.4 22 180   M    M   0        30 180
 3  55  39  47   M  18   0 0.00  0.0    0  9.5 18 300   M    M   5        18 190
 4  55  30  43   M  22   0 0.00  0.0    0 12.1 20 280   M    M   2 8      28 280
 5  48  28  38   M  27   0 0.00  0.0    0  6.2 18 290   M    M   4 1      23 290
 6  43  25  34   M  31   0 0.00  0.0    0 12.9 24 340   M    M   6        31 340
 7  46  27  37   M  28   0 0.00  0.0    0  9.8 28 310   M    M   4        36 310
 8  43  34  39   M  26   0 0.00  0.0    0 16.4 25 330   M    M   6        40 310
 9  45  32  39   M  26   0 0.00  0.0    0  5.7 13 300   M    M   6         M  M
10  39  27  33   M  32   0    M    M    0 13.8 20 110   M    M  10 1      27 100
11  27  18  23   M  42   0    M    M    M 16.9 21 320   M    M  10        29 350
12  21  14  18   M  47   0    M    M    M 11.1 16 280   M    M   8        20 290
13  21  12  17   M  48   0    T    T    2 12.9 18 300   M    M  10        24 300
14  18   5  12   M  53   0    T    T    2  4.8  9 290   M    M   2         M  M
15  21   3  12   M  53   0    M    M    2  3.7  9 190   M    M   8         M  M
16  19   9  14   M  51   0    M    M    M  9.3 14 240   M    M   5 1      20 240
17  12   3   8   M  57   0    M    M    M 16.9 23 290   M    M   5 8      30 300
18  18   5  12   M  53   0    M    M    M 10.7 16 180   M    M   8        21 290
19  21  14  18   M  47   0    M    M    M 15.1 23 300   M    M   7        30 310
20  18   0   9   M  56   0 0.00  0.0    M  8.0 13 280   M    M   0        20 300
21  32  -2  15   M  50   0 0.00  0.0    M 11.2 21 190   M    M   2        28 190
22  48  32  40   M  25   0    M    M    M 10.3 16 190   M    M  10 12     24 200
23  50  32  41   M  24   0 0.00  0.0    M 12.9 23 310   M    M  10 12     31 310
24  32  12  22   M  43   0    M    M    M 21.2 27 300   M    M  10 1      36 300
================================================================================
SM  830  449       914   0    T     T    269.7          M      138
================================================================================
AV 34.6 18.7                              11.2 FASTST   M    M   6    MAX(MPH)
                                 MISC ---->    28   M                 40    M
================================================================================
NOTES:
# LAST OF SEVERAL OCCURRENCES

COLUMN 17 PEAK WIND IN M.P.H.

PRELIMINARY LOCAL CLIMATOLOGICAL DATA (WS FORM: F-6) , PAGE 2

                                          STATION:  AUSTIN_MUNI MN
                                          MONTH:    NOVEMBER
                                          YEAR:     2014
                                          LATITUDE:   43 40 N
                                          LONGITUDE:  92 56 W

[TEMPERATURE DATA]      [PRECIPITATION DATA]       SYMBOLS USED IN COLUMN 16

AVERAGE MONTHLY: 26.6   TOTAL FOR MONTH:      T    1 = FOG OR MIST
DPTR FM NORMAL:     M   DPTR FM NORMAL:       M    2 = FOG REDUCING VISIBILITY
HIGHEST:    55 ON  4, 3 GRTST 24HR    T  ON 14-14      TO 1/4 MILE OR LESS
LOWEST:     -2 ON 21                               3 = THUNDER
                        SNOW, ICE PELLETS, HAIL    4 = ICE PELLETS
                        TOTAL MONTH:    T          5 = HAIL
                        GRTST 24HR    T  ON 14-14  6 = FREEZING RAIN OR DRIZZLE
                        GRTST DEPTH:   2 ON 15,14  7 = DUSTSTORM OR SANDSTORM:
                                                       VSBY 1/2 MILE OR LESS
                                                   8 = SMOKE OR HAZE
[NO. OF DAYS WITH]      [WEATHER - DAYS WITH]      9 = BLOWING SNOW
                                                   X = TORNADO
MAX 32 OR BELOW:  12    0.01 INCH OR MORE:   0
MAX 90 OR ABOVE:   0    0.10 INCH OR MORE:   0
MIN 32 OR BELOW:  22    0.50 INCH OR MORE:   0
MIN  0 OR BELOW:   2    1.00 INCH OR MORE:   0

[HDD (BASE 65) ]
TOTAL THIS MO.   914    CLEAR  (SCALE 0-3)   6
DPTR FM NORMAL     M    PTCLDY (SCALE 4-7)  11
TOTAL FM JUL 1  1665    CLOUDY (SCALE 8-10)  7
DPTR FM NORMAL     M

[CDD (BASE 65) ]
TOTAL THIS MO.     0
DPTR FM NORMAL     M    [PRESSURE DATA]
TOTAL FM JAN 1   495    HIGHEST SLP M ON M
DPTR FM NORMAL     M    LOWEST  SLP M ON M

[REMARKS]
