000
CXUS54 KBMX 221216
CF6AUO
PRELIMINARY LOCAL CLIMATOLOGICAL DATA (WS FORM: F-6)

                                          STATION:   AUBURN    AWOS
                                          MONTH:     MAY
                                          YEAR:      2017
                                          LATITUDE:   32 34 N
                                          LONGITUDE:  85 30 W

  TEMPERATURE IN F:       :PCPN:    SNOW:  WIND      :SUNSHINE: SKY     :PK WND
================================================================================
1   2   3   4   5  6A  6B    7    8   9   10  11  12  13   14  15   16   17  18
                                     12Z  AVG MX 2MIN
DY MAX MIN AVG DEP HDD CDD  WTR  SNW DPTH SPD SPD DIR MIN PSBL S-S WX    SPD DR
================================================================================

 1  75  59  67   M   0   2 0.52  0.0    0  9.1 15 240   M    M   3 13     23 240
 2  79  53  66   M   0   1 0.00  0.0    0  5.8 15 290   M    M   0        24 290
 3  83  56  70   M   0   5    T  0.0    0  5.4 12 180   M    M   0 8       M  M
 4  69  50  60   M   5   0 0.61  0.0    0  8.5 13 140   M    M   8 1      36 220
 5  53  48  51   M  14   0 0.06    M    0  8.6 12 270   M    M  10 1      18 260
 6  73  46  60   M   5   0 0.00  0.0    0  8.9 16 250   M    M   1        25 260
 7  74  51  63   M   2   0 0.00  0.0    0  6.6 12 310   M    M   0         M  M
 8  80  49  65   M   0   0 0.00  0.0    0  5.1 10 360   M    M   0         M  M
 9  84  55  70   M   0   5 0.00  0.0    0  4.8 12 240   M    M   0         M  M
10  86  62  74   M   0   9 0.00  0.0    0  5.1 12 260   M    M   0         M  M
11  83  65  74   M   0   9 0.00  0.0    0  7.1 13 210   M    M   0         M  M
12  81  64  73   M   0   8    T  0.0    0  7.2 14 190   M    M   4        18 230
13  79  62  71   M   0   6 0.63  0.0    0  5.7  9 350   M    M   5 1       M  M
14  83  59  71   M   0   6 0.00  0.0    0  4.8 10  80   M    M   1         M  M
15  86  60  73   M   0   8    T  0.0    0  2.5  9 120   M    M   0         M  M
16  89  62  76   M   0  11 0.00  0.0    0  3.8 10 160   M    M   0         M  M
17  89  66  78   M   0  13    T  0.0    0  8.8 16 170   M    M   4        22 170
18  88  71  80   M   0  15    T  0.0    0  5.5 10 160   M    M   4 38      M  M
19  89  70  80   M   0  15 0.00  0.0    0  5.9 14 160   M    M   2         M  M
20  86  68  77   M   0  12 0.98  0.0    0  8.1 15  50   M    M   5 13      M  M
21  82  66  74   M   0   9 0.69  0.0    0  3.8  9 260   M    M   5 3       M  M
================================================================================
SM 1691 1242        26 134  3.49     0.0 131.1          M       52
================================================================================
AV 80.5 59.1                               6.2 FASTST   M    M   2    MAX(MPH)
                                 MISC ---->    16   M                 36    M
================================================================================
NOTES:
# LAST OF SEVERAL OCCURRENCES

COLUMN 17 PEAK WIND IN M.P.H.

PRELIMINARY LOCAL CLIMATOLOGICAL DATA (WS FORM: F-6) , PAGE 2

                                          STATION:  AUBURN    AWOS
                                          MONTH:    MAY
                                          YEAR:     2017
                                          LATITUDE:   32 34 N
                                          LONGITUDE:  85 30 W

[TEMPERATURE DATA]      [PRECIPITATION DATA]       SYMBOLS USED IN COLUMN 16

AVERAGE MONTHLY: 69.8   TOTAL FOR MONTH:   3.49    1 = FOG OR MIST
DPTR FM NORMAL:     M   DPTR FM NORMAL:       M    2 = FOG REDUCING VISIBILITY
HIGHEST:    89 ON 19,17 GRTST 24HR  0.98 ON 20-20      TO 1/4 MILE OR LESS
LOWEST:     46 ON  6                               3 = THUNDER
                        SNOW, ICE PELLETS, HAIL    4 = ICE PELLETS
                        TOTAL MONTH:   0.0 INCH    5 = HAIL
                        GRTST 24HR     0.0         6 = FREEZING RAIN OR DRIZZLE
                        GRTST DEPTH:   0           7 = DUSTSTORM OR SANDSTORM:
                                                       VSBY 1/2 MILE OR LESS
                                                   8 = SMOKE OR HAZE
[NO. OF DAYS WITH]      [WEATHER - DAYS WITH]      9 = BLOWING SNOW
                                                   X = TORNADO
MAX 32 OR BELOW:   0    0.01 INCH OR MORE:   6
MAX 90 OR ABOVE:   0    0.10 INCH OR MORE:   5
MIN 32 OR BELOW:   0    0.50 INCH OR MORE:   5
MIN  0 OR BELOW:   0    1.00 INCH OR MORE:   0

[HDD (BASE 65) ]
TOTAL THIS MO.    26    CLEAR  (SCALE 0-3)  13
DPTR FM NORMAL     M    PTCLDY (SCALE 4-7)   6
TOTAL FM JUL 1  1497    CLOUDY (SCALE 8-10)  2
DPTR FM NORMAL     M

[CDD (BASE 65) ]
TOTAL THIS MO.   134
DPTR FM NORMAL     M    [PRESSURE DATA]
TOTAL FM JAN 1   342    HIGHEST SLP M ON M
DPTR FM NORMAL     M    LOWEST  SLP M ON M

[REMARKS]
