000
CXUS54 KBMX 011216
CF6AUO
PRELIMINARY LOCAL CLIMATOLOGICAL DATA (WS FORM: F-6)

                                          STATION:   AUBURN    AWOS
                                          MONTH:     JUNE
                                          YEAR:      2015
                                          LATITUDE:   32 34 N
                                          LONGITUDE:  85 30 W

  TEMPERATURE IN F:       :PCPN:    SNOW:  WIND      :SUNSHINE: SKY     :PK WND
================================================================================
1   2   3   4   5  6A  6B    7    8   9   10  11  12  13   14  15   16   17  18
                                     12Z  AVG MX 2MIN
DY MAX MIN AVG DEP HDD CDD  WTR  SNW DPTH SPD SPD DIR MIN PSBL S-S WX    SPD DR
================================================================================

 1  79  64  72   M   0   7 0.00  0.0    0  4.8  8 230   M    M   5         M  M
 2  81  66  74   M   0   9 0.00  0.0    0  3.0  8 230   M    M   5         M  M
 3  82  64  73   M   0   8 0.00  0.0    0  5.4  9 210   M    M   2         M  M
 4  81  64  73   M   0   8 0.00  0.0    0  5.4  9 150   M    M   5         M  M
 5  86  64  75   M   0  10 0.00  0.0    0  5.4  9 340   M    M   3         M  M
 6  88  66  77   M   0  12 0.00  0.0    0  4.7 10  20   M    M   0         M  M
 7  90  66  78   M   0  13 0.00  0.0    0  5.6  9 130   M    M   1         M  M
 8  88  70  79   M   0  14 0.00  0.0    0  6.0 13 250   M    M   3        16 190
 9  84  66  75   M   0  10 0.11  0.0    0  8.3 21 100   M    M   4 3      31 100
10  82  66  74   M   0   9 0.00  0.0    0  4.5  8 190   M    M   6         M  M
11  84  66  75   M   0  10 0.00  0.0    0  6.7 15 190   M    M   3 3      17 210
12  84  66  75   M   0  10 1.47  0.0    0  6.6 12 340   M    M   6         M  M
13  86  64  75   M   0  10 0.11  0.0    0  3.8 15 240   M    M   2 3      20 240
14  88  66  77   M   0  12 0.00  0.0    0  3.3  8 170   M    M   1         M  M
15  91  70  81   M   0  16 0.00  0.0    0  2.7  9 200   M    M   1         M  M
16  90  72  81   M   0  16 0.00  0.0    0  4.8  9 170   M    M   1         M  M
17  91  72  82   M   0  17 0.00  0.0    0  4.1  8 240   M    M   1         M  M
18   M   M   M   M   M   M 0.00  0.0    0  0.0  M   M   M    M   2 3       M  M
19  90  70  80   M   0  15 0.00  0.0    0  7.3 14 210   M    M   2        17 210
20   M   M   M   M   M   M 0.00  0.0    0  8.6 12 260   M    M   4 3      18 260
21   M   M   M   M   M   M 0.00  0.0    0   M   M   M   M    M   1 3       M  M
22  91  73  82   M   0  17 0.00  0.0    0  5.8  9 340   M    M   1 3       M  M
23   M  73   M   M   M   M    M  0.0    0  4.3  8 290   M    M   1         M  M
24  90  72  81   M   0  16 0.00  0.0    0  7.8 14 200   M    M   4        21 200
25  90  70  80   M   0  15 0.00  0.0    0  3.8  8 230   M    M   1         M  M
26  88  72  80   M   0  15 0.03  0.0    0  5.3  9 200   M    M   2 3       M  M
27  88  72  80   M   0  15 0.44  0.0    0  7.7 12 230   M    M   8 3      18 240
28  82  70  76   M   0  11 0.40  0.0    0  5.5 12 340   M    M   2 3       M  M
29  86  66  76   M   0  11 0.00  0.0    0  5.6 10 210   M    M   1         M  M
30  84  72  78   M   0  13 0.00  0.0    0  9.1 17 290   M    M   3 3      24 290
================================================================================
SM 2244 1842         0 319  2.56     0.0 155.9          M       81
================================================================================
AV 86.3 68.2                               5.4 FASTST   M    M   3    MAX(MPH)
                                 MISC ---->    21   M                 31    M
================================================================================
NOTES:
# LAST OF SEVERAL OCCURRENCES

COLUMN 17 PEAK WIND IN M.P.H.

PRELIMINARY LOCAL CLIMATOLOGICAL DATA (WS FORM: F-6) , PAGE 2

                                          STATION:  AUBURN    AWOS
                                          MONTH:    JUNE
                                          YEAR:     2015
                                          LATITUDE:   32 34 N
                                          LONGITUDE:  85 30 W

[TEMPERATURE DATA]      [PRECIPITATION DATA]       SYMBOLS USED IN COLUMN 16

AVERAGE MONTHLY: 77.3   TOTAL FOR MONTH:   2.56    1 = FOG OR MIST
DPTR FM NORMAL:     M   DPTR FM NORMAL:       M    2 = FOG REDUCING VISIBILITY
HIGHEST:    91 ON 22,17 GRTST 24HR  1.47 ON 12-12      TO 1/4 MILE OR LESS
LOWEST:     64 ON 13, 5                            3 = THUNDER
                        SNOW, ICE PELLETS, HAIL    4 = ICE PELLETS
                        TOTAL MONTH:   0.0 INCH    5 = HAIL
                        GRTST 24HR     0.0         6 = FREEZING RAIN OR DRIZZLE
                        GRTST DEPTH:   0           7 = DUSTSTORM OR SANDSTORM:
                                                       VSBY 1/2 MILE OR LESS
                                                   8 = SMOKE OR HAZE
[NO. OF DAYS WITH]      [WEATHER - DAYS WITH]      9 = BLOWING SNOW
                                                   X = TORNADO
MAX 32 OR BELOW:   0    0.01 INCH OR MORE:   6
MAX 90 OR ABOVE:   8    0.10 INCH OR MORE:   5
MIN 32 OR BELOW:   0    0.50 INCH OR MORE:   1
MIN  0 OR BELOW:   0    1.00 INCH OR MORE:   1

[HDD (BASE 65) ]
TOTAL THIS MO.     0    CLEAR  (SCALE 0-3)  20
DPTR FM NORMAL     M    PTCLDY (SCALE 4-7)  10
TOTAL FM JUL 1  2696    CLOUDY (SCALE 8-10)  0
DPTR FM NORMAL     M

[CDD (BASE 65) ]
TOTAL THIS MO.   319
DPTR FM NORMAL     M    [PRESSURE DATA]
TOTAL FM JAN 1   539    HIGHEST SLP M ON M
DPTR FM NORMAL     M    LOWEST  SLP M ON M

[REMARKS]
#FINAL-06-15#
