000
CXUS53 KGRB 290736
CF6AUW
PRELIMINARY LOCAL CLIMATOLOGICAL DATA (WS FORM: F-6)

                                          STATION:   WAUSAU WI
                                          MONTH:     APRIL
                                          YEAR:      2017
                                          LATITUDE:   44 55 N
                                          LONGITUDE:  89 37 W

  TEMPERATURE IN F:       :PCPN:    SNOW:  WIND      :SUNSHINE: SKY     :PK WND
================================================================================
1   2   3   4   5  6A  6B    7    8   9   10  11  12  13   14  15   16   17  18
                                     12Z  AVG MX 2MIN
DY MAX MIN AVG DEP HDD CDD  WTR  SNW DPTH SPD SPD DIR MIN PSBL S-S WX    SPD DR
================================================================================

 1  61  28  45   8  20   0 0.00  0.0    0  4.2 15 280   M    M   0        19 280
 2  53  29  41   3  24   0 0.03  0.0    0  6.5 20 180   M    M   6        23 180
 3  45  42  44   6  21   0 0.74  0.0    0  5.9 12  80   M    M  10 1      15  80
 4  59  37  48   9  17   0 0.12  0.0    0  8.3 17 340   M    M   5        25 320
 5  49  32  41   2  24   0 0.00  0.0    0  3.3 15 360   M    M   1        21  40
 6  50  32  41   1  24   0 0.00  0.0    0 13.3 24 350   M    M   0        34 350
 7  55  30  43   3  22   0 0.00  0.0    0  5.5 14 260   M    M   0        16 260
 8  69  30  50   9  15   0 0.00  0.0    0 11.1 23 170   M    M   1        30 180
 9  74  54  64  23   1   0    T  0.0    0  8.2 17 170   M    M   3 138    33 260
10  62  32  47   5  18   0 1.08    T    0  7.1 44 270   M    M  10 138    56 250
11  39  31  35  -7  30   0 0.04  0.4    T  6.1 16 290   M    M   7 1      19 280
12  52  28  40  -2  25   0 0.05  0.0    0  3.7  9 150   M    M   6 1      12 200
13  54  39  47   4  18   0 0.20  0.0    0  7.4 13  80   M    M   9 1      18 100
14  59  35  47   3  18   0 0.14  0.0    0 10.7 22 120   M    M   4 1      29 120
15  65  48  57  13   8   0 0.52  0.0    0  5.9 20 260   M    M   9 13     28 270
16  64  43  54  10  11   0 0.00  0.0    0 13.4 31 280   M    M   3 12     39 290
17  59  37  48   3  17   0    T  0.0    0  7.4 17 110   M    M   5        22 120
18  62  34  48   3  17   0 0.01  0.0    0 12.6 24 190   M    M   4        32 190
19  57  39  48   2  17   0 1.10  0.0    0 11.6 23 100   M    M   7 13     30 100
20  47  36  42  -4  23   0 0.51  0.0    0 11.0 33 100   M    M  10 13     45  90
21  61  35  48   1  17   0    T  0.0    0  9.2 18 360   M    M   3        26 330
22  64  29  47   0  18   0 0.00  0.0    0  5.8 16 260   M    M   0        22 250
23  64  35  50   2  15   0 0.00  0.0    0  7.8 20 110   M    M   1        26 130
24  66  31  49   1  16   0 0.00  0.0    0 12.3 23 160   M    M   0        31 150
25  74  49  62  14   3   0 0.03  0.0    0  8.8 18 160   M    M   5        23 160
26  60  38  49   0  16   0 0.48  0.0    0  8.7 17 260   M    M  10 1      21 260
27  38  30  34 -15  31   0 0.59  1.3    0 12.0 21 270   M    M  10 1      25 300
28  47  30  39 -11  26   0    T  0.0    0  8.8 20 260   M    M   5        26 270
================================================================================
SM 1609  993       512   0  5.64     1.7 236.6          M      134
================================================================================
AV 57.5 35.5                               8.4 FASTST   M    M   5    MAX(MPH)
                                 MISC ---->  # 44 270               # 56  250
================================================================================
NOTES:
# LAST OF SEVERAL OCCURRENCES

COLUMN 17 PEAK WIND IN M.P.H.

PRELIMINARY LOCAL CLIMATOLOGICAL DATA (WS FORM: F-6) , PAGE 2

                                          STATION:  WAUSAU WI
                                          MONTH:    APRIL
                                          YEAR:     2017
                                          LATITUDE:   44 55 N
                                          LONGITUDE:  89 37 W

[TEMPERATURE DATA]      [PRECIPITATION DATA]       SYMBOLS USED IN COLUMN 16

AVERAGE MONTHLY: 46.5   TOTAL FOR MONTH:   5.64    1 = FOG OR MIST
DPTR FM NORMAL:   2.8   DPTR FM NORMAL:    3.13    2 = FOG REDUCING VISIBILITY
HIGHEST:    74 ON 25, 9 GRTST 24HR  1.10 ON 19-19      TO 1/4 MILE OR LESS
LOWEST:     28 ON 12, 1                            3 = THUNDER
                        SNOW, ICE PELLETS, HAIL    4 = ICE PELLETS
                        TOTAL MONTH:   1.7 INCHES  5 = HAIL
                        GRTST 24HR   1.3 ON 27-27  6 = FREEZING RAIN OR DRIZZLE
                        GRTST DEPTH:   T           7 = DUSTSTORM OR SANDSTORM:
                                                       VSBY 1/2 MILE OR LESS
                                                   8 = SMOKE OR HAZE
[NO. OF DAYS WITH]      [WEATHER - DAYS WITH]      9 = BLOWING SNOW
                                                   X = TORNADO
MAX 32 OR BELOW:   0    0.01 INCH OR MORE:  15
MAX 90 OR ABOVE:   0    0.10 INCH OR MORE:  10
MIN 32 OR BELOW:  13    0.50 INCH OR MORE:   6
MIN  0 OR BELOW:   0    1.00 INCH OR MORE:   2

[HDD (BASE 65) ]
TOTAL THIS MO.   512    CLEAR  (SCALE 0-3)  11
DPTR FM NORMAL   -89    PTCLDY (SCALE 4-7)  10
TOTAL FM JUL 1  6823    CLOUDY (SCALE 8-10)  7
DPTR FM NORMAL  -999

[CDD (BASE 65) ]
TOTAL THIS MO.     0
DPTR FM NORMAL     0    [PRESSURE DATA]
TOTAL FM JAN 1     0    HIGHEST SLP M ON M
DPTR FM NORMAL     0    LOWEST  SLP 29.29 ON 27

[REMARKS]
