000
CXUS52 KGSP 260817
CF6AVL
PRELIMINARY LOCAL CLIMATOLOGICAL DATA (WS FORM: F-6)

                                          STATION:   ASHEVILLE NC
                                          MONTH:     APRIL
                                          YEAR:      2017
                                          LATITUDE:   35 25 N
                                          LONGITUDE:  82 33 W

  TEMPERATURE IN F:       :PCPN:    SNOW:  WIND      :SUNSHINE: SKY     :PK WND
================================================================================
1   2   3   4   5  6A  6B    7    8   9   10  11  12  13   14  15   16   17  18
                                     12Z  AVG MX 2MIN
DY MAX MIN AVG DEP HDD CDD  WTR  SNW DPTH SPD SPD DIR MIN PSBL S-S WX    SPD DR
================================================================================

 1  66  48  57   6   8   0 0.00  0.0    0 12.7 23 330   M    M   4        29 340
 2  72  40  56   4   9   0 0.00  0.0    0  4.7 15 150   M    M   0        22 120
 3  62  50  56   4   9   0 1.28  0.0    0  7.6 18 180   M    M   6 13     29 250
 4  79  50  65  13   0   0 0.00  0.0    0  4.4 16 330   M    M   1 1      21 320
 5  60  46  53   1  12   0 1.21  0.0    0  6.0 20 160   M    M   5 13     27 180
 6  60  40  50  -3  15   0 0.06  0.0    0 12.1 25 320   M    M   7 3      39 320
 7  56  36  46  -7  19   0 0.02  0.0    0 16.3 28 330   M    M   5 1      39 300
 8  64  41  53   0  12   0 0.00  0.0    0  8.1 20 340   M    M   0        26 330
 9  72  32  52  -2  13   0 0.00  0.0    0  4.6 17 200   M    M   0        24 180
10  75  44  60   6   5   0 0.00  0.0    0  6.8 17 170   M    M   0 8      23 160
11  78  45  62   8   3   0 0.00  0.0    0  3.4 15 130   M    M   2        20 130
12  78  56  67  13   0   2 0.00  0.0    0  7.0 17 330   M    M   2        23 360
13  78  48  63   8   2   0 0.00  0.0    0  3.5 15 220   M    M   1        20 210
14  81  49  65  10   0   0 0.00  0.0    0  4.0 20 180   M    M   1 3      24 180
15  78  58  68  13   0   3 0.00  0.0    0  7.7 22 180   M    M   3        26 180
16  74  57  66  11   0   1 0.34  0.0    0  6.7 20 210   M    M   4        26 220
17  76  51  64   8   1   0 0.16  0.0    0  2.9 17 330   M    M   5 13     19 320
18  62  57  60   4   5   0 0.01  0.0    0  2.1  8 150   M    M  10        13  60
19  65  54  60   4   5   0 0.38  0.0    0  3.9 13 170   M    M   9 1      17 160
20  72  56  64   8   1   0 0.10  0.0    0  2.5  9 180   M    M   8 138    12 190
21  80  53  67  10   0   2 0.21  0.0    0  4.6 22 320   M    M   5 123    29 320
22  79  56  68  11   0   3 0.53  0.0    0  6.2 32 340   M    M   8 12     43 340
23  56  47  52  -5  13   0 1.98  0.0    0  2.7 12  10   M    M  10 1      16  70
24  56  47  52  -6  13   0 1.02  0.0    0  2.6 14 340   M    M  10 1      19 240
25  73  53  63   5   2   0 0.01  0.0    0  9.1 21 340   M    M   6 1      27 340
================================================================================
SM 1752 1214       147  11  7.31     0.0 152.2          M      112
================================================================================
AV 70.1 48.6                               6.1 FASTST   M    M   4    MAX(MPH)
                                 MISC ---->  # 32 340               # 43  340
================================================================================
NOTES:
# LAST OF SEVERAL OCCURRENCES

COLUMN 17 PEAK WIND IN M.P.H.

PRELIMINARY LOCAL CLIMATOLOGICAL DATA (WS FORM: F-6) , PAGE 2

                                          STATION:  ASHEVILLE NC
                                          MONTH:    APRIL
                                          YEAR:     2017
                                          LATITUDE:   35 25 N
                                          LONGITUDE:  82 33 W

[TEMPERATURE DATA]      [PRECIPITATION DATA]       SYMBOLS USED IN COLUMN 16

AVERAGE MONTHLY: 59.3   TOTAL FOR MONTH:   7.31    1 = FOG OR MIST
DPTR FM NORMAL:   4.7   DPTR FM NORMAL:    4.54    2 = FOG REDUCING VISIBILITY
HIGHEST:    81 ON 14    GRTST 24HR  2.12 ON 22-23      TO 1/4 MILE OR LESS
LOWEST:     32 ON  9                               3 = THUNDER
                        SNOW, ICE PELLETS, HAIL    4 = ICE PELLETS
                        TOTAL MONTH:   0.0 INCH    5 = HAIL
                        GRTST 24HR     0.0         6 = FREEZING RAIN OR DRIZZLE
                        GRTST DEPTH:   0           7 = DUSTSTORM OR SANDSTORM:
                                                       VSBY 1/2 MILE OR LESS
                                                   8 = SMOKE OR HAZE
[NO. OF DAYS WITH]      [WEATHER - DAYS WITH]      9 = BLOWING SNOW
                                                   X = TORNADO
MAX 32 OR BELOW:   0    0.01 INCH OR MORE:  14
MAX 90 OR ABOVE:   0    0.10 INCH OR MORE:  10
MIN 32 OR BELOW:   1    0.50 INCH OR MORE:   5
MIN  0 OR BELOW:   0    1.00 INCH OR MORE:   4

[HDD (BASE 65) ]
TOTAL THIS MO.   147    CLEAR  (SCALE 0-3)  10
DPTR FM NORMAL  -120    PTCLDY (SCALE 4-7)  10
TOTAL FM JUL 1  3048    CLOUDY (SCALE 8-10)  5
DPTR FM NORMAL  -991

[CDD (BASE 65) ]
TOTAL THIS MO.    11
DPTR FM NORMAL    11    [PRESSURE DATA]
TOTAL FM JAN 1    11    HIGHEST SLP M ON M
DPTR FM NORMAL    10    LOWEST  SLP 29.54 ON  6

[REMARKS]
