000
CXUS51 KBGM 240800
CF6AVP
PRELIMINARY LOCAL CLIMATOLOGICAL DATA (WS FORM: F-6)

                                          STATION:   AVOCA PA
                                          MONTH:     JUNE
                                          YEAR:      2017
                                          LATITUDE:   41 19 N
                                          LONGITUDE:  75 44 W

  TEMPERATURE IN F:       :PCPN:    SNOW:  WIND      :SUNSHINE: SKY     :PK WND
================================================================================
1   2   3   4   5  6A  6B    7    8   9   10  11  12  13   14  15   16   17  18
                                     12Z  AVG MX 2MIN
DY MAX MIN AVG DEP HDD CDD  WTR  SNW DPTH SPD SPD DIR MIN PSBL S-S WX    SPD DR
================================================================================

 1  75  50  63   0   2   0 0.00  0.0    M  5.1 18 260   M    M   4 12     23 250
 2  72  47  60  -4   5   0 0.00  0.0    M  8.4 22 330   M    M   1        28 340
 3  73  47  60  -4   5   0 0.04  0.0    M  7.2 20 340   M    M   3 1      27 310
 4  61  45  53 -11  12   0 0.35  0.0    M  2.7  9 220   M    M   7 1      12 100
 5  76  55  66   2   0   1 0.35  0.0    M  4.6 16 330   M    M   5 138    22 230
 6  67  53  60  -5   5   0 0.60  0.0    M  5.4 13 220   M    M   9 13     17 100
 7  69  49  59  -6   6   0 0.02  0.0    M  5.0 13  30   M    M   6 1      15  40
 8  75  47  61  -4   4   0 0.00  0.0    M  4.5 10  60   M    M   0        15 130
 9  80  46  63  -3   2   0 0.00  0.0    M  5.7 16 260   M    M   1        21 260
10  84  56  70   4   0   5 0.04  0.0    M  5.7 20 250   M    M   3 1      27 260
11  89  61  75   9   0  10 0.00  0.0    M  7.2 17 250   M    M   0 1      24 250
12  90  61  76  10   0  11 0.00  0.0    M  5.7 17 240   M    M   1 1      23 230
13  90  65  78  11   0  13 0.26  0.0    M  3.9 20 330   M    M   3 138    23 330
14  83  63  73   6   0   8 0.00  0.0    M  6.3 14 340   M    M   2 1      18 330
15  81  60  71   4   0   6 0.00  0.0    M  4.7 14 170   M    M   6        21 190
16  74  63  69   2   0   4 0.04  0.0    M  2.6  8 160   M    M   9 1      13 160
17  81  68  75   7   0  10 0.50  0.0    M  3.1 12 200   M    M   7 1      17 210
18  87  70  79  11   0  14 0.33  0.0    M  7.4 25 250   M    M   5 13     35 250
19  84  67  76   8   0  11 0.39  0.0    M  4.6 25 260   M    M   4 13     32 260
20  80  62  71   3   0   6    T  0.0    M  9.8 21 250   M    M   3 1      28 260
21  82  59  71   2   0   6    T  0.0    M  6.0 18 250   M    M   3        24 270
22  85  55  70   1   0   5 0.00  0.0    0  7.4 17 270   M    M   0        24 230
23  82  68  75   6   0  10 0.24  0.0    M  7.2 17 260   M    M   6 13     23 220
================================================================================
SM 1820 1317        41 120  3.16     0.0 130.2          M       88
================================================================================
AV 79.1 57.3                               5.7 FASTST   M    M   4    MAX(MPH)
                                 MISC ---->  # 25 250               # 35  250
================================================================================
NOTES:
# LAST OF SEVERAL OCCURRENCES

COLUMN 17 PEAK WIND IN M.P.H.

PRELIMINARY LOCAL CLIMATOLOGICAL DATA (WS FORM: F-6) , PAGE 2

                                          STATION:  AVOCA PA
                                          MONTH:    JUNE
                                          YEAR:     2017
                                          LATITUDE:   41 19 N
                                          LONGITUDE:  75 44 W

[TEMPERATURE DATA]      [PRECIPITATION DATA]       SYMBOLS USED IN COLUMN 16

AVERAGE MONTHLY: 68.2   TOTAL FOR MONTH:   3.16    1 = FOG OR MIST
DPTR FM NORMAL:   1.9   DPTR FM NORMAL:    0.02    2 = FOG REDUCING VISIBILITY
HIGHEST:    90 ON 13,12 GRTST 24HR  0.60 ON  6- 6      TO 1/4 MILE OR LESS
LOWEST:     45 ON  4                               3 = THUNDER
                        SNOW, ICE PELLETS, HAIL    4 = ICE PELLETS
                        TOTAL MONTH:   0.0 INCH    5 = HAIL
                        GRTST 24HR     0.0         6 = FREEZING RAIN OR DRIZZLE
                        GRTST DEPTH:   0           7 = DUSTSTORM OR SANDSTORM:
                                                       VSBY 1/2 MILE OR LESS
                                                   8 = SMOKE OR HAZE
[NO. OF DAYS WITH]      [WEATHER - DAYS WITH]      9 = BLOWING SNOW
                                                   X = TORNADO
MAX 32 OR BELOW:   0    0.01 INCH OR MORE:  12
MAX 90 OR ABOVE:   2    0.10 INCH OR MORE:   8
MIN 32 OR BELOW:   0    0.50 INCH OR MORE:   2
MIN  0 OR BELOW:   0    1.00 INCH OR MORE:   0

[HDD (BASE 65) ]
TOTAL THIS MO.    41    CLEAR  (SCALE 0-3)  11
DPTR FM NORMAL    -9    PTCLDY (SCALE 4-7)  10
TOTAL FM JUL 1  5232    CLOUDY (SCALE 8-10)  2
DPTR FM NORMAL -1019

[CDD (BASE 65) ]
TOTAL THIS MO.   120
DPTR FM NORMAL    41    [PRESSURE DATA]
TOTAL FM JAN 1   172    HIGHEST SLP 30.09 ON 11
DPTR FM NORMAL    56    LOWEST  SLP 29.57 ON 23

[REMARKS]
