000
CXUS51 KBGM 240800
CF6AVP
PRELIMINARY LOCAL CLIMATOLOGICAL DATA (WS FORM: F-6)

                                          STATION:   AVOCA PA
                                          MONTH:     JANUARY
                                          YEAR:      2017
                                          LATITUDE:   41 19 N
                                          LONGITUDE:  75 44 W

  TEMPERATURE IN F:       :PCPN:    SNOW:  WIND      :SUNSHINE: SKY     :PK WND
================================================================================
1   2   3   4   5  6A  6B    7    8   9   10  11  12  13   14  15   16   17  18
                                     12Z  AVG MX 2MIN
DY MAX MIN AVG DEP HDD CDD  WTR  SNW DPTH SPD SPD DIR MIN PSBL S-S WX    SPD DR
================================================================================

 1  44  30  37  10  28   0    T    T    M  6.9 17 250   M    M   3        23 260
 2  39  28  34   8  31   0 0.03  0.0    M  4.9 12  70   M    M   7 1      17  40
 3  41  37  39  13  26   0 0.32  0.0    M  6.1 14  60   M    M  10 1      23  70
 4  45  27  36  10  29   0 0.10    T    M 13.1 29 270   M    M   8 128    38 270
 5  27  21  24  -2  41   0    T    T    M 10.4 23 280   M    M   5 1      29 280
 6  26  17  22  -4  43   0 0.01  0.2    M  6.4 14 330   M    M   4 1      16 320
 7  22  15  19  -7  46   0 0.00  0.0    M  7.3 15 310   M    M   5        22 310
 8  22  11  17  -9  48   0    T    T    M 11.3 26 290   M    M   5        36 290
 9  22   8  15 -11  50   0 0.00  0.0    M  5.6 13 210   M    M   4        19 200
10  33  12  23  -3  42   0 0.09  0.2    M  5.1 15 220   M    M   7 68     25 200
11  47  30  39  13  26   0 0.28  0.0    M  3.8 16 230   M    M   2 16     25 180
12  56  45  51  25  14   0 0.24  0.0    M  5.0 13 270   M    M  10 12     17 220
13  52  25  39  13  26   0 0.00  0.0    M 11.2 21 350   M    M   2        26 350
14  30  21  26   0  39   0 0.14  1.5    M  2.9  8 210   M    M   6 128    12 210
15  31  18  25  -1  40   0 0.00  0.0    M  5.4 16 350   M    M   7 18     20  30
16  39  12  26   0  39   0    T  0.0    M  4.3 12 240   M    M   3 18     16 230
17  40  34  37  11  28   0 0.50  0.0    M  3.3  9  50   M    M  10 138    11  60
18  41  35  38  12  27   0 0.06  0.0    M  1.9  8 330   M    M  10 12     12 310
19  41  35  38  12  27   0 0.01  0.0    M  3.9 13 330   M    M   9 1      18 340
20  42  35  39  13  26   0 0.34  0.0    0  2.2  9 180   M    M   9 18     15 170
21  47  38  43  17  22   0 0.00  0.0    0  3.3  9 240   M    M  10 12     12 250
22  56  40  48  22  17   0 0.00  0.0    0  3.3 13 120   M    M  10 12     20 120
23  48  33  41  15  24   0 0.73    T    M 11.1 22  60   M    M  10 168    34  40
================================================================================
SM  891  607       739   0  2.85     1.9 138.7          M      156
================================================================================
AV 38.7 26.4                               6.0 FASTST   M    M   7    MAX(MPH)
                                 MISC ---->  # 29 270               # 38  270
================================================================================
NOTES:
# LAST OF SEVERAL OCCURRENCES

COLUMN 17 PEAK WIND IN M.P.H.

PRELIMINARY LOCAL CLIMATOLOGICAL DATA (WS FORM: F-6) , PAGE 2

                                          STATION:  AVOCA PA
                                          MONTH:    JANUARY
                                          YEAR:     2017
                                          LATITUDE:   41 19 N
                                          LONGITUDE:  75 44 W

[TEMPERATURE DATA]      [PRECIPITATION DATA]       SYMBOLS USED IN COLUMN 16

AVERAGE MONTHLY: 32.6   TOTAL FOR MONTH:   2.85    1 = FOG OR MIST
DPTR FM NORMAL:   6.5   DPTR FM NORMAL:    1.12    2 = FOG REDUCING VISIBILITY
HIGHEST:    56 ON 22,12 GRTST 24HR  0.73 ON 23-23      TO 1/4 MILE OR LESS
LOWEST:      8 ON  9                               3 = THUNDER
                        SNOW, ICE PELLETS, HAIL    4 = ICE PELLETS
                        TOTAL MONTH:   1.9 INCHES  5 = HAIL
                        GRTST 24HR   1.5 ON 14-14  6 = FREEZING RAIN OR DRIZZLE
                        GRTST DEPTH:   0           7 = DUSTSTORM OR SANDSTORM:
                                                       VSBY 1/2 MILE OR LESS
                                                   8 = SMOKE OR HAZE
[NO. OF DAYS WITH]      [WEATHER - DAYS WITH]      9 = BLOWING SNOW
                                                   X = TORNADO
MAX 32 OR BELOW:   7    0.01 INCH OR MORE:  13
MAX 90 OR ABOVE:   0    0.10 INCH OR MORE:   8
MIN 32 OR BELOW:  14    0.50 INCH OR MORE:   2
MIN  0 OR BELOW:   0    1.00 INCH OR MORE:   0

[HDD (BASE 65) ]
TOTAL THIS MO.   739    CLEAR  (SCALE 0-3)   4
DPTR FM NORMAL  -157    PTCLDY (SCALE 4-7)  10
TOTAL FM JUL 1  2751    CLOUDY (SCALE 8-10)  9
DPTR FM NORMAL  -523

[CDD (BASE 65) ]
TOTAL THIS MO.     0
DPTR FM NORMAL     0    [PRESSURE DATA]
TOTAL FM JAN 1     0    HIGHEST SLP 30.69 ON 14
DPTR FM NORMAL     0    LOWEST  SLP 29.42 ON  4

[REMARKS]
