000
CXUS53 KMPX 241000
CF6AXN
PRELIMINARY LOCAL CLIMATOLOGICAL DATA (WS FORM: F-6)

                                          STATION:   ALEXANDRIA MN
                                          MONTH:     JUNE
                                          YEAR:      2017
                                          LATITUDE:   45 52 N
                                          LONGITUDE:  95 23 W

  TEMPERATURE IN F:       :PCPN:    SNOW:  WIND      :SUNSHINE: SKY     :PK WND
================================================================================
1   2   3   4   5  6A  6B    7    8   9   10  11  12  13   14  15   16   17  18
                                     12Z  AVG MX 2MIN
DY MAX MIN AVG DEP HDD CDD  WTR  SNW DPTH SPD SPD DIR MIN PSBL S-S WX    SPD DR
================================================================================

 1  77  44  61   0   4   0 0.00    M    M  3.8 12 220   M    M   0        15 190
 2  89  55  72  10   0   7 0.00    M    M 10.9 21 150   M    M   1 38     31 170
 3  87  60  74  12   0   9 0.00    M    M  8.5 18 310   M    M   1        25 320
 4  86  52  69   7   0   4 0.00    M    M 11.0 25 310   M    M   0        31 310
 5  80  56  68   6   0   3 0.00    M    M  8.3 17  80   M    M   0        29  80
 6  83  55  69   6   0   4 0.00    M    M  7.5 16 176   M    M   0        19 150
 7  84  60  72   9   0   7    T    M    M  6.7 16 320   M    M   3        22 310
 8  82  57  70   7   0   5 0.00    M    M  7.7 14  10   M    M   0        19  20
 9  86  58  72   8   0   7 0.00    M    M 12.7 22 170   M    M   0        29 160
10  86  63  75  11   0  10 0.00    M    M 15.4 32 230   M    M   1        43 240
11  74  59  67   3   0   2 0.32    M    M  7.5 35 100   M    M   3 13     46 100
12  79  57  68   3   0   3 0.00    M    M  7.5 17  70   M    M   3 12     21  80
13  75  62  69   4   0   4 2.77    M    M 15.9 36  90   M    M   6 13     44  80
14  79  62  71   6   0   6    T    M    M 12.5 24 250   M    M   1        33 250
15  80  60  70   4   0   5 0.00    M    M 11.2 25 270   M    M   1        32 270
16  79  60  70   4   0   5 0.00    M    M  7.3 20 230   M    M   3        23 230
17  79  58  69   3   0   4 0.12    M    M  7.9 22 280   M    M   6 13     32 280
18  69  57  63  -3   2   0 0.00    M    M 11.8 22 310   M    M   8        26 310
19  71  54  63  -4   2   0 0.07    M    M 10.3 21 320   M    M   3 13     26 310
20  71  54  63  -4   2   0 0.04    M    M  6.5 18 320   M    M   2 13     23 320
21  81  54  68   1   0   3 0.09    M    M 11.6 23 170   M    M   2 13     28 160
22  75  57  66  -1   0   1 0.00    M    M  6.5 18 230   M    M   2 3      23 210
23  65  54  60  -8   5   0 0.02    M    M 15.0 26 310   M    M   6 1      33 300
================================================================================
SM 1817 1308        15  89  3.43    M    224.0          M       52
================================================================================
AV 79.0 56.9                               9.7 FASTST   M    M   2    MAX(MPH)
                                 MISC ---->  # 36  90               # 46  100
================================================================================
NOTES:
# LAST OF SEVERAL OCCURRENCES

COLUMN 17 PEAK WIND IN M.P.H.

PRELIMINARY LOCAL CLIMATOLOGICAL DATA (WS FORM: F-6) , PAGE 2

                                          STATION:  ALEXANDRIA MN
                                          MONTH:    JUNE
                                          YEAR:     2017
                                          LATITUDE:   45 52 N
                                          LONGITUDE:  95 23 W

[TEMPERATURE DATA]      [PRECIPITATION DATA]       SYMBOLS USED IN COLUMN 16

AVERAGE MONTHLY: 67.9   TOTAL FOR MONTH:   3.43    1 = FOG OR MIST
DPTR FM NORMAL:   3.4   DPTR FM NORMAL:    0.38    2 = FOG REDUCING VISIBILITY
HIGHEST:    89 ON  2    GRTST 24HR  2.77 ON 13-13      TO 1/4 MILE OR LESS
LOWEST:     44 ON  1                               3 = THUNDER
                        SNOW, ICE PELLETS, HAIL    4 = ICE PELLETS
                        TOTAL MONTH:    M          5 = HAIL
                        GRTST 24HR    M  ON   M    6 = FREEZING RAIN OR DRIZZLE
                        GRTST DEPTH:  M  ON   M    7 = DUSTSTORM OR SANDSTORM:
                                                       VSBY 1/2 MILE OR LESS
                                                   8 = SMOKE OR HAZE
[NO. OF DAYS WITH]      [WEATHER - DAYS WITH]      9 = BLOWING SNOW
                                                   X = TORNADO
MAX 32 OR BELOW:   0    0.01 INCH OR MORE:   7
MAX 90 OR ABOVE:   0    0.10 INCH OR MORE:   3
MIN 32 OR BELOW:   0    0.50 INCH OR MORE:   1
MIN  0 OR BELOW:   0    1.00 INCH OR MORE:   1

[HDD (BASE 65) ]
TOTAL THIS MO.    15    CLEAR  (SCALE 0-3)  18
DPTR FM NORMAL   -56    PTCLDY (SCALE 4-7)   5
TOTAL FM JUL 1  7480    CLOUDY (SCALE 8-10)  0
DPTR FM NORMAL -1274

[CDD (BASE 65) ]
TOTAL THIS MO.    89
DPTR FM NORMAL    29    [PRESSURE DATA]
TOTAL FM JAN 1    93    HIGHEST SLP M ON M
DPTR FM NORMAL    10    LOWEST  SLP 29.38 ON 10

[REMARKS]
