000
CXUS53 KGRR 261017
CF6AZO
PRELIMINARY LOCAL CLIMATOLOGICAL DATA (WS FORM: F-6)

                                          STATION:   KALAMAZOO
                                          MONTH:     MARCH
                                          YEAR:      2017
                                          LATITUDE:   42 13 N
                                          LONGITUDE:  85 33 W

  TEMPERATURE IN F:       :PCPN:    SNOW:  WIND      :SUNSHINE: SKY     :PK WND
================================================================================
1   2   3   4   5  6A  6B    7    8   9   10  11  12  13   14  15   16   17  18
                                     12Z  AVG MX 2MIN
DY MAX MIN AVG DEP HDD CDD  WTR  SNW DPTH SPD SPD DIR MIN PSBL S-S WX    SPD DR
================================================================================

 1  55  28  42  11  23   0 0.51    M    M 15.2 26 280   M    M   9 138    39 270
 2  32  24  28  -3  37   0 0.02    M    M 11.9 24 320   M    M   9 18     31 320
 3  27  17  22  -9  43   0    T    M    M 10.4 22 320   M    M   2 18     31 330
 4  34  19  27  -5  38   0 0.00    M    M  7.5 15 120   M    M   4        20  90
 5  55  25  40   8  25   0 0.00    M    M 10.3 22 200   M    M   4        29 200
 6  57  49  53  21  12   0    T    M    0 15.5 25 180   M    M  10 1      33 180
 7  59  41  50  17  15   0 0.15    M    M 16.3 28 280   M    M   6 13     36 250
 8  50  40  45  12  20   0 0.00    M    M 24.3 40 270   M    M   1        58 270
 9  41  29  35   1  30   0    T    M    M  8.7 14 340   M    M   5 8      18 300
10  31  17  24 -10  41   0    T    M    M 15.8 29 320   M    M   6        40 320
11  28  16  22 -12  43   0 0.00    M    M 10.4 20 340   M    M   8        26 310
12  31  13  22 -13  43   0 0.00    M    M  3.1 10 120   M    M   6        14 270
13  28  20  24 -11  41   0 0.07    M    M  7.0 14 100   M    M  10 18     20 110
14  24  11  18 -18  47   0    T    M    M 10.3 22 340   M    M   5 8      25 330
15  31  13  22 -14  43   0    T    M    M 12.6 23 300   M    M   4 8      32 330
16  41  18  30  -6  35   0 0.00    M    M  6.3 16 250   M    M   0        20 260
17  35  25  30  -7  35   0 0.24    M    M  6.8 16 180   M    M   8 128    22 180
18  40  34  37   0  28   0 0.02    M    M 10.6 18 320   M    M   9 12     25 300
19  46  34  40   2  25   0 0.00    M    M  6.5 14 190   M    M   7        17 170
20  49  35  42   4  23   0 0.25    M    M  4.8 14 180   M    M   8 1238   20 140
21  53  27  40   2  25   0 0.00    M    M 11.1 24 360   M    M   0 128    32 360
22  39  16  28 -11  37   0 0.00    M    M  6.5 23 360   M    M   0        29 360
23  47  25  36  -3  29   0 0.17    M    0  9.3 16 160   M    M   5 3      26 130
24  79  42  61  21   4   0 0.61    M    0 13.2 26 220   M    M   3 13     35 220
25  51  42  47   7  18   0 0.58    M    0  8.1 17 190   M    M  10 18     22  80
================================================================================
SM 1063  660       760   0  2.62    M    262.5          M      139
================================================================================
AV 42.5 26.4                              10.5 FASTST   M    M   6    MAX(MPH)
                                 MISC ---->  # 40 270               # 58  270
================================================================================
NOTES:
# LAST OF SEVERAL OCCURRENCES

COLUMN 17 PEAK WIND IN M.P.H.

PRELIMINARY LOCAL CLIMATOLOGICAL DATA (WS FORM: F-6) , PAGE 2

                                          STATION:  KALAMAZOO
                                          MONTH:    MARCH
                                          YEAR:     2017
                                          LATITUDE:   42 13 N
                                          LONGITUDE:  85 33 W

[TEMPERATURE DATA]      [PRECIPITATION DATA]       SYMBOLS USED IN COLUMN 16

AVERAGE MONTHLY: 34.5   TOTAL FOR MONTH:   2.62    1 = FOG OR MIST
DPTR FM NORMAL:  -0.8   DPTR FM NORMAL:    0.82    2 = FOG REDUCING VISIBILITY
HIGHEST:    79 ON 24    GRTST 24HR  0.61 ON 24-24      TO 1/4 MILE OR LESS
LOWEST:     11 ON 14                               3 = THUNDER
                        SNOW, ICE PELLETS, HAIL    4 = ICE PELLETS
                        TOTAL MONTH:    M          5 = HAIL
                        GRTST 24HR    M  ON   M    6 = FREEZING RAIN OR DRIZZLE
                        GRTST DEPTH:   0           7 = DUSTSTORM OR SANDSTORM:
                                                       VSBY 1/2 MILE OR LESS
                                                   8 = SMOKE OR HAZE
[NO. OF DAYS WITH]      [WEATHER - DAYS WITH]      9 = BLOWING SNOW
                                                   X = TORNADO
MAX 32 OR BELOW:   8    0.01 INCH OR MORE:  10
MAX 90 OR ABOVE:   0    0.10 INCH OR MORE:   7
MIN 32 OR BELOW:  17    0.50 INCH OR MORE:   3
MIN  0 OR BELOW:   0    1.00 INCH OR MORE:   0

[HDD (BASE 65) ]
TOTAL THIS MO.   760    CLEAR  (SCALE 0-3)   5
DPTR FM NORMAL    16    PTCLDY (SCALE 4-7)  14
TOTAL FM JUL 1  4656    CLOUDY (SCALE 8-10)  6
DPTR FM NORMAL  -861

[CDD (BASE 65) ]
TOTAL THIS MO.     0
DPTR FM NORMAL     0    [PRESSURE DATA]
TOTAL FM JAN 1     0    HIGHEST SLP M ON M
DPTR FM NORMAL     0    LOWEST  SLP 29.34 ON  1

[REMARKS]
