000
CXUS53 KGRR 291017
CF6AZO
PRELIMINARY LOCAL CLIMATOLOGICAL DATA (WS FORM: F-6)

                                          STATION:   KALAMAZOO MI
                                          MONTH:     APRIL
                                          YEAR:      2016
                                          LATITUDE:   42 13 N
                                          LONGITUDE:  85 33 W

  TEMPERATURE IN F:       :PCPN:    SNOW:  WIND      :SUNSHINE: SKY     :PK WND
================================================================================
1   2   3   4   5  6A  6B    7    8   9   10  11  12  13   14  15   16   17  18
                                     12Z  AVG MX 2MIN
DY MAX MIN AVG DEP HDD CDD  WTR  SNW DPTH SPD SPD DIR MIN PSBL S-S WX    SPD DR
================================================================================

 1  50  37  44   1  21   0 0.04    M    M 10.4 23 280   M    M   9        27 270
 2  38  26  32 -12  33   0 0.12    M    M 13.6 37 330   M    M   7 128    47 330
 3  60  21  41  -3  24   0 0.01    M    M 13.8 30 220   M    M   6 13     40 220
 4  58  24  41  -3  24   0    T    M    M 10.1 22 300   M    M   9        27 320
 5  43  21  32 -13  33   0    T    M    M  7.5 17 150   M    M   4        28 140
 6  49  36  43  -2  22   0 0.63    M    M 10.2 18 180   M    M   8 13     27 180
 7  41  31  36 -10  29   0    T    M    M 14.6 24 330   M    M  10 8      33 310
 8  39  28  34 -12  31   0 0.10    M    M  7.7 25 340   M    M   8 18     30 350
 9  35  21  28 -18  37   0    T    M    M 10.4 26 350   M    M   6 18     35 350
10  49  30  40  -7  25   0 0.33    M    M  9.7 17 170   M    M   9 16     26 150
11  52  33  43  -4  22   0 0.03    M    M 11.0 25 320   M    M   5 18     31 320
12  49  29  39  -9  26   0 0.00    M    M  7.1 16 310   M    M   1        22 310
13  55  31  43  -5  22   0 0.00    M    M  4.6 13 130   M    M   7        16 140
14  64  30  47  -1  18   0 0.00    M    M  5.8 14 140   M    M   1        18 150
15  72  36  54   5  11   0 0.00    M    M  5.3 13 170   M    M   0        17 140
16  79  42  61  12   4   0 0.00    M    M  4.1 13 150   M    M   0        18 130
17  80  42  61  11   4   0 0.00    M    M  2.3  9 180   M    M   0        13  50
18  82  49  66  16   0   1 0.00    M    M  4.4 14 320   M    M   0        17 320
19  62  52  57   7   8   0 0.00    M    M  6.7 14  90   M    M   3        20 100
20  72  50  61  10   4   0    T    M    M  8.7 18 120   M    M   5        26 120
21  65  49  57   6   8   0 0.34    M    M  3.8 12 210   M    M   8 128    15 190
22  63  50  57   5   8   0 0.00    M    M  5.0 13  60   M    M   8 128    17  50
23  63  40  52   0  13   0 0.00    M    M  3.6 12  60   M    M   1        26  90
24  73  43  58   6   7   0 0.00    M    M  6.1 15 190   M    M   1        20 190
25  79  52  66  14   0   1 1.05    M    M 11.1 29 200   M    M   4 138    35 210
26  63  43  53   0  12   0 0.00    M    M  8.3 16  20   M    M   9 128    21  50
27  62  41  52  -1  13   0 0.00    M    M  8.1 16  90   M    M   6        22 100
28  52  41  47  -7  18   0 0.01    M    M  7.9 16 100   M    M  10        24  90
================================================================================
SM 1649 1028       477   2  2.66    M    221.9          M      145
================================================================================
AV 58.9 36.7                               7.9 FASTST   M    M   5    MAX(MPH)
                                 MISC ---->  # 37 330               # 47  330
================================================================================
NOTES:
# LAST OF SEVERAL OCCURRENCES

COLUMN 17 PEAK WIND IN M.P.H.

PRELIMINARY LOCAL CLIMATOLOGICAL DATA (WS FORM: F-6) , PAGE 2

                                          STATION:  KALAMAZOO MI
                                          MONTH:    APRIL
                                          YEAR:     2016
                                          LATITUDE:   42 13 N
                                          LONGITUDE:  85 33 W

[TEMPERATURE DATA]      [PRECIPITATION DATA]       SYMBOLS USED IN COLUMN 16

AVERAGE MONTHLY: 47.8   TOTAL FOR MONTH:   2.66    1 = FOG OR MIST
DPTR FM NORMAL:  -0.7   DPTR FM NORMAL:   -0.13    2 = FOG REDUCING VISIBILITY
HIGHEST:    82 ON 18    GRTST 24HR  1.05 ON 25-25      TO 1/4 MILE OR LESS
LOWEST:     21 ON  9, 5                            3 = THUNDER
                        SNOW, ICE PELLETS, HAIL    4 = ICE PELLETS
                        TOTAL MONTH:    M          5 = HAIL
                        GRTST 24HR    M  ON   M    6 = FREEZING RAIN OR DRIZZLE
                        GRTST DEPTH:  M  ON   M    7 = DUSTSTORM OR SANDSTORM:
                                                       VSBY 1/2 MILE OR LESS
                                                   8 = SMOKE OR HAZE
[NO. OF DAYS WITH]      [WEATHER - DAYS WITH]      9 = BLOWING SNOW
                                                   X = TORNADO
MAX 32 OR BELOW:   0    0.01 INCH OR MORE:  10
MAX 90 OR ABOVE:   0    0.10 INCH OR MORE:   6
MIN 32 OR BELOW:  11    0.50 INCH OR MORE:   2
MIN  0 OR BELOW:   0    1.00 INCH OR MORE:   1

[HDD (BASE 65) ]
TOTAL THIS MO.   477    CLEAR  (SCALE 0-3)   9
DPTR FM NORMAL    14    PTCLDY (SCALE 4-7)  11
TOTAL FM JUL 1  5227    CLOUDY (SCALE 8-10)  8
DPTR FM NORMAL  -893

[CDD (BASE 65) ]
TOTAL THIS MO.     2
DPTR FM NORMAL     2    [PRESSURE DATA]
TOTAL FM JAN 1     2    HIGHEST SLP M ON M
DPTR FM NORMAL     2    LOWEST  SLP 29.44 ON  2

[REMARKS]
