000
CXUS54 KEWX 290910
CF6BAZ
PRELIMINARY LOCAL CLIMATOLOGICAL DATA (WS FORM: F-6)

                                          STATION:   NEW BRAUNFELS
                                          MONTH:     JUNE
                                          YEAR:      2017
                                          LATITUDE:   29 43 N
                                          LONGITUDE:  98  3 W

  TEMPERATURE IN F:       :PCPN:    SNOW:  WIND      :SUNSHINE: SKY     :PK WND
================================================================================
1   2   3   4   5  6A  6B    7    8   9   10  11  12  13   14  15   16   17  18
                                     12Z  AVG MX 2MIN
DY MAX MIN AVG DEP HDD CDD  WTR  SNW DPTH SPD SPD DIR MIN PSBL S-S WX    SPD DR
================================================================================

 1  90  66  78  -2   0  13    T    M    M  5.6 14 130   M    M   5 1      16 130
 2  92  73  83   3   0  18 0.00    M    M  5.4 14 150   M    M   5 18     17 150
 3  93  70  82   2   0  17 0.00    M    M  5.7 18 330   M    M   5 13     24 320
 4  90  66  78  -2   0  13 0.80    M    M  5.4 41 260   M    M   3 138    51 270
 5  91  69  80   0   0  15 0.34    M    M  5.9 20 330   M    M   2 138    27 310
 6  93  69  81   1   0  16 0.00    M    M  9.4 22  20   M    M   2        29  30
 7  96  66  81   0   0  16 0.00    M    M  5.1 13 360   M    M   0        17 340
 8  95  68  82   1   0  17 0.00    M    M  4.8 14 130   M    M   1        17 120
 9  92  70  81   0   0  16    T    M    M  8.6 18 140   M    M   5 18     22 140
10  92  66  79  -2   0  14 0.00    M    M  8.5 16 140   M    M   3        20 150
11  93  67  80  -1   0  15 0.00    M    M  7.5 16 140   M    M   4 12     22 110
12  94  68  81   0   0  16 0.00    M    M  8.0 15 160   M    M   3 12     20 150
13  96  72  84   2   0  19 0.00    M    M 10.5 22 140   M    M   5 12     27 140
14  96  77  87   5   0  22 0.00    M    M 12.9 21 170   M    M   6        29 170
15  98  77  88   6   0  23 0.00    M    M 10.9 21 190   M    M   4        26 190
16  98  74  86   4   0  21 0.00    M    M 11.7 21 170   M    M   4        27 160
17 100  77  89   7   0  24 0.00    M    M 12.9 22 170   M    M   3        25 190
18  99  76  88   6   0  23 0.00    M    M 12.3 21 150   M    M   3        25 190
19  94  74  84   2   0  19 0.00    M    M  6.7 21 220   M    M   4 1      24 210
20  98  72  85   3   0  20 0.00    M    M  9.3 17  60   M    M   1        24  40
21  98  73  86   4   0  21 0.00    M    M 11.2 21  40   M    M   1        28  60
22  99  71  85   3   0  20 0.00    M    M  7.2 15 210   M    M   1        20 190
23 102  72  87   4   0  22 0.00    M    M  9.3 18 140   M    M   1 18     23 140
24  87  70  79  -4   0  14    T    M    M  8.2 24  50   M    M   4 18     30  40
25  92  70  81  -2   0  16 0.09    M    M  7.8 18 130   M    M   4 1      22 140
26  93  73  83   0   0  18 0.25    M    M  5.1 18 120   M    M   6 13     22 110
27  91  71  81  -2   0  16 0.50    M    M  5.9 21 150   M    M   7 12     26 150
28  94  69  82  -1   0  17 0.00    M    M  6.6 13  90   M    M   5 12     17 130
================================================================================
SM 2646 1986         0 501  1.98    M    228.4          M       97
================================================================================
AV 94.5 70.9                               8.2 FASTST   M    M   3    MAX(MPH)
                                 MISC ---->  # 41 260               # 51  270
================================================================================
NOTES:
# LAST OF SEVERAL OCCURRENCES

COLUMN 17 PEAK WIND IN M.P.H.

PRELIMINARY LOCAL CLIMATOLOGICAL DATA (WS FORM: F-6) , PAGE 2

                                          STATION:  NEW BRAUNFELS
                                          MONTH:    JUNE
                                          YEAR:     2017
                                          LATITUDE:   29 43 N
                                          LONGITUDE:  98  3 W

[TEMPERATURE DATA]      [PRECIPITATION DATA]       SYMBOLS USED IN COLUMN 16

AVERAGE MONTHLY: 82.7   TOTAL FOR MONTH:   1.98    1 = FOG OR MIST
DPTR FM NORMAL:   1.1   DPTR FM NORMAL:   -2.53    2 = FOG REDUCING VISIBILITY
HIGHEST:   102 ON 23    GRTST 24HR  0.80 ON  4- 4      TO 1/4 MILE OR LESS
LOWEST:     66 ON 10, 7                            3 = THUNDER
                        SNOW, ICE PELLETS, HAIL    4 = ICE PELLETS
                        TOTAL MONTH:    M          5 = HAIL
                        GRTST 24HR    M  ON   M    6 = FREEZING RAIN OR DRIZZLE
                        GRTST DEPTH:  M  ON   M    7 = DUSTSTORM OR SANDSTORM:
                                                       VSBY 1/2 MILE OR LESS
                                                   8 = SMOKE OR HAZE
[NO. OF DAYS WITH]      [WEATHER - DAYS WITH]      9 = BLOWING SNOW
                                                   X = TORNADO
MAX 32 OR BELOW:   0    0.01 INCH OR MORE:   5
MAX 90 OR ABOVE:  27    0.10 INCH OR MORE:   4
MIN 32 OR BELOW:   0    0.50 INCH OR MORE:   2
MIN  0 OR BELOW:   0    1.00 INCH OR MORE:   0

[HDD (BASE 65) ]
TOTAL THIS MO.     0    CLEAR  (SCALE 0-3)  10
DPTR FM NORMAL     0    PTCLDY (SCALE 4-7)  18
TOTAL FM JUL 1   794    CLOUDY (SCALE 8-10)  0
DPTR FM NORMAL  -765

[CDD (BASE 65) ]
TOTAL THIS MO.   501
DPTR FM NORMAL    36    [PRESSURE DATA]
TOTAL FM JAN 1  1318    HIGHEST SLP M ON M
DPTR FM NORMAL   261    LOWEST  SLP 29.59 ON 22

[REMARKS]
