000
CXUS54 KEWX 190910
CF6BAZ
PRELIMINARY LOCAL CLIMATOLOGICAL DATA (WS FORM: F-6)

                                          STATION:   NEW BRAUNFELS
                                          MONTH:     JANUARY
                                          YEAR:      2017
                                          LATITUDE:   29 43 N
                                          LONGITUDE:  98  3 W

  TEMPERATURE IN F:       :PCPN:    SNOW:  WIND      :SUNSHINE: SKY     :PK WND
================================================================================
1   2   3   4   5  6A  6B    7    8   9   10  11  12  13   14  15   16   17  18
                                     12Z  AVG MX 2MIN
DY MAX MIN AVG DEP HDD CDD  WTR  SNW DPTH SPD SPD DIR MIN PSBL S-S WX    SPD DR
================================================================================

 1  76  50  63  12   2   0 0.00    M    M  6.1 17 150   M    M   3 12     21 160
 2  78  47  63  12   2   0 0.04    M    M  6.7 23 320   M    M   3 123    29 320
 3  80  43  62  11   3   0 0.00    M    M  9.4 20  30   M    M   0        27  30
 4  52  37  45  -6  20   0 0.00    M    M 10.5 22  10   M    M   5        28  10
 5  69  39  54   3  11   0 0.00    M    M 13.2 28  30   M    M   9        35  40
 6  39  25  32 -19  33   0 0.01    M    M 19.1 28  10   M    M   8 6      35  30
 7  46  17  32 -19  33   0 0.00    M    M  7.7 15  50   M    M   0        19  30
 8  54  17  36 -15  29   0 0.00    M    M  6.6 16 200   M    M   2        21 160
 9  75  43  59   8   6   0 0.00    M    M  9.6 24 200   M    M   6        29 200
10  82  51  67  16   0   2 0.00    M    M 10.0 24 210   M    M   0 12     29 210
11  81  56  69  18   0   4 0.00    M    M 15.1 31 190   M    M   3 1      39 210
12  84  63  74  23   0   9 0.00    M    M 15.1 28 190   M    M   7        33 180
13  79  68  74  23   0   9 0.27    M    M 10.5 20 160   M    M  10 1      22 150
14  68  52  60   9   5   0 0.10    M    M 11.2 15  50   M    M  10 128    18  50
15  77  53  65  14   0   0 0.07    M    M 12.7 30 160   M    M   9 1238   38 150
16  69  61  65  14   0   0 0.81    M    M  6.9 17 260   M    M  10 13     21 260
17  61  51  56   5   9   0 0.95    M    M 14.4 24  40   M    M   9 13     31  40
18  60  49  55   4  10   0 0.52    M    M  8.8 17  20   M    M  10 13     21  10
================================================================================
SM 1230  822       163  24  2.77    M    193.6          M      104
================================================================================
AV 68.3 45.7                              10.8 FASTST   M    M   6    MAX(MPH)
                                 MISC ---->  # 31 190               # 39  210
================================================================================
NOTES:
# LAST OF SEVERAL OCCURRENCES

COLUMN 17 PEAK WIND IN M.P.H.

PRELIMINARY LOCAL CLIMATOLOGICAL DATA (WS FORM: F-6) , PAGE 2

                                          STATION:  NEW BRAUNFELS
                                          MONTH:    JANUARY
                                          YEAR:     2017
                                          LATITUDE:   29 43 N
                                          LONGITUDE:  98  3 W

[TEMPERATURE DATA]      [PRECIPITATION DATA]       SYMBOLS USED IN COLUMN 16

AVERAGE MONTHLY: 57.0   TOTAL FOR MONTH:   2.77    1 = FOG OR MIST
DPTR FM NORMAL:   6.0   DPTR FM NORMAL:    1.70    2 = FOG REDUCING VISIBILITY
HIGHEST:    84 ON 12    GRTST 24HR  1.31 ON 17-18      TO 1/4 MILE OR LESS
LOWEST:     17 ON  8, 7                            3 = THUNDER
                        SNOW, ICE PELLETS, HAIL    4 = ICE PELLETS
                        TOTAL MONTH:    M          5 = HAIL
                        GRTST 24HR    M  ON   M    6 = FREEZING RAIN OR DRIZZLE
                        GRTST DEPTH:  M  ON   M    7 = DUSTSTORM OR SANDSTORM:
                                                       VSBY 1/2 MILE OR LESS
                                                   8 = SMOKE OR HAZE
[NO. OF DAYS WITH]      [WEATHER - DAYS WITH]      9 = BLOWING SNOW
                                                   X = TORNADO
MAX 32 OR BELOW:   0    0.01 INCH OR MORE:   8
MAX 90 OR ABOVE:   0    0.10 INCH OR MORE:   5
MIN 32 OR BELOW:   3    0.50 INCH OR MORE:   3
MIN  0 OR BELOW:   0    1.00 INCH OR MORE:   0

[HDD (BASE 65) ]
TOTAL THIS MO.   163    CLEAR  (SCALE 0-3)   5
DPTR FM NORMAL   -97    PTCLDY (SCALE 4-7)   6
TOTAL FM JUL 1   535    CLOUDY (SCALE 8-10)  7
DPTR FM NORMAL  -347

[CDD (BASE 65) ]
TOTAL THIS MO.    24
DPTR FM NORMAL    24    [PRESSURE DATA]
TOTAL FM JAN 1    24    HIGHEST SLP M ON M
DPTR FM NORMAL    24    LOWEST  SLP 29.70 ON  2

[REMARKS]
