000
CXUS55 KLBF 271200
CF6BBW
PRELIMINARY LOCAL CLIMATOLOGICAL DATA (WS FORM: F-6)

                                          STATION:   BROKEN BOW NE
                                          MONTH:     MARCH
                                          YEAR:      2015
                                          LATITUDE:   41 26 N
                                          LONGITUDE:  99 39 W

  TEMPERATURE IN F:       :PCPN:    SNOW:  WIND      :SUNSHINE: SKY     :PK WND
================================================================================
1   2   3   4   5  6A  6B    7    8   9   10  11  12  13   14  15   16   17  18
                                     12Z  AVG MX 2MIN
DY MAX MIN AVG DEP HDD CDD  WTR  SNW DPTH SPD SPD DIR MIN PSBL S-S WX    SPD DR
================================================================================

 1  41  15  28  -4  37   0 0.00    M    M  5.4 16 320   M    M   3        20 340
 2  40  15  28  -4  37   0 0.00    M    M 16.2 35 170   M    M   6        47 170
 3  32  16  24  -9  41   0    T    M    M 17.5 45 340   M    M   7        53 350
 4  29   0  15 -18  50   0 0.00    M    M  9.2 23 320   M    M   2        30 330
 5  45  -5  20 -14  45   0 0.00    M    M  7.0 22 210   M    M   0        28 200
 6  63  23  43   9  22   0 0.00    M    M 10.2 23 300   M    M   0        31 290
 7  64  26  45  11  20   0 0.00    M    M  7.0 21 360   M    M   1        24 320
 8  57  22  40   5  25   0 0.00    M    M  6.9 20 350   M    M   1        23 340
 9  65  29  47  12  18   0 0.00    M    M   M   M   M   M    M   0         M  M
10  72  23  48  12  17   0 0.00    M    M  5.0 17 360   M    M   0        22 360
11  73  22  48  12  17   0 0.00    M    M  8.7 21 190   M    M   0        27 210
12  77  37  57  21   8   0 0.00    M    M  9.8 26 200   M    M   0        34 200
13  71  35  53  16  12   0 0.00    M    M 13.3 29 350   M    M   0        36  10
14  68  22  45   8  20   0 0.00    M    M  8.3 18 210   M    M   0 8      30 210
15  86  46  66  28   0   1 0.00    M    M 11.5 21 250   M    M   0 8      29 210
16  91  35  63  25   2   0 0.00    M    M 16.7 36  10   M    M   0        47  10
17  50  25  38   0  27   0 0.00    M    M 11.3 26  20   M    M   1        36  30
18  56  23  40   2  25   0 0.00    M    M 10.5 23 150   M    M   0        29 150
19  66  22  44   5  21   0 0.00    M    M  7.9 23 330   M    M   1        29 330
20  78  21  50  11  15   0 0.00    M    M  6.7 25 250   M    M   0        34 250
21  73  30  52  12  13   0 0.00  0.0    0 10.9 23 170   M    M   0        30 180
22  64  34  49   9  16   0    T    M    0 13.4 25 350   M    M   0        33 340
23  58  22  40   0  25   0 0.00  0.0    0  7.0 17 120   M    M   2        25 100
24  65  37  51  11  14   0    T    M    0  7.6 22 320   M    M   5 8      26 320
25  49  24  37  -4  28   0 0.00    M    M 14.5 28 360   M    M   4        33  10
26  58  13  36  -5  29   0    T    M    M  7.4 35 310   M    M   5        43 310
================================================================================
SM 1591  612       584   1    T      0.0 249.9          M       38
================================================================================
AV 61.2 23.5                              10.0 FASTST   M    M   1    MAX(MPH)
                                 MISC ---->  # 45 340               # 53  350
================================================================================
NOTES:
# LAST OF SEVERAL OCCURRENCES

COLUMN 17 PEAK WIND IN M.P.H.

PRELIMINARY LOCAL CLIMATOLOGICAL DATA (WS FORM: F-6) , PAGE 2

                                          STATION:  BROKEN BOW NE
                                          MONTH:    MARCH
                                          YEAR:     2015
                                          LATITUDE:   41 26 N
                                          LONGITUDE:  99 39 W

[TEMPERATURE DATA]      [PRECIPITATION DATA]       SYMBOLS USED IN COLUMN 16

AVERAGE MONTHLY: 42.4   TOTAL FOR MONTH:      T    1 = FOG OR MIST
DPTR FM NORMAL:   5.6   DPTR FM NORMAL:   -0.98    2 = FOG REDUCING VISIBILITY
HIGHEST:    91 ON 16    GRTST 24HR    T  ON 26-26      TO 1/4 MILE OR LESS
LOWEST:     -5 ON  5                               3 = THUNDER
                        SNOW, ICE PELLETS, HAIL    4 = ICE PELLETS
                        TOTAL MONTH:   0.0 INCH    5 = HAIL
                        GRTST 24HR     0.0         6 = FREEZING RAIN OR DRIZZLE
                        GRTST DEPTH:   0           7 = DUSTSTORM OR SANDSTORM:
                                                       VSBY 1/2 MILE OR LESS
                                                   8 = SMOKE OR HAZE
[NO. OF DAYS WITH]      [WEATHER - DAYS WITH]      9 = BLOWING SNOW
                                                   X = TORNADO
MAX 32 OR BELOW:   2    0.01 INCH OR MORE:   0
MAX 90 OR ABOVE:   1    0.10 INCH OR MORE:   0
MIN 32 OR BELOW:  20    0.50 INCH OR MORE:   0
MIN  0 OR BELOW:   2    1.00 INCH OR MORE:   0

[HDD (BASE 65) ]
TOTAL THIS MO.   584    CLEAR  (SCALE 0-3)  21
DPTR FM NORMAL  -148    PTCLDY (SCALE 4-7)   5
TOTAL FM JUL 1  5358    CLOUDY (SCALE 8-10)  0
DPTR FM NORMAL  -389

[CDD (BASE 65) ]
TOTAL THIS MO.     1
DPTR FM NORMAL     1    [PRESSURE DATA]
TOTAL FM JAN 1     1    HIGHEST SLP M ON M
DPTR FM NORMAL     1    LOWEST  SLP 29.63 ON  3

[REMARKS]
