000
CXUS51 KBOX 271046
CF6BDL
PRELIMINARY LOCAL CLIMATOLOGICAL DATA (WS FORM: F-6)

                                          STATION:   HARTFORD CT
                                          MONTH:     JUNE
                                          YEAR:      2017
                                          LATITUDE:   41 55 N
                                          LONGITUDE:  72 41 W

  TEMPERATURE IN F:       :PCPN:    SNOW:  WIND      :SUNSHINE: SKY     :PK WND
================================================================================
1   2   3   4   5  6A  6B    7    8   9   10  11  12  13   14  15   16   17  18
                                     12Z  AVG MX 2MIN
DY MAX MIN AVG DEP HDD CDD  WTR  SNW DPTH SPD SPD DIR MIN PSBL S-S WX    SPD DR
================================================================================

 1  79  53  66   2   0   1 0.02  0.0    0  7.1 22 270   M    M   5 12     28 260
 2  73  49  61  -3   4   0    T  0.0    0  7.5 21 310   M    M   4        29 280
 3  73  45  59  -6   6   0 0.02  0.0    0  8.6 22 320   M    M   5        27 300
 4  73  48  61  -4   4   0 0.21  0.0    0  5.7 17 200   M    M   7 1      21 200
 5  63  53  58  -7   7   0 0.31  0.0    0  8.3 16  10   M    M  10 1      20  10
 6  53  49  51 -15  14   0 0.63  0.0    0 10.2 21  30   M    M  10 1      30  20
 7  75  49  62  -4   3   0    T  0.0    0  6.4 16  40   M    M   5 1      19  50
 8  78  46  62  -4   3   0 0.00  0.0    0  4.7 16 180   M    M   6 1      20 170
 9  81  44  63  -4   2   0 0.00  0.0    0  6.9 24 320   M    M   5        31 330
10  86  55  71   4   0   6 0.00  0.0    0  7.6 21 250   M    M   3        26 240
11  94  63  79  12   0  14 0.00  0.0    0  9.3 23 250   M    M   4        31 230
12  96  64  80  12   0  15 0.00  0.0    0  6.4 17 240   M    M   1        23 230
13  95  69  82  14   0  17    T  0.0    0  7.9 17 260   M    M   5        23 290
14  84  60  72   4   0   7 0.00  0.0    0  7.8 15 360   M    M   6        21  10
15  78  52  65  -4   0   0 0.00  0.0    0  9.5 18 170   M    M   6        26 160
16  73  59  66  -3   0   1 0.12  0.0    0  7.7 17 150   M    M  10 18     21 150
17  76  62  69   0   0   4 0.03  0.0    0  5.6 14 200   M    M  10 1      18 200
18  86  73  80  11   0  15    T    M    0 12.5 18 190   M    M   8 1      30 180
19  87  69  78   8   0  13 1.51  0.0    0 12.7 23 280   M    M   9 13     32 290
20  85  66  76   6   0  11 0.02  0.0    0 11.9 23 260   M    M   4        31 250
21  84  61  73   3   0   8    T  0.0    0  8.4 21 250   M    M   5 3      27 250
22  85  55  70   0   0   5 0.00  0.0    0  6.9 17 260   M    M   4        22 260
23  90  67  79   8   0  14 0.01  0.0    0 10.0 22 190   M    M   8 18     29 180
24  86  69  78   7   0  13 0.01  0.0    0  9.9 24 290   M    M   6        31 290
25  84  58  71   0   0   6 0.00  0.0    0  7.5 21 300   M    M   4        26 310
26  80  53  67  -4   0   2 0.00  0.0    0  6.6 15 230   M    M   4 1      21 300
================================================================================
SM 2097 1491        43 152  2.89     0.0 213.6          M      154
================================================================================
AV 80.7 57.4                               8.2 FASTST   M    M   6    MAX(MPH)
                                 MISC ---->  # 24 320               # 32  290
================================================================================
NOTES:
# LAST OF SEVERAL OCCURRENCES

COLUMN 17 PEAK WIND IN M.P.H.

PRELIMINARY LOCAL CLIMATOLOGICAL DATA (WS FORM: F-6) , PAGE 2

                                          STATION:  HARTFORD CT
                                          MONTH:    JUNE
                                          YEAR:     2017
                                          LATITUDE:   41 55 N
                                          LONGITUDE:  72 41 W

[TEMPERATURE DATA]      [PRECIPITATION DATA]       SYMBOLS USED IN COLUMN 16

AVERAGE MONTHLY: 69.0   TOTAL FOR MONTH:   2.89    1 = FOG OR MIST
DPTR FM NORMAL:   1.1   DPTR FM NORMAL:   -0.99    2 = FOG REDUCING VISIBILITY
HIGHEST:    96 ON 12    GRTST 24HR  1.51 ON 19-19      TO 1/4 MILE OR LESS
LOWEST:     44 ON  9                               3 = THUNDER
                        SNOW, ICE PELLETS, HAIL    4 = ICE PELLETS
                        TOTAL MONTH:   0.0 INCH    5 = HAIL
                        GRTST 24HR     0.0         6 = FREEZING RAIN OR DRIZZLE
                        GRTST DEPTH:   0           7 = DUSTSTORM OR SANDSTORM:
                                                       VSBY 1/2 MILE OR LESS
                                                   8 = SMOKE OR HAZE
[NO. OF DAYS WITH]      [WEATHER - DAYS WITH]      9 = BLOWING SNOW
                                                   X = TORNADO
MAX 32 OR BELOW:   0    0.01 INCH OR MORE:  11
MAX 90 OR ABOVE:   4    0.10 INCH OR MORE:   5
MIN 32 OR BELOW:   0    0.50 INCH OR MORE:   2
MIN  0 OR BELOW:   0    1.00 INCH OR MORE:   1

[HDD (BASE 65) ]
TOTAL THIS MO.    43    CLEAR  (SCALE 0-3)   1
DPTR FM NORMAL     4    PTCLDY (SCALE 4-7)  19
TOTAL FM JUL 1  5514    CLOUDY (SCALE 8-10)  6
DPTR FM NORMAL  -483

[CDD (BASE 65) ]
TOTAL THIS MO.   152
DPTR FM NORMAL    37    [PRESSURE DATA]
TOTAL FM JAN 1   212    HIGHEST SLP M ON M
DPTR FM NORMAL    58    LOWEST  SLP 29.52 ON 24

[REMARKS]
