000
CXUS51 KOKX 300703
CF6BDR
PRELIMINARY LOCAL CLIMATOLOGICAL DATA (WS FORM: F-6)

                                          STATION:   BRIDGEPORT CT
                                          MONTH:     MAY
                                          YEAR:      2016
                                          LATITUDE:   41 10 N
                                          LONGITUDE:  73  8 W

  TEMPERATURE IN F:       :PCPN:    SNOW:  WIND      :SUNSHINE: SKY     :PK WND
================================================================================
1   2   3   4   5  6A  6B    7    8   9   10  11  12  13   14  15   16   17  18
                                     12Z  AVG MX 2MIN
DY MAX MIN AVG DEP HDD CDD  WTR  SNW DPTH SPD SPD DIR MIN PSBL S-S WX    SPD DR
================================================================================

 1  50  43  47  -7  18   0 0.13  0.0    0  8.8 18  80   M    M   8 18     22  80
 2  56  45  51  -4  14   0    T  0.0    0  5.5 12  30   M    M   8 1      14  40
 3  53  50  52  -3  13   0 0.64  0.0    0  7.4 15  70   M    M   9 1      18  70
 4  52  48  50  -5  15   0 0.12  0.0    0 10.4 22 100   M    M  10 1      27 100
 5  55  47  51  -5  14   0 0.00  0.0    0 14.4 20  30   M    M  10        30  20
 6  53  48  51  -5  14   0 0.53  0.0    0 15.5 23  80   M    M  10 1      29  70
 7  55  49  52  -4  13   0 0.02  0.0    0  6.9 20  80   M    M  10 1      24  90
 8  67  47  57   0   8   0 0.21  0.0    0 10.1 29 290   M    M   6 1      39 300
 9  74  49  62   5   3   0 0.00  0.0    0 10.2 20 320   M    M   2        26 320
10  66  44  55  -2  10   0 0.00  0.0    0  7.7 16 220   M    M   0        21 230
11  73  44  59   1   6   0 0.00  0.0    0  5.6 13 220   M    M   0 8      17 210
12  70  53  62   4   3   0 0.00  0.0    0  5.8 12 120   M    M   0 8      16 110
13  63  53  58   0   7   0 0.17  0.0    0  5.5 12 100   M    M   8 12     14 180
14  72  51  62   4   3   0 0.04  0.0    0  8.1 24 210   M    M   5 12     30 210
15  60  46  53  -6  12   0    T  0.0    0 14.0 28 270   M    M   6        37 260
16  67  43  55  -4  10   0 0.00  0.0    0 14.2 32 300   M    M   2        46 300
17  68  52  60   1   5   0 0.00  0.0    0  9.4 16 220   M    M   2        21 220
18  66  48  57  -3   8   0 0.00  0.0    0  6.7 15  10   M    M   4        20  10
19  67  53  60   0   5   0    T  0.0    0  4.7 15 200   M    M   8        19 210
20  74  48  61   1   4   0 0.00  0.0    0  6.9 15 180   M    M   0        18 340
21  63  51  57  -4   8   0    T  0.0    0  5.3 10  80   M    M   4        15 150
22  69  54  62   1   3   0 0.02  0.0    0  5.2 14  10   M    M   7        19  10
23  74  53  64   3   1   0 0.04  0.0    0  5.4 12 210   M    M   2        15 160
24  69  58  64   2   1   0 0.34  0.0    0  5.2 15 300   M    M   8 1      21 300
25  85  54  70   8   0   5 0.00  0.0    0  6.2 16 220   M    M   2 12     21 220
26  86  62  74  12   0   9 0.00  0.0    0  3.7 10 190   M    M   0 8      12 220
27  78  62  70   7   0   5 0.00  0.0    0  6.5 14  80   M    M   1 1      15  80
28  86  65  76  13   0  11 0.00  0.0    0  8.4 20 200   M    M   0        25 200
29  83  67  75  12   0  10 0.01  0.0    0  7.8 17 190   M    M   1 1      22 190
================================================================================
SM 1954 1487       198  40  2.27     0.0 231.5          M      133
================================================================================
AV 67.4 51.3                               8.0 FASTST   M    M   5    MAX(MPH)
                                 MISC ---->  # 32 300               # 46  300
================================================================================
NOTES:
# LAST OF SEVERAL OCCURRENCES

COLUMN 17 PEAK WIND IN M.P.H.

PRELIMINARY LOCAL CLIMATOLOGICAL DATA (WS FORM: F-6) , PAGE 2

                                          STATION:  BRIDGEPORT CT
                                          MONTH:    MAY
                                          YEAR:     2016
                                          LATITUDE:   41 10 N
                                          LONGITUDE:  73  8 W

[TEMPERATURE DATA]      [PRECIPITATION DATA]       SYMBOLS USED IN COLUMN 16

AVERAGE MONTHLY: 59.3   TOTAL FOR MONTH:   2.27    1 = FOG OR MIST
DPTR FM NORMAL:   0.5   DPTR FM NORMAL:   -1.26    2 = FOG REDUCING VISIBILITY
HIGHEST:    86 ON 28,26 GRTST 24HR  0.64 ON  3- 3      TO 1/4 MILE OR LESS
LOWEST:     43 ON 16, 1                            3 = THUNDER
                        SNOW, ICE PELLETS, HAIL    4 = ICE PELLETS
                        TOTAL MONTH:   0.0 INCH    5 = HAIL
                        GRTST 24HR     0.0         6 = FREEZING RAIN OR DRIZZLE
                        GRTST DEPTH:   0           7 = DUSTSTORM OR SANDSTORM:
                                                       VSBY 1/2 MILE OR LESS
                                                   8 = SMOKE OR HAZE
[NO. OF DAYS WITH]      [WEATHER - DAYS WITH]      9 = BLOWING SNOW
                                                   X = TORNADO
MAX 32 OR BELOW:   0    0.01 INCH OR MORE:  12
MAX 90 OR ABOVE:   0    0.10 INCH OR MORE:   7
MIN 32 OR BELOW:   0    0.50 INCH OR MORE:   2
MIN  0 OR BELOW:   0    1.00 INCH OR MORE:   0

[HDD (BASE 65) ]
TOTAL THIS MO.   198    CLEAR  (SCALE 0-3)  13
DPTR FM NORMAL    -1    PTCLDY (SCALE 4-7)   7
TOTAL FM JUL 1  4417    CLOUDY (SCALE 8-10)  9
DPTR FM NORMAL  -937

[CDD (BASE 65) ]
TOTAL THIS MO.    40
DPTR FM NORMAL    23    [PRESSURE DATA]
TOTAL FM JAN 1    40    HIGHEST SLP M ON M
DPTR FM NORMAL    21    LOWEST  SLP 29.59 ON 14

[REMARKS]
