000
CXUS55 KCTP 220700
CF6BFD
PRELIMINARY LOCAL CLIMATOLOGICAL DATA (WS FORM: F-6)

                                          STATION:   BRADFORD
                                          MONTH:     NOVEMBER
                                          YEAR:      2017
                                          LATITUDE:   41 47 N
                                          LONGITUDE:  78 38 W

  TEMPERATURE IN F:       :PCPN:    SNOW:  WIND      :SUNSHINE: SKY     :PK WND
================================================================================
1   2   3   4   5  6A  6B    7    8   9   10  11  12  13   14  15   16   17  18
                                     12Z  AVG MX 2MIN
DY MAX MIN AVG DEP HDD CDD  WTR  SNW DPTH SPD SPD DIR MIN PSBL S-S WX    SPD DR
================================================================================

 1  45  27  36  -6  29   0 0.75    M    M  6.5 14 150   M    M   8 1      18 140
 2  59  44  52  10  13   0 0.30    M    M  7.7 15 190   M    M  10 1      21 190
 3  60  31  46   5  19   0 0.17    M    M  6.6 20 320   M    M   8 1      24 320
 4  51  29  40  -1  25   0 0.00    M    M  9.0 20 140   M    M   4 1      27 150
 5  56  45  51  10  14   0 0.67    M    M 11.3 21 150   M    M  10 13     28 140
 6  56  34  45   4  20   0 0.49    M    M  7.3 18 330   M    M  10 1      24 330
 7  35  27  31  -9  34   0    T    M    M  4.6 13  90   M    M   7 1      17  60
 8  45  21  33  -7  32   0 0.00    M    M  1.6  8  70   M    M   1 12     13  80
 9  46  19  33  -7  32   0 0.02    M    M  7.9 29 310   M    M   3 1      37 300
10  31   7  19 -20  46   0    T    M    M 12.3 26 340   M    M   6 18     36 330
11  31   5  18 -21  47   0 0.00    M    M  4.8 13 120   M    M   0        18 120
12  39  18  29 -10  36   0    T    M    M  2.5  8 130   M    M   7        10 190
13  44  31  38   0  27   0    T    M    M  3.7 15 310   M    M  10 1      18 300
14  37  28  33  -5  32   0    T    M    M  0.9  7 350   M    M  10 1       8 280
15  42  21  32  -5  33   0 0.06    M    M  6.8 16 190   M    M   3 1      25 200
16  43  32  38   1  27   0 0.21    M    M 12.0 24 310   M    M  10 1      35 290
17  37  27  32  -5  33   0 0.00    M    M  7.5 23 310   M    M   6        31 310
18  47  31  39   3  26   0 0.72    M    M  8.8 15 140   M    M   8 1      23 170
19  46  27  37   1  28   0 0.35    M    M 14.9 28 310   M    M  10 18     36 290
20  37  26  32  -3  33   0 0.03    M    M 10.0 20 270   M    M   5 1      28 270
21  50  33  42   7  23   0 0.00    M    M  9.2 22 220   M    M   0        32 210
================================================================================
SM  937  563       609   0  3.77    M    155.9          M      136
================================================================================
AV 44.6 26.8                               7.4 FASTST   M    M   6    MAX(MPH)
                                 MISC ---->  # 29 310               # 37  300
================================================================================
NOTES:
# LAST OF SEVERAL OCCURRENCES

COLUMN 17 PEAK WIND IN M.P.H.

PRELIMINARY LOCAL CLIMATOLOGICAL DATA (WS FORM: F-6) , PAGE 2

                                          STATION:  BRADFORD
                                          MONTH:    NOVEMBER
                                          YEAR:     2017
                                          LATITUDE:   41 47 N
                                          LONGITUDE:  78 38 W

[TEMPERATURE DATA]      [PRECIPITATION DATA]       SYMBOLS USED IN COLUMN 16

AVERAGE MONTHLY: 35.7   TOTAL FOR MONTH:   3.77    1 = FOG OR MIST
DPTR FM NORMAL:  -3.0   DPTR FM NORMAL:    1.20    2 = FOG REDUCING VISIBILITY
HIGHEST:    60 ON  3    GRTST 24HR  0.75 ON  1- 1      TO 1/4 MILE OR LESS
LOWEST:      5 ON 11                               3 = THUNDER
                        SNOW, ICE PELLETS, HAIL    4 = ICE PELLETS
                        TOTAL MONTH:    M          5 = HAIL
                        GRTST 24HR    M  ON   M    6 = FREEZING RAIN OR DRIZZLE
                        GRTST DEPTH:  M  ON   M    7 = DUSTSTORM OR SANDSTORM:
                                                       VSBY 1/2 MILE OR LESS
                                                   8 = SMOKE OR HAZE
[NO. OF DAYS WITH]      [WEATHER - DAYS WITH]      9 = BLOWING SNOW
                                                   X = TORNADO
MAX 32 OR BELOW:   2    0.01 INCH OR MORE:  11
MAX 90 OR ABOVE:   0    0.10 INCH OR MORE:   8
MIN 32 OR BELOW:  17    0.50 INCH OR MORE:   3
MIN  0 OR BELOW:   0    1.00 INCH OR MORE:   0

[HDD (BASE 65) ]
TOTAL THIS MO.   609    CLEAR  (SCALE 0-3)   5
DPTR FM NORMAL   153    PTCLDY (SCALE 4-7)   9
TOTAL FM JUL 1  1277    CLOUDY (SCALE 8-10)  7
DPTR FM NORMAL  -172

[CDD (BASE 65) ]
TOTAL THIS MO.     0
DPTR FM NORMAL     0    [PRESSURE DATA]
TOTAL FM JAN 1   264    HIGHEST SLP 99.90 ON  9
DPTR FM NORMAL    71    LOWEST  SLP 29.14 ON 19

[REMARKS]
