000
CXUS55 KCTP 210700
CF6BFD
PRELIMINARY LOCAL CLIMATOLOGICAL DATA (WS FORM: F-6)

                                          STATION:   BRADFORD
                                          MONTH:     JULY
                                          YEAR:      2017
                                          LATITUDE:   41 47 N
                                          LONGITUDE:  78 38 W

  TEMPERATURE IN F:       :PCPN:    SNOW:  WIND      :SUNSHINE: SKY     :PK WND
================================================================================
1   2   3   4   5  6A  6B    7    8   9   10  11  12  13   14  15   16   17  18
                                     12Z  AVG MX 2MIN
DY MAX MIN AVG DEP HDD CDD  WTR  SNW DPTH SPD SPD DIR MIN PSBL S-S WX    SPD DR
================================================================================

 1  79  59  69   4   0   4 1.30    M    M  6.8 17 290   M    M   4 13     23 290
 2  79  56  68   3   0   3 0.00    M    M  5.9 20 280   M    M   1 1      28 290
 3  75  56  66   1   0   1 0.00    M    M  5.3 15 300   M    M   5        20 290
 4  78  50  64  -1   1   0 0.00    M    M  3.8 10  30   M    M   3 1      14 350
 5  80  53  67   2   0   2    T    M    M  6.4 14 150   M    M   4        22 150
 6  77  65  71   6   0   6 0.00    M    M  5.7 15 120   M    M   8        18 120
 7  74  59  67   2   0   2 0.29    M    M  4.5 14 280   M    M   6 123    19 280
 8  75  57  66   1   0   1 0.06    M    M  9.0 22 310   M    M   6 1      28 320
 9  74  44  59  -6   6   0 0.00    M    M  3.4 14 270   M    M   2 1      19 270
10  74  50  62  -3   3   0 0.20    M    M  5.2 13 190   M    M   4 1      19 230
11  77  62  70   5   0   5 0.41    M    M  3.8 15 330   M    M   9 123    20 330
12  79  67  73   8   0   8 0.16    M    M  5.2 14 280   M    M   7 13     20 290
13  76  68  72   6   0   7 0.37    M    M  4.4 17 270   M    M   6 13     27 280
14  81  61  71   5   0   6    T    M    M  5.7 20 300   M    M   7 12     24 290
15  69  55  62  -4   3   0 0.00    M    M  5.8 15 320   M    M   7 1      20 330
16  78  50  64  -2   1   0    T    M    M  3.2 12 200   M    M   3 12     16 210
17  79  57  68   2   0   3 0.00    M    M  4.7 15 280   M    M   3 1      20 280
18  81  53  67   1   0   2 0.00    M    M  4.0 15 290   M    M   1 1      20 280
19  85  54  70   4   0   5    T    M    M  4.7 17 300   M    M   2        22 310
20  85  58  72   6   0   7 0.00    M    M  6.7 17 290   M    M   3 1      24 270
================================================================================
SM 1555 1134        14  62  2.79    M    104.2          M       91
================================================================================
AV 77.8 56.7                               5.2 FASTST   M    M   5    MAX(MPH)
                                 MISC ---->  # 22 310               # 28  290
================================================================================
NOTES:
# LAST OF SEVERAL OCCURRENCES

COLUMN 17 PEAK WIND IN M.P.H.

PRELIMINARY LOCAL CLIMATOLOGICAL DATA (WS FORM: F-6) , PAGE 2

                                          STATION:  BRADFORD
                                          MONTH:    JULY
                                          YEAR:     2017
                                          LATITUDE:   41 47 N
                                          LONGITUDE:  78 38 W

[TEMPERATURE DATA]      [PRECIPITATION DATA]       SYMBOLS USED IN COLUMN 16

AVERAGE MONTHLY: 67.2   TOTAL FOR MONTH:   2.79    1 = FOG OR MIST
DPTR FM NORMAL:   1.8   DPTR FM NORMAL:    0.07    2 = FOG REDUCING VISIBILITY
HIGHEST:    85 ON 20,19 GRTST 24HR  1.30 ON  1- 1      TO 1/4 MILE OR LESS
LOWEST:     44 ON  9                               3 = THUNDER
                        SNOW, ICE PELLETS, HAIL    4 = ICE PELLETS
                        TOTAL MONTH:    M          5 = HAIL
                        GRTST 24HR    M  ON   M    6 = FREEZING RAIN OR DRIZZLE
                        GRTST DEPTH:  M  ON   M    7 = DUSTSTORM OR SANDSTORM:
                                                       VSBY 1/2 MILE OR LESS
                                                   8 = SMOKE OR HAZE
[NO. OF DAYS WITH]      [WEATHER - DAYS WITH]      9 = BLOWING SNOW
                                                   X = TORNADO
MAX 32 OR BELOW:   0    0.01 INCH OR MORE:   7
MAX 90 OR ABOVE:   0    0.10 INCH OR MORE:   6
MIN 32 OR BELOW:   0    0.50 INCH OR MORE:   1
MIN  0 OR BELOW:   0    1.00 INCH OR MORE:   1

[HDD (BASE 65) ]
TOTAL THIS MO.    14    CLEAR  (SCALE 0-3)   7
DPTR FM NORMAL    13    PTCLDY (SCALE 4-7)  12
TOTAL FM JUL 1    14    CLOUDY (SCALE 8-10)  1
DPTR FM NORMAL    13

[CDD (BASE 65) ]
TOTAL THIS MO.    62
DPTR FM NORMAL    14    [PRESSURE DATA]
TOTAL FM JAN 1   152    HIGHEST SLP M ON M
DPTR FM NORMAL    54    LOWEST  SLP 29.72 ON  7

[REMARKS]
