000
CXUS55 KCTP 250700
CF6BFD
PRELIMINARY LOCAL CLIMATOLOGICAL DATA (WS FORM: F-6)

                                          STATION:   BRADFORD
                                          MONTH:     MAY
                                          YEAR:      2017
                                          LATITUDE:   41 47 N
                                          LONGITUDE:  78 38 W

  TEMPERATURE IN F:       :PCPN:    SNOW:  WIND      :SUNSHINE: SKY     :PK WND
================================================================================
1   2   3   4   5  6A  6B    7    8   9   10  11  12  13   14  15   16   17  18
                                     12Z  AVG MX 2MIN
DY MAX MIN AVG DEP HDD CDD  WTR  SNW DPTH SPD SPD DIR MIN PSBL S-S WX    SPD DR
================================================================================

 1  73  52  63  14   2   0 0.88    M    M  8.0 24 250   M    M   5 13     39 220
 2  52  41  47  -2  18   0 0.22    M    M 10.1 24 280   M    M  10 1      37 230
 3  53  34  44  -6  21   0 0.03    M    M  8.5 22 330   M    M   4 1      29 320
 4  50  31  41  -9  24   0 0.21    M    M  9.8 20 140   M    M   8 1      26 150
 5  57  46  52   2  13   0 0.73    M    M  9.8 21 140   M    M  10 13     31 120
 6  52  37  45  -5  20   0 0.46    M    M 10.2 16 300   M    M  10 1      22 270
 7  48  29  39 -12  26   0 0.06    M    M 11.0 24 320   M    M   8 1      33 270
 8  49  28  39 -12  26   0 0.00    M    M  9.6 22 320   M    M   3        30 320
 9  59  26  43  -8  22   0 0.00    M    M  4.0 16 310   M    M   1        21 300
10  65  39  52   1  13   0 0.00    M    M  4.0 12  20   M    M   5        16 360
11  51  40  46  -6  19   0 0.08    M    M  6.9 14 140   M    M   9        17 140
12  52  45  49  -3  16   0 0.00    M    M  7.5 17 130   M    M  10 1      23 120
13  59  44  52   0  13   0    T    M    M  2.9 13 330   M    M   8 1      17 300
14  62  38  50  -3  15   0 0.03    M    M 11.5 30 310   M    M   8 1      39 320
15  64  40  52  -1  13   0 0.00    M    M 10.8 22 310   M    M   3        27 320
16  75  34  55   2  10   0 0.02    M    M  3.6 13 240   M    M   2        18 220
17  83  64  74  21   0   9 0.00    M    M  8.0 21 280   M    M   1        33 220
18  83  64  74  20   0   9 0.07    M    M  8.2 21 220   M    M   4 3      32 230
19  74  50  62   8   3   0 0.00    M    M  8.3 20 310   M    M   3        25 300
20  64  47  56   2   9   0 0.01    M    M  9.7 16  80   M    M   7        23  90
21  68  50  59   4   6   0 0.45    M    M 11.2 18 140   M    M  10 1      27 150
22  67  41  54  -1  11   0 0.21    M    M  6.1 17 290   M    M   5 1      25 240
23  71  37  54  -1  11   0 0.00    M    M  2.8 13 110   M    M   0        17 140
24   M   M   M   M   M   M    M    M    M   M   M   M   M    M   M         M  M
================================================================================
SM 1431  957       311  18  3.46    M    182.5          M      134
================================================================================
AV 62.2 41.6                               7.9 FASTST   M    M   6    MAX(MPH)
                                 MISC ---->  # 30 310               # 39  220
================================================================================
NOTES:
# LAST OF SEVERAL OCCURRENCES

COLUMN 17 PEAK WIND IN M.P.H.

PRELIMINARY LOCAL CLIMATOLOGICAL DATA (WS FORM: F-6) , PAGE 2

                                          STATION:  BRADFORD
                                          MONTH:    MAY
                                          YEAR:     2017
                                          LATITUDE:   41 47 N
                                          LONGITUDE:  78 38 W

[TEMPERATURE DATA]      [PRECIPITATION DATA]       SYMBOLS USED IN COLUMN 16

AVERAGE MONTHLY: 51.9   TOTAL FOR MONTH:   3.46    1 = FOG OR MIST
DPTR FM NORMAL:  -0.3   DPTR FM NORMAL:    0.28    2 = FOG REDUCING VISIBILITY
HIGHEST:    83 ON 18,17 GRTST 24HR  0.88 ON  1- 1      TO 1/4 MILE OR LESS
LOWEST:     26 ON  9                               3 = THUNDER
                        SNOW, ICE PELLETS, HAIL    4 = ICE PELLETS
                        TOTAL MONTH:    M          5 = HAIL
                        GRTST 24HR    M  ON   M    6 = FREEZING RAIN OR DRIZZLE
                        GRTST DEPTH:  M  ON   M    7 = DUSTSTORM OR SANDSTORM:
                                                       VSBY 1/2 MILE OR LESS
                                                   8 = SMOKE OR HAZE
[NO. OF DAYS WITH]      [WEATHER - DAYS WITH]      9 = BLOWING SNOW
                                                   X = TORNADO
MAX 32 OR BELOW:   0    0.01 INCH OR MORE:  14
MAX 90 OR ABOVE:   0    0.10 INCH OR MORE:   7
MIN 32 OR BELOW:   4    0.50 INCH OR MORE:   2
MIN  0 OR BELOW:   0    1.00 INCH OR MORE:   0

[HDD (BASE 65) ]
TOTAL THIS MO.   311    CLEAR  (SCALE 0-3)   6
DPTR FM NORMAL   105    PTCLDY (SCALE 4-7)  10
TOTAL FM JUL 1  6379    CLOUDY (SCALE 8-10)  7
DPTR FM NORMAL -1078

[CDD (BASE 65) ]
TOTAL THIS MO.    18
DPTR FM NORMAL    18    [PRESSURE DATA]
TOTAL FM JAN 1    19    HIGHEST SLP M ON M
DPTR FM NORMAL    17    LOWEST  SLP 29.24 ON  6

[REMARKS]
