000
CXUS55 KCYS 011447 CCA
CF6BFF

PRELIMINARY LOCAL CLIMATOLOGICAL DATA (WS FORM: F-6)     ...CORRECTED...

                                          STATION:   SCOTTSBLUFF NE AIRPORT
                                          MONTH:     JULY
                                          YEAR:      2015
                                          LATITUDE:   41 52 N
                                          LONGITUDE: 103 36 W

  TEMPERATURE IN F:       :PCPN:    SNOW:  WIND      :SUNSHINE: SKY     :PK WND
================================================================================
1   2   3   4   5  6A  6B    7    8   9   10  11  12  13   14  15   16   17  18
                                     12Z  AVG MX 2MIN
DY MAX MIN AVG DEP HDD CDD  WTR  SNW DPTH SPD SPD DIR MIN PSBL S-S WX    SPD DR
================================================================================

 1  96  61  79   7   0  14 0.10  0.0    0  6.6 28 360   M    M   1 3      37  10
 2  86  60  73   1   0   8 0.08  0.0    0 10.2 33  40   M    M   3 13     41  40
 3  86  61  74   2   0   9 0.00  0.0    0  5.9 14 130   M    M   1 18     17 130
 4  97  65  81   8   0  16 0.04  0.0    0  8.6 41  50   M    M   1 38     53  20
 5  96  62  79   6   0  14 1.08  0.0    0  9.5 37 250   M    M   3 13     44 240
 6  70  59  65  -8   0   0 0.10  0.0    0  7.0 16  20   M    M  10 18     21  20
 7  73  60  67  -6   0   2    T  0.0    0 10.9 21 150   M    M  10 18     27 180
 8  63  57  60 -14   5   0 0.42  0.0    0  7.6 14 140   M    M   9 18     17 140
 9  78  58  68  -6   0   3 0.09  0.0    0  8.4 17 180   M    M   5 18     23 130
10  82  58  70  -4   0   5    T  0.0    0  5.6 14 110   M    M   1 1      16 110
11  92  58  75   1   0  10    T  0.0    0  4.6 20 240   M    M   1        28 230
12  92  55  74   0   0   9 0.00  0.0    0  7.7 18 270   M    M   0        24 270
13  93  57  75   1   0  10    T  0.0    0  6.3 22 210   M    M   0        28 210
14  93  58  76   2   0  11 0.00  0.0    0  7.6 22 220   M    M   0        27 220
15  86  62  74   0   0   9 0.00  0.0    0  7.1 20  20   M    M   2        25  10
16  91  54  73  -1   0   8 0.00  0.0    0  7.7 15 290   M    M   0 1      20 320
17  88  59  74  -1   0   9 0.03  0.0    0  7.3 31 360   M    M   0 3      40 360
18  85  52  69  -6   0   4 0.81  0.0    0  4.7 38 330   M    M   1 13     51 340
19  89  55  72  -3   0   7 0.00  0.0    0  6.2 20 260   M    M   0 18     24 260
20  85  53  69  -6   0   4 0.00  0.0    0  6.9 12 150   M    M   1        15 300
21  68  60  64 -11   1   0 0.77  0.0    0  8.6 20 160   M    M   5 13     26 160
22  89  57  73  -2   0   8    T  0.0    0  5.9 21 270   M    M   1 1      27 270
23  96  57  77   2   0  12 0.00  0.0    0  4.5 12 300   M    M   0 8      14 310
24  91  58  75   0   0  10 0.00  0.0    0  6.9 17 320   M    M   0 3      20 330
25  91  61  76   1   0  11 0.00  0.0    0  5.4 15 310   M    M   0        17 300
26  97  63  80   5   0  15 0.00  0.0    0 10.1 32 140   M    M   0        45 140
27  95  60  78   3   0  13 0.31  0.0    0  9.8 47 260   M    M   1 123    59 250
28  84  53  69  -6   0   4 0.00  0.0    0  8.0 22 340   M    M   0        27 350
29  88  48  68  -6   0   3    T  0.0    0  7.3 18 160   M    M   2 3      23 170
30  90  55  73  -1   0   8 0.00  0.0    0  5.9 22  50   M    M   0        25 350
31  93  59  76   2   0  11 0.00  0.0    0  6.9 26 230   M    M   0        33 200
================================================================================
SM 2703 1795         6 247  3.83     0.0 225.7          M       58
================================================================================
AV 87.2 57.9                               7.3 FASTST   M    M   2    MAX(MPH)
                                 MISC ---->    47 260                 59  250
================================================================================
NOTES:
# LAST OF SEVERAL OCCURRENCES

COLUMN 17 PEAK WIND IN M.P.H.

PRELIMINARY LOCAL CLIMATOLOGICAL DATA (WS FORM: F-6) , PAGE 2

                                          STATION:  SCOTTSBLUFF NE AIRPORT
                                          MONTH:    JULY
                                          YEAR:     2015
                                          LATITUDE:   41 52 N
                                          LONGITUDE: 103 36 W

[TEMPERATURE DATA]      [PRECIPITATION DATA]       SYMBOLS USED IN COLUMN 16

AVERAGE MONTHLY: 72.5   TOTAL FOR MONTH:   3.83    1 = FOG OR MIST
DPTR FM NORMAL:  -1.6   DPTR FM NORMAL:    2.00    2 = FOG REDUCING VISIBILITY
HIGHEST:    97 ON 26, 4 GRTST 24HR  1.18 ON  5- 6      TO 1/4 MILE OR LESS
LOWEST:     48 ON 29                               3 = THUNDER
                        SNOW, ICE PELLETS, HAIL    4 = ICE PELLETS
                        TOTAL MONTH:   0.0 INCH    5 = HAIL
                        GRTST 24HR     0.0         6 = FREEZING RAIN OR DRIZZLE
                        GRTST DEPTH:   0           7 = DUSTSTORM OR SANDSTORM:
                                                       VSBY 1/2 MILE OR LESS
                                                   8 = SMOKE OR HAZE
[NO. OF DAYS WITH]      [WEATHER - DAYS WITH]      9 = BLOWING SNOW
                                                   X = TORNADO
MAX 32 OR BELOW:   0    0.01 INCH OR MORE:  11
MAX 90 OR ABOVE:  15    0.10 INCH OR MORE:   7
MIN 32 OR BELOW:   0    0.50 INCH OR MORE:   3
MIN  0 OR BELOW:   0    1.00 INCH OR MORE:   1

[HDD (BASE 65) ]
TOTAL THIS MO.     6    CLEAR  (SCALE 0-3)  25
DPTR FM NORMAL     0    PTCLDY (SCALE 4-7)   3
TOTAL FM JUL 1     6    CLOUDY (SCALE 8-10)  3
DPTR FM NORMAL     0

[CDD (BASE 65) ]
TOTAL THIS MO.   247
DPTR FM NORMAL   -40    [PRESSURE DATA]
TOTAL FM JAN 1   432    HIGHEST SLP 30.25 ON 29
DPTR FM NORMAL    -4    LOWEST  SLP 29.52 ON 27

[REMARKS]

NEW RECORD DAILY PRECIPITATION AMOUNT OF 1.08 INCH SET ON THE 5TH.  THE OLD
 RECORD WAS 0.86 INCH SET IN 2000.

NEW RECORD COLDEST HIGH TEMPERATURE OF 63 DEGREES SET ON THE 8TH.  THE OLD
 RECORD WAS 67 DEGREES SET IN 1905.
#FINAL-07-15#
