000
CXUS51 KCAR 290600
CF6BGR
PRELIMINARY LOCAL CLIMATOLOGICAL DATA (WS FORM: F-6)

                                          STATION:   BANGOR ME
                                          MONTH:     APRIL
                                          YEAR:      2016
                                          LATITUDE:   44 47 N
                                          LONGITUDE:  68 49 W

  TEMPERATURE IN F:       :PCPN:    SNOW:  WIND      :SUNSHINE: SKY     :PK WND
================================================================================
1   2   3   4   5  6A  6B    7    8   9   10  11  12  13   14  15   16   17  18
                                     12Z  AVG MX 2MIN
DY MAX MIN AVG DEP HDD CDD  WTR  SNW DPTH SPD SPD DIR MIN PSBL S-S WX    SPD DR
================================================================================

 1  58  46  52  16  13   0 0.28  0.0    0 10.7 22 170   M    M  10 1      28 170
 2  50  38  44   7  21   0 0.02  0.0    0  6.0 15 300   M    M   8 1      22 280
 3  39  17  28  -9  37   0 0.00  0.0    0 16.4 33 330   M    M   5        42 320
 4  30  14  22 -16  43   0 0.00  0.0    0  8.5 21 350   M    M   6        24 350
 5  33  15  24 -14  41   0 0.00  0.0    0 12.2 24 340   M    M   1        33 320
 6  40  13  27 -12  38   0 0.05    T    0  9.1 22 200   M    M   5 1      29 180
 7  52  32  42   3  23   0 1.39    T    T 19.0 36 170   M    M  10 18     50 150
 8  54  37  46   7  19   0 0.05  0.0    0 11.8 28 170   M    M   8 18     35 170
 9  43  27  35  -5  30   0    T  0.0    0 11.2 20 330   M    M   7        26 320
10  43  22  33  -7  32   0 0.00  0.0    0 11.0 23 320   M    M   2 8      30 310
11  46  22  34  -7  31   0 0.05  0.0    0 11.1 23 170   M    M   9 18     31 170
12  50  31  41   0  24   0 0.58  0.0    0 10.5 22 320   M    M   9 1      28 180
13  50  27  39  -3  26   0 0.00  0.0    0  9.4 21 330   M    M   3 1      26 330
14  53  29  41  -1  24   0 0.00  0.0    0 10.9 21  30   M    M   1        26  20
15  55  30  43   1  22   0 0.00  0.0    0 15.2 29  10   M    M   1        37  20
16  59  32  46   3  19   0 0.00  0.0    0 10.5 21 340   M    M   4        26  20
17  70  26  48   5  17   0 0.00  0.0    0  3.3 14 180   M    M   4        18 200
18  61  37  49   5  16   0 0.00  0.0    0  9.4 20 360   M    M   8        25  10
19  53  38  46   2  19   0 0.13  0.0    0  4.6 15 360   M    M   9 1      21 270
20  57  32  45   1  20   0 0.00  0.0    0 10.8 22 340   M    M   4        28  20
21  74  34  54   9  11   0 0.00  0.0    0  6.3 17 340   M    M   3        22 310
22  72  37  55  10  10   0 0.00  0.0    0  4.7 20 180   M    M   7 8      24 170
23  61  37  49   3  16   0    T  0.0    0 11.2 25 320   M    M   7        32 320
24  52  30  41  -5  24   0 0.00  0.0    0 12.9 28 360   M    M   1        33 320
25  55  28  42  -4  23   0 0.00  0.0    0  8.5 21 310   M    M   2 8      27 320
26  39  24  32 -15  33   0 0.03    T    0  3.7 12  40   M    M   6 18     13 300
27  53  21  37 -10  28   0 0.00  0.0    0  8.0 23 350   M    M   2 1      28 330
28  52  24  38 -10  27   0 0.00  0.0    0  8.8 22 330   M    M   3        26 330
================================================================================
SM 1454  800       687   0  2.58    T    275.7          M      145
================================================================================
AV 51.9 28.6                               9.8 FASTST   M    M   5    MAX(MPH)
                                 MISC ---->  # 36 170               # 50  150
================================================================================
NOTES:
# LAST OF SEVERAL OCCURRENCES

COLUMN 17 PEAK WIND IN M.P.H.

PRELIMINARY LOCAL CLIMATOLOGICAL DATA (WS FORM: F-6) , PAGE 2

                                          STATION:  BANGOR ME
                                          MONTH:    APRIL
                                          YEAR:     2016
                                          LATITUDE:   44 47 N
                                          LONGITUDE:  68 49 W

[TEMPERATURE DATA]      [PRECIPITATION DATA]       SYMBOLS USED IN COLUMN 16

AVERAGE MONTHLY: 40.2   TOTAL FOR MONTH:   2.58    1 = FOG OR MIST
DPTR FM NORMAL:  -1.9   DPTR FM NORMAL:   -0.80    2 = FOG REDUCING VISIBILITY
HIGHEST:    74 ON 21    GRTST 24HR  1.40 ON  7- 8      TO 1/4 MILE OR LESS
LOWEST:     13 ON  6                               3 = THUNDER
                        SNOW, ICE PELLETS, HAIL    4 = ICE PELLETS
                        TOTAL MONTH:    T          5 = HAIL
                        GRTST 24HR    T  ON 26-26  6 = FREEZING RAIN OR DRIZZLE
                        GRTST DEPTH:   T           7 = DUSTSTORM OR SANDSTORM:
                                                       VSBY 1/2 MILE OR LESS
                                                   8 = SMOKE OR HAZE
[NO. OF DAYS WITH]      [WEATHER - DAYS WITH]      9 = BLOWING SNOW
                                                   X = TORNADO
MAX 32 OR BELOW:   1    0.01 INCH OR MORE:   9
MAX 90 OR ABOVE:   0    0.10 INCH OR MORE:   4
MIN 32 OR BELOW:  20    0.50 INCH OR MORE:   2
MIN  0 OR BELOW:   0    1.00 INCH OR MORE:   1

[HDD (BASE 65) ]
TOTAL THIS MO.   687    CLEAR  (SCALE 0-3)  10
DPTR FM NORMAL    45    PTCLDY (SCALE 4-7)  12
TOTAL FM JUL 1  6587    CLOUDY (SCALE 8-10)  6
DPTR FM NORMAL  -778

[CDD (BASE 65) ]
TOTAL THIS MO.     0
DPTR FM NORMAL     0    [PRESSURE DATA]
TOTAL FM JAN 1     0    HIGHEST SLP M ON M
DPTR FM NORMAL     0    LOWEST  SLP 29.17 ON  3

[REMARKS]
