000
CXUS51 KCAR 230600
CF6BGR
PRELIMINARY LOCAL CLIMATOLOGICAL DATA (WS FORM: F-6)

                                          STATION:   BANGOR ME
                                          MONTH:     NOVEMBER
                                          YEAR:      2017
                                          LATITUDE:   44 47 N
                                          LONGITUDE:  68 49 W

  TEMPERATURE IN F:       :PCPN:    SNOW:  WIND      :SUNSHINE: SKY     :PK WND
================================================================================
1   2   3   4   5  6A  6B    7    8   9   10  11  12  13   14  15   16   17  18
                                     12Z  AVG MX 2MIN
DY MAX MIN AVG DEP HDD CDD  WTR  SNW DPTH SPD SPD DIR MIN PSBL S-S WX    SPD DR
================================================================================

 1  51  33  42   0  23   0    T  0.0    0  4.0 10 180   M    M   6        13 180
 2  58  46  52  10  13   0 0.03  0.0    0 10.2 20 180   M    M  10 8      25 170
 3  67  45  56  15   9   0 0.18  0.0    0 11.9 24 310   M    M   8 1      35 320
 4  51  36  44   3  21   0 0.00  0.0    0  7.5 17 310   M    M   7        23 310
 5  58  35  47   6  18   0    T    M    M  9.6 20 150   M    M  10 1      27 150
 6  62  42  52  12  13   0 0.60  0.0    0 12.4 25 330   M    M  10 1      31 330
 7  43  31  37  -3  28   0 0.00  0.0    0  8.8 17 330   M    M   6        22 330
 8  42  22  32  -8  33   0 0.00  0.0    0  4.9 14  10   M    M   2        19  40
 9  43  19  31  -8  34   0 0.00  0.0    0  2.8 10 160   M    M   4 1      12 140
10  47  22  35  -4  30   0 0.06    T    0 13.1 30 320   M    M   4 4      40 320
11  37  21  29 -10  36   0 0.00  0.0    0 12.9 21 330   M    M   1        31 320
12  40  19  30  -8  35   0 0.00  0.0    0  1.1  8 340   M    M   6         9 350
13  38  17  28 -10  37   0 0.00  0.0    0  0.7  6 330   M    M   6 1       7 300
14  41  24  33  -5  32   0 0.00  0.0    0  9.1 17  10   M    M   8        22 360
15  39  27  33  -4  32   0 0.00  0.0    0  4.8 13  20   M    M   7        17  10
16  45  30  38   1  27   0 0.53    T    0  3.5 10 310   M    M  10 1      15  50
17  41  27  34  -2  31   0 0.04  0.0    0 12.4 25 300   M    M   6 1      38 320
18  40  21  31  -5  34   0 0.03  0.0    0  4.1 14 280   M    M   6 1      19 280
19  56  32  44   8  21   0 0.64  0.0    0 12.7 23 280   M    M  10 1      33 310
20  34  17  26  -9  39   0 0.00  0.0    0 10.9 23 320   M    M   5        32 270
21  50  13  32  -3  33   0 0.00  0.0    0  7.8 18 180   M    M   3        22 190
22  49  33  41   6  24   0 0.91  0.0    0  7.2 18 310   M    M   8 1      26 310
================================================================================
SM 1032  612       603   0  3.02    T    172.4          M      143
================================================================================
AV 46.9 27.8                               7.8 FASTST   M    M   7    MAX(MPH)
                                 MISC ---->  # 30 320               # 40  320
================================================================================
NOTES:
# LAST OF SEVERAL OCCURRENCES

COLUMN 17 PEAK WIND IN M.P.H.

PRELIMINARY LOCAL CLIMATOLOGICAL DATA (WS FORM: F-6) , PAGE 2

                                          STATION:  BANGOR ME
                                          MONTH:    NOVEMBER
                                          YEAR:     2017
                                          LATITUDE:   44 47 N
                                          LONGITUDE:  68 49 W

[TEMPERATURE DATA]      [PRECIPITATION DATA]       SYMBOLS USED IN COLUMN 16

AVERAGE MONTHLY: 37.4   TOTAL FOR MONTH:   3.02    1 = FOG OR MIST
DPTR FM NORMAL:  -1.0   DPTR FM NORMAL:   -0.04    2 = FOG REDUCING VISIBILITY
HIGHEST:    67 ON  3    GRTST 24HR  0.91 ON 22-22      TO 1/4 MILE OR LESS
LOWEST:     13 ON 21                               3 = THUNDER
                        SNOW, ICE PELLETS, HAIL    4 = ICE PELLETS
                        TOTAL MONTH:    T          5 = HAIL
                        GRTST 24HR    T  ON 16-16  6 = FREEZING RAIN OR DRIZZLE
                        GRTST DEPTH:   0           7 = DUSTSTORM OR SANDSTORM:
                                                       VSBY 1/2 MILE OR LESS
                                                   8 = SMOKE OR HAZE
[NO. OF DAYS WITH]      [WEATHER - DAYS WITH]      9 = BLOWING SNOW
                                                   X = TORNADO
MAX 32 OR BELOW:   0    0.01 INCH OR MORE:   9
MAX 90 OR ABOVE:   0    0.10 INCH OR MORE:   5
MIN 32 OR BELOW:  15    0.50 INCH OR MORE:   4
MIN  0 OR BELOW:   0    1.00 INCH OR MORE:   0

[HDD (BASE 65) ]
TOTAL THIS MO.   603    CLEAR  (SCALE 0-3)   3
DPTR FM NORMAL    19    PTCLDY (SCALE 4-7)  14
TOTAL FM JUL 1  1012    CLOUDY (SCALE 8-10)  5
DPTR FM NORMAL  -398

[CDD (BASE 65) ]
TOTAL THIS MO.     0
DPTR FM NORMAL     0    [PRESSURE DATA]
TOTAL FM JAN 1   368    HIGHEST SLP M ON M
DPTR FM NORMAL    50    LOWEST  SLP 28.92 ON 19

[REMARKS]
