000
CXUS54 KBMX 011216
CF6BHM
PRELIMINARY LOCAL CLIMATOLOGICAL DATA (WS FORM: F-6)

                                          STATION:   BIRMINGHAM
                                          MONTH:     SEPTEMBER
                                          YEAR:      2014
                                          LATITUDE:   33 34 N
                                          LONGITUDE:  86 45 W

  TEMPERATURE IN F:       :PCPN:    SNOW:  WIND      :SUNSHINE: SKY     :PK WND
================================================================================
1   2   3   4   5  6A  6B    7    8   9   10  11  12  13   14  15   16   17  18
                                     12Z  AVG MX 2MIN
DY MAX MIN AVG DEP HDD CDD  WTR  SNW DPTH SPD SPD DIR MIN PSBL S-S WX    SPD DR
================================================================================

 1  93  75  84   5   0  19 0.00  0.0    0  3.2 13 190   M    M   6        16 200
 2  93  75  84   5   0  19 0.00  0.0    0  7.0 21 240   M    M   5 3      26 230
 3  91  73  82   3   0  17 0.19  0.0    0  4.3 16 130   M    M   7 13     22 140
 4  88  72  80   2   0  15 0.00  0.0    0  3.0 16 360   M    M   7 3      20 360
 5  90  71  81   3   0  16    T  0.0    0  2.8 20 360   M    M   7 3      21 360
 6  91  71  81   3   0  16 0.00  0.0    0  3.4 14 240   M    M   5        17 270
 7  92  71  82   4   0  17 0.07  0.0    0  4.6 14  50   M    M   5 3      18 360
 8  91  71  81   4   0  16    T  0.0    0  2.5 15 320   M    M   4 3      17 320
 9  88  73  81   4   0  16 0.00  0.0    0  5.0 12 180   M    M   5 18     16 170
10  90  74  82   5   0  17 0.00  0.0    0  6.5 15 190   M    M   5        19 180
11  93  75  84   8   0  19 0.01  0.0    0  5.7 14 200   M    M   5 3      17 200
12  94  73  84   8   0  19 1.34  0.0    0  4.1 23  10   M    M   7 13     31  10
13  80  64  72  -4   0   7 0.00  0.0    0  8.1 15 350   M    M   8 1      19  30
14  88  62  75  -1   0  10 0.00  0.0    0  3.5  9 320   M    M   3 1      12 320
15  86  72  79   4   0  14 0.02  0.0    0  4.3 20 360   M    M   8 38     25  10
16  88  71  80   5   0  15 0.01  0.0    0  2.8 10 320   M    M   6        13 310
17  86  65  76   2   0  11 0.00  0.0    0  5.3 15 360   M    M   5 1      19 350
18  85  62  74   0   0   9 0.00  0.0    0  2.8 13 290   M    M   6        16 290
19  88  70  79   5   0  14 0.00  0.0    0  6.1 13 100   M    M   5        19 100
20  84  66  75   2   0  10 0.00  0.0    0  5.5 14 140   M    M   1        18 140
21  90  63  77   4   0  12    T  0.0    0  5.0 15 270   M    M   4 3      19 280
22  81  60  71  -2   0   6    T  0.0    0  8.6 20 350   M    M   2 3      25 350
23  82  54  68  -4   0   3 0.00  0.0    0  6.7 17  80   M    M   1        24  40
24  81  59  70  -2   0   5 0.00  0.0    0  5.7 14  40   M    M   0        18  70
25  86  59  73   1   0   8 0.00  0.0    0  3.9 14  60   M    M   3        19  40
26  82  61  72   1   0   7 0.00  0.0    0  4.6 12  60   M    M   5        16  60
27  81  66  74   3   0   9 0.00  0.0    0  6.3 14  70   M    M   7        17 130
28  82  66  74   4   0   9 0.00  0.0    0  6.2 13  60   M    M   8        16  60
29  84  69  77   7   0  12    T  0.0    0  5.6 12  40   M    M   6 8      15  40
30  85  63  74   4   0   9 0.00  0.0    0  3.6  9 340   M    M   3        12 340
================================================================================
SM 2613 2026         0 376  1.64     0.0 146.7          M      149
================================================================================
AV 87.1 67.5                               4.9 FASTST   M    M   5    MAX(MPH)
                                 MISC ---->  # 23  10               # 31   10
================================================================================
NOTES:
# LAST OF SEVERAL OCCURRENCES

COLUMN 17 PEAK WIND IN M.P.H.

PRELIMINARY LOCAL CLIMATOLOGICAL DATA (WS FORM: F-6) , PAGE 2

                                          STATION:  BIRMINGHAM
                                          MONTH:    SEPTEMBER
                                          YEAR:     2014
                                          LATITUDE:   33 34 N
                                          LONGITUDE:  86 45 W

[TEMPERATURE DATA]      [PRECIPITATION DATA]       SYMBOLS USED IN COLUMN 16

AVERAGE MONTHLY: 77.3   TOTAL FOR MONTH:   1.64    1 = FOG OR MIST
DPTR FM NORMAL:   2.6   DPTR FM NORMAL:   -2.26    2 = FOG REDUCING VISIBILITY
HIGHEST:    94 ON 12    GRTST 24HR  1.35 ON 11-12      TO 1/4 MILE OR LESS
LOWEST:     54 ON 23                               3 = THUNDER
                        SNOW, ICE PELLETS, HAIL    4 = ICE PELLETS
                        TOTAL MONTH:   0.0 INCH    5 = HAIL
                        GRTST 24HR     0.0         6 = FREEZING RAIN OR DRIZZLE
                        GRTST DEPTH:   0           7 = DUSTSTORM OR SANDSTORM:
                                                       VSBY 1/2 MILE OR LESS
                                                   8 = SMOKE OR HAZE
[NO. OF DAYS WITH]      [WEATHER - DAYS WITH]      9 = BLOWING SNOW
                                                   X = TORNADO
MAX 32 OR BELOW:   0    0.01 INCH OR MORE:   6
MAX 90 OR ABOVE:  11    0.10 INCH OR MORE:   2
MIN 32 OR BELOW:   0    0.50 INCH OR MORE:   1
MIN  0 OR BELOW:   0    1.00 INCH OR MORE:   1

[HDD (BASE 65) ]
TOTAL THIS MO.     0    CLEAR  (SCALE 0-3)   6
DPTR FM NORMAL    -9    PTCLDY (SCALE 4-7)  24
TOTAL FM JUL 1     0    CLOUDY (SCALE 8-10)  0
DPTR FM NORMAL    -9

[CDD (BASE 65) ]
TOTAL THIS MO.   376
DPTR FM NORMAL    76    [PRESSURE DATA]
TOTAL FM JAN 1  2016    HIGHEST SLP 30.29 ON 24
DPTR FM NORMAL    66    LOWEST  SLP 29.87 ON 30

[REMARKS]
#FINAL-09-14#
