000
CXUS55 KBYZ 211056
CF6BIL
PRELIMINARY LOCAL CLIMATOLOGICAL DATA (WS FORM: F-6)

                                          STATION:   BILLINGS MT
                                          MONTH:     JANUARY
                                          YEAR:      2018
                                          LATITUDE:   45 47 N
                                          LONGITUDE: 108 32 W

  TEMPERATURE IN F:       :PCPN:    SNOW:  WIND      :SUNSHINE: SKY     :PK WND
================================================================================
1   2   3   4   5  6A  6B    7    8   9   10  11  12  13   14  15   16   17  18
                                     12Z  AVG MX 2MIN
DY MAX MIN AVG DEP HDD CDD  WTR  SNW DPTH SPD SPD DIR MIN PSBL S-S WX    SPD DR
================================================================================

 1   3 -13  -5 -31  70   0 0.00  0.0   16  7.8 26 230   M    M   4        30 230
 2  23   0  12 -14  53   0 0.00  0.0   15 25.0 32 230   M    M   1 89     38 230
 3  34  18  26   0  39   0 0.00  0.0   13 21.1 32 230   M    M   6        39 240
 4  37  20  29   3  36   0 0.00  0.0   10 19.3 28 240   M    M   2        34 250
 5  40  30  35   9  30   0 0.00  0.0    9 17.2 24 240   M    M   7        28 240
 6  44  33  39  13  26   0    T  0.0    8 17.2 26 240   M    M   6        32 250
 7  43  28  36  10  29   0 0.00  0.0    6 10.6 22 290   M    M   4        26 290
 8  43  30  37  11  28   0 0.00  0.0    4 12.1 22 250   M    M   4        27 240
 9  46  29  38  11  27   0    T  0.0    3 11.1 24 240   M    M   7        29 240
10  41   2  22  -5  43   0 0.25  4.6    2 12.0 26  60   M    M  10 1249   32  40
11   2  -3   0 -27  65   0 0.04  0.4    6  8.0 16  40   M    M   9 1      19  50
12   8  -1   4 -23  61   0 0.10  1.5    8  4.1  8  40   M    M   M 18     10  20
13  43   8  26  -1  39   0 0.00  0.0    8 15.9 25 240   M    M   7        31 300
14  41  15  28   1  37   0 0.03  0.3    6 14.0 22  80   M    M   6 16     25  80
15  15  -2   7 -20  58   0    T    T    5  5.2 13  50   M    M   4        15  50
16  33  -2  16 -11  49   0 0.00  0.0    5 13.0 26 240   M    M   1 1      31 220
17  42  23  33   6  32   0 0.00  0.0    4 20.9 28 240   M    M   4        35 240
18  48  38  43  16  22   0 0.00  0.0    3 18.9 32 250   M    M   8        37 240
19  41  32  37  10  28   0 0.16  0.0    1 10.3 18 310   M    M   9 1      21 330
20  36  25  31   4  34   0 0.00  0.0    T  9.4 18 240   M    M   6        22 240
================================================================================
SM  663  310       806   0  0.58     6.8 273.1          M      105
================================================================================
AV 33.2 15.5                              13.7 FASTST   M    M   6    MAX(MPH)
                                 MISC ---->  # 32 230               # 39  240
================================================================================
NOTES:
# LAST OF SEVERAL OCCURRENCES

COLUMN 17 PEAK WIND IN M.P.H.

PRELIMINARY LOCAL CLIMATOLOGICAL DATA (WS FORM: F-6) , PAGE 2

                                          STATION:  BILLINGS MT
                                          MONTH:    JANUARY
                                          YEAR:     2018
                                          LATITUDE:   45 47 N
                                          LONGITUDE: 108 32 W

[TEMPERATURE DATA]      [PRECIPITATION DATA]       SYMBOLS USED IN COLUMN 16

AVERAGE MONTHLY: 24.3   TOTAL FOR MONTH:   0.58    1 = FOG OR MIST
DPTR FM NORMAL:  -2.3   DPTR FM NORMAL:    0.27    2 = FOG REDUCING VISIBILITY
HIGHEST:    48 ON 18    GRTST 24HR  0.25 ON 10-10      TO 1/4 MILE OR LESS
LOWEST:    -13 ON  1                               3 = THUNDER
                        SNOW, ICE PELLETS, HAIL    4 = ICE PELLETS
                        TOTAL MONTH:   6.8 INCHES  5 = HAIL
                        GRTST 24HR   4.6 ON 10-10  6 = FREEZING RAIN OR DRIZZLE
                        GRTST DEPTH:  16 ON  1     7 = DUSTSTORM OR SANDSTORM:
                                                       VSBY 1/2 MILE OR LESS
                                                   8 = SMOKE OR HAZE
[NO. OF DAYS WITH]      [WEATHER - DAYS WITH]      9 = BLOWING SNOW
                                                   X = TORNADO
MAX 32 OR BELOW:   5    0.01 INCH OR MORE:   5
MAX 90 OR ABOVE:   0    0.10 INCH OR MORE:   3
MIN 32 OR BELOW:  18    0.50 INCH OR MORE:   0
MIN  0 OR BELOW:   6    1.00 INCH OR MORE:   0

[HDD (BASE 65) ]
TOTAL THIS MO.   806    CLEAR  (SCALE 0-3)   3
DPTR FM NORMAL    39    PTCLDY (SCALE 4-7)  13
TOTAL FM JUL 1  3659    CLOUDY (SCALE 8-10)  3
DPTR FM NORMAL    71

[CDD (BASE 65) ]
TOTAL THIS MO.     0
DPTR FM NORMAL     0    [PRESSURE DATA]
TOTAL FM JAN 1     0    HIGHEST SLP  0.00 ON 18
DPTR FM NORMAL     0    LOWEST  SLP 29.46 ON 10

[REMARKS]
