000
CXUS53 KBIS 290744
CF6BIS
PRELIMINARY LOCAL CLIMATOLOGICAL DATA (WS FORM: F-6)

                                          STATION:   BISMARCK ND
                                          MONTH:     JULY
                                          YEAR:      2015
                                          LATITUDE:   46 46 N
                                          LONGITUDE: 100 45 W

  TEMPERATURE IN F:       :PCPN:    SNOW:  WIND      :SUNSHINE: SKY     :PK WND
================================================================================
1   2   3   4   5  6A  6B    7    8   9   10  11  12  13   14  15   16   17  18
                                     12Z  AVG MX 2MIN
DY MAX MIN AVG DEP HDD CDD  WTR  SNW DPTH SPD SPD DIR MIN PSBL S-S WX    SPD DR
================================================================================

 1  79  61  70   1   0   5    T  0.0    0  3.7 15 160   M    M   6 18     18 140
 2  81  62  72   3   0   7 0.56  0.0    0  5.5 16 330   M    M   7 138    21 330
 3  83  62  73   4   0   8 0.00  0.0    0  3.3  8 160   M    M   8 18     11 210
 4  90  63  77   8   0  12 0.00  0.0    0  7.4 15 160   M    M   2 18     20 180
 5  79  65  72   2   0   7    T  0.0    0  8.9 22  10   M    M   4 138    29 360
 6  72  51  62  -8   3   0    T  0.0    0  8.3 15  20   M    M   5 8      20 330
 7  76  45  61  -9   4   0 0.00  0.0    0  8.7 20 150   M    M   2 1      23 160
 8  79  54  67  -3   0   2 0.02  0.0    0  7.6 20 330   M    M   2 18     26 320
 9  86  48  67  -3   0   2 0.00  0.0    0  7.2 20 210   M    M   0 18     23 230
10  88  60  74   4   0   9 0.00  0.0    0 12.5 24 140   M    M   1        30 130
11  90  69  80   9   0  15    T  0.0    0  9.8 21 160   M    M   1        24 160
12  94  64  79   8   0  14 0.08  0.0    0  8.1 35 310   M    M   1 3      44 310
13  87  62  75   4   0  10 0.00  0.0    0  9.6 24 300   M    M   1        33 290
14  89  59  74   3   0   9 0.00  0.0    0  4.1 25 320   M    M   0 13     32 350
15  89  65  77   6   0  12 0.17  0.0    0  8.0 18 320   M    M   3 13     23 290
16  85  63  74   3   0   9 0.06  0.0    0  7.2 17 280   M    M   4 13     23 290
17  74  55  65  -7   0   0 0.19  0.0    0  7.2 22 340   M    M   5 13     29 320
18  78  53  66  -6   0   1 0.00  0.0    0 14.0 33 290   M    M   2        44 290
19  91  55  73   1   0   8 0.00  0.0    0 11.2 24 280   M    M   1        32 280
20  80  56  68  -4   0   3 0.00  0.0    0  8.9 18 330   M    M   1        26 330
21  84  49  67  -5   0   2    T    M    0  7.4 20 140   M    M   2        24 120
22  92  61  77   5   0  12 0.00  0.0    0 12.2 22 160   M    M   0        29 160
23  95  65  80   8   0  15 0.43  0.0    0 11.1 37 180   M    M   0 138    47 190
24  87  63  75   3   0  10 0.00  0.0    0  5.8 13 320   M    M   0        17 310
25  89  62  76   4   0  11 0.00  0.0    0  7.0 15 150   M    M   1        23 250
26  91  60  76   4   0  11    T  0.0    0  9.8 23 150   M    M   0        29 180
27  93  68  81   9   0  16    T  0.0    0 14.8 39 210   M    M   1 3      50 200
28  74  60  67  -5   0   2 0.00  0.0    0 24.9 51 280   M    M   5        67 280
================================================================================
SM 2375 1660         7 212  1.51     0.0 254.2          M       65
================================================================================
AV 84.8 59.3                               9.1 FASTST   M    M   2    MAX(MPH)
                                 MISC ---->  # 51 280               # 67  280
================================================================================
NOTES:
# LAST OF SEVERAL OCCURRENCES

COLUMN 17 PEAK WIND IN M.P.H.

PRELIMINARY LOCAL CLIMATOLOGICAL DATA (WS FORM: F-6) , PAGE 2

                                          STATION:  BISMARCK ND
                                          MONTH:    JULY
                                          YEAR:     2015
                                          LATITUDE:   46 46 N
                                          LONGITUDE: 100 45 W

[TEMPERATURE DATA]      [PRECIPITATION DATA]       SYMBOLS USED IN COLUMN 16

AVERAGE MONTHLY: 72.1   TOTAL FOR MONTH:   1.51    1 = FOG OR MIST
DPTR FM NORMAL:   1.1   DPTR FM NORMAL:   -1.12    2 = FOG REDUCING VISIBILITY
HIGHEST:    95 ON 23    GRTST 24HR  0.56 ON  2- 2      TO 1/4 MILE OR LESS
LOWEST:     45 ON  7                               3 = THUNDER
                        SNOW, ICE PELLETS, HAIL    4 = ICE PELLETS
                        TOTAL MONTH:   0.0 INCH    5 = HAIL
                        GRTST 24HR     0.0         6 = FREEZING RAIN OR DRIZZLE
                        GRTST DEPTH:   0           7 = DUSTSTORM OR SANDSTORM:
                                                       VSBY 1/2 MILE OR LESS
                                                   8 = SMOKE OR HAZE
[NO. OF DAYS WITH]      [WEATHER - DAYS WITH]      9 = BLOWING SNOW
                                                   X = TORNADO
MAX 32 OR BELOW:   0    0.01 INCH OR MORE:   7
MAX 90 OR ABOVE:   8    0.10 INCH OR MORE:   4
MIN 32 OR BELOW:   0    0.50 INCH OR MORE:   1
MIN  0 OR BELOW:   0    1.00 INCH OR MORE:   0

[HDD (BASE 65) ]
TOTAL THIS MO.     7    CLEAR  (SCALE 0-3)  20
DPTR FM NORMAL    -6    PTCLDY (SCALE 4-7)   8
TOTAL FM JUL 1     7    CLOUDY (SCALE 8-10)  0
DPTR FM NORMAL    -6

[CDD (BASE 65) ]
TOTAL THIS MO.   212
DPTR FM NORMAL    33    [PRESSURE DATA]
TOTAL FM JAN 1   312    HIGHEST SLP M ON M
DPTR FM NORMAL    33    LOWEST  SLP 29.55 ON M

[REMARKS]
