000
CXUS51 KRLX 281126
CF6BKW
PRELIMINARY LOCAL CLIMATOLOGICAL DATA (WS FORM: F-6)

                                          STATION:   BECKLEY WV
                                          MONTH:     MAY
                                          YEAR:      2016
                                          LATITUDE:   37 46 N
                                          LONGITUDE:  81  7 W

  TEMPERATURE IN F:       :PCPN:    SNOW:  WIND      :SUNSHINE: SKY     :PK WND
================================================================================
1   2   3   4   5  6A  6B    7    8   9   10  11  12  13   14  15   16   17  18
                                     12Z  AVG MX 2MIN
DY MAX MIN AVG DEP HDD CDD  WTR  SNW DPTH SPD SPD DIR MIN PSBL S-S WX    SPD DR
================================================================================

 1  76  53  65   9   0   0 1.22  0.0    0  7.0 26 330   M    M   8 1      34 340
 2  74  55  65   8   0   0 0.37  0.0    0  6.5 25 270   M    M   7 1      37 270
 3  65  50  58   1   7   0 0.19  0.0    0  6.6 16 270   M    M   9 1      21 270
 4  59  45  52  -5  13   0 0.06  0.0    0  5.4 16 260   M    M  10        22 260
 5  46  40  43 -14  22   0 0.76  0.0    0  7.5 15 330   M    M  10 1      19 310
 6  61  44  53  -5  12   0 0.19  0.0    0 11.1 23 350   M    M   9 1      32 290
 7  69  44  57  -1   8   0    T  0.0    0  8.7 23 280   M    M   6        29 280
 8  62  51  57  -1   8   0 0.23  0.0    0  9.6 18 300   M    M   6 1      24 250
 9  74  47  61   3   4   0    T  0.0    0  5.4 15 290   M    M   2        22 240
10  77  56  67   9   0   2 0.48  0.0    0  6.2 21 330   M    M   6 12     30 340
11  76  55  66   7   0   1 0.88  0.0    0  7.1 16 240   M    M   7 1      25 270
12  79  59  69  10   0   4 0.10  0.0    0  6.3 23 210   M    M   4 1      28 220
13  68  49  59   0   6   0 0.16  0.0    0  7.7 21 310   M    M   6 1      28 300
14  61  39  50  -9  15   0 0.16  0.0    0 10.9 23 270   M    M   6 1      30 330
15  54  37  46 -14  19   0 0.00  0.0    0 11.4 24 270   M    M   7        33 270
16  60  34  47 -13  18   0 0.00  0.0    0  3.9 13 260   M    M   4        17 260
17  58  45  52  -8  13   0 0.27  0.0    0  3.0 10 150   M    M  10 12     16 140
18  57  48  53  -7  12   0 0.40  0.0    0  6.8 13 340   M    M  10 12     17 120
19  66  45  56  -4   9   0 0.00  0.0    0  5.9 13 360   M    M   6 1      16  10
20  64  49  57  -4   8   0 0.43  0.0    0 12.9 21 130   M    M   4 1      28 120
21  67  54  61   0   4   0 0.54  0.0    0  7.2 15 350   M    M  10 1      23 130
22  67  45  56  -5   9   0 0.08  0.0    0  8.5 23  30   M    M   8 1      28 350
23  67  45  56  -5   9   0 0.00  0.0    0  5.4 14 340   M    M   7 1      20 350
24  76  45  61  -1   4   0 0.00  0.0    0  4.1 13 280   M    M   1 12     16 300
25  80  49  65   3   0   0 0.00  0.0    0  4.5 14 260   M    M   2        19 330
26  75  61  68   6   0   3 0.07  0.0    0  5.3 18 240   M    M   6 1      24 230
27  85  57  71   9   0   6 0.00  0.0    0  4.5 15 230   M    M   3        18 220
================================================================================
SM 1823 1301       200  16  6.59     0.0 189.4          M      174
================================================================================
AV 67.5 48.2                               7.0 FASTST   M    M   6    MAX(MPH)
                                 MISC ---->  # 26 330               # 37  270
================================================================================
NOTES:
# LAST OF SEVERAL OCCURRENCES

COLUMN 17 PEAK WIND IN M.P.H.

PRELIMINARY LOCAL CLIMATOLOGICAL DATA (WS FORM: F-6) , PAGE 2

                                          STATION:  BECKLEY WV
                                          MONTH:    MAY
                                          YEAR:     2016
                                          LATITUDE:   37 46 N
                                          LONGITUDE:  81  7 W

[TEMPERATURE DATA]      [PRECIPITATION DATA]       SYMBOLS USED IN COLUMN 16

AVERAGE MONTHLY: 57.9   TOTAL FOR MONTH:   6.59    1 = FOG OR MIST
DPTR FM NORMAL:  -1.5   DPTR FM NORMAL:    2.55    2 = FOG REDUCING VISIBILITY
HIGHEST:    85 ON 27    GRTST 24HR  1.28 ON 30- 1      TO 1/4 MILE OR LESS
LOWEST:     34 ON 16                               3 = THUNDER
                        SNOW, ICE PELLETS, HAIL    4 = ICE PELLETS
                        TOTAL MONTH:   0.0 INCH    5 = HAIL
                        GRTST 24HR     0.0         6 = FREEZING RAIN OR DRIZZLE
                        GRTST DEPTH:   0           7 = DUSTSTORM OR SANDSTORM:
                                                       VSBY 1/2 MILE OR LESS
                                                   8 = SMOKE OR HAZE
[NO. OF DAYS WITH]      [WEATHER - DAYS WITH]      9 = BLOWING SNOW
                                                   X = TORNADO
MAX 32 OR BELOW:   0    0.01 INCH OR MORE:  18
MAX 90 OR ABOVE:   0    0.10 INCH OR MORE:  15
MIN 32 OR BELOW:   0    0.50 INCH OR MORE:   4
MIN  0 OR BELOW:   0    1.00 INCH OR MORE:   1

[HDD (BASE 65) ]
TOTAL THIS MO.   200    CLEAR  (SCALE 0-3)   4
DPTR FM NORMAL    22    PTCLDY (SCALE 4-7)  15
TOTAL FM JUL 1  4379    CLOUDY (SCALE 8-10)  8
DPTR FM NORMAL  -908

[CDD (BASE 65) ]
TOTAL THIS MO.    16
DPTR FM NORMAL    -5    [PRESSURE DATA]
TOTAL FM JAN 1    24    HIGHEST SLP M ON M
DPTR FM NORMAL    -7    LOWEST  SLP 29.61 ON  4

[REMARKS]
