000
CXUS51 KRLX 241400
CF6BKW
PRELIMINARY LOCAL CLIMATOLOGICAL DATA (WS FORM: F-6)

                                          STATION:   BECKLEY WV
                                          MONTH:     DECEMBER
                                          YEAR:      2014
                                          LATITUDE:   37 46 N
                                          LONGITUDE:  81  7 W

  TEMPERATURE IN F:       :PCPN:    SNOW:  WIND      :SUNSHINE: SKY     :PK WND
================================================================================
1   2   3   4   5  6A  6B    7    8   9   10  11  12  13   14  15   16   17  18
                                     12Z  AVG MX 2MIN
DY MAX MIN AVG DEP HDD CDD  WTR  SNW DPTH SPD SPD DIR MIN PSBL S-S WX    SPD DR
================================================================================

 1  59  38  49  11  16   0 0.13  0.0    0  9.3 17 350   M    M   9 12     21 220
 2  45  38  42   4  23   0 0.34  0.0    0 10.9 21 140   M    M   9 1      29 170
 3  55  34  45   7  20   0 0.14  0.0    0  8.0 25 270   M    M   9 1      37 270
 4  47  32  40   3  25   0 0.26  0.0    0  4.9 13 130   M    M   8 1      18 130
 5  50  42  46   9  19   0 0.10  0.0    0  9.6 15 140   M    M   7 1      21 140
 6  58  34  46   9  19   0 0.49    T    0 11.1 22 310   M    M  10 12     28 310
 7  42  30  36   0  29   0    T  0.0    0  9.2 21 350   M    M   4 126    28 130
 8  35  31  33  -3  32   0 0.00  0.0    0 11.6 22 120   M    M   3        34 140
 9  38  31  35  -1  30   0 0.06    T    0  5.4 14 330   M    M   9 1      20 350
10  35  25  30  -5  35   0 0.09  0.7    1 12.7 23 320   M    M  10 16     30 330
11  34  24  29  -6  36   0 0.00  0.0    0 11.6 20 310   M    M   5        29 320
12  42  23  33  -2  32   0 0.00  0.0    0  8.2 15 300   M    M   0        17 290
13  31  26  29  -6  36   0 0.00  0.0    0  7.3 13 300   M    M   7 1      16 280
14  36  31  34   0  31   0 0.00  0.0    0  6.5 13 270   M    M  10 18     18 310
15  51  34  43   9  22   0 0.00  0.0    0  7.3 13 130   M    M   5 1      21 140
16  54  39  47  13  18   0 0.27  0.0    0  9.5 20 260   M    M   8 1      27 260
17  41  29  35   1  30   0    T  0.0    0 10.1 20 280   M    M   8 1      25 310
18  36  26  31  -3  34   0 0.00  0.0    0  6.3 16 280   M    M   9        20 270
19  32  24  28  -5  37   0 0.00  0.0    0  5.8 13 330   M    M   7        16 340
20  36  23  30  -3  35   0    T    T    0  2.0  8 150   M    M   9 18     11 140
21  45  26  36   3  29   0 0.00  0.0    0  4.6 17 140   M    M   3        24 140
22  43  35  39   6  26   0    T  0.0    0 11.3 20 130   M    M   8        30 150
23  54  38  46  14  19   0 0.30  0.0    0  9.7 18 160   M    M   6 1      25 130
================================================================================
SM  999  713       633   0  2.18     0.7 192.9          M      163
================================================================================
AV 43.4 31.0                               8.4 FASTST   M    M   7    MAX(MPH)
                                 MISC ---->  # 25 270               # 37  270
================================================================================
NOTES:
# LAST OF SEVERAL OCCURRENCES

COLUMN 17 PEAK WIND IN M.P.H.

PRELIMINARY LOCAL CLIMATOLOGICAL DATA (WS FORM: F-6) , PAGE 2

                                          STATION:  BECKLEY WV
                                          MONTH:    DECEMBER
                                          YEAR:     2014
                                          LATITUDE:   37 46 N
                                          LONGITUDE:  81  7 W

[TEMPERATURE DATA]      [PRECIPITATION DATA]       SYMBOLS USED IN COLUMN 16

AVERAGE MONTHLY: 37.2   TOTAL FOR MONTH:   2.18    1 = FOG OR MIST
DPTR FM NORMAL:   2.1   DPTR FM NORMAL:   -0.06    2 = FOG REDUCING VISIBILITY
HIGHEST:    59 ON  1    GRTST 24HR  0.49 ON  6- 6      TO 1/4 MILE OR LESS
LOWEST:     23 ON 20,12                            3 = THUNDER
                        SNOW, ICE PELLETS, HAIL    4 = ICE PELLETS
                        TOTAL MONTH:   0.7 INCH    5 = HAIL
                        GRTST 24HR   0.7 ON   M    6 = FREEZING RAIN OR DRIZZLE
                        GRTST DEPTH:   1 ON 10     7 = DUSTSTORM OR SANDSTORM:
                                                       VSBY 1/2 MILE OR LESS
                                                   8 = SMOKE OR HAZE
[NO. OF DAYS WITH]      [WEATHER - DAYS WITH]      9 = BLOWING SNOW
                                                   X = TORNADO
MAX 32 OR BELOW:   2    0.01 INCH OR MORE:  10
MAX 90 OR ABOVE:   0    0.10 INCH OR MORE:   8
MIN 32 OR BELOW:  14    0.50 INCH OR MORE:   0
MIN  0 OR BELOW:   0    1.00 INCH OR MORE:   0

[HDD (BASE 65) ]
TOTAL THIS MO.   633    CLEAR  (SCALE 0-3)   3
DPTR FM NORMAL   -55    PTCLDY (SCALE 4-7)  10
TOTAL FM JUL 1  1874    CLOUDY (SCALE 8-10) 10
DPTR FM NORMAL    46

[CDD (BASE 65) ]
TOTAL THIS MO.     0
DPTR FM NORMAL     0    [PRESSURE DATA]
TOTAL FM JAN 1   602    HIGHEST SLP M ON M
DPTR FM NORMAL    45    LOWEST  SLP 29.78 ON 23

[REMARKS]
