000
CXUS51 KRNK 210943 AAA
CF6BLF

PRELIMINARY LOCAL CLIMATOLOGICAL DATA (WS FORM: F-6)

                                          STATION:   BLUEFIELD WV
                                          MONTH:     OCTOBER
                                          YEAR:      2014
                                          LATITUDE:   37 17 N
                                          LONGITUDE:  81 12 W

  TEMPERATURE IN F:       :PCPN:    SNOW:  WIND      :SUNSHINE: SKY     :PK WND
================================================================================
1   2   3   4   5  6A  6B    7    8   9   10  11  12  13   14  15   16   17  18
                                     12Z  AVG MX 2MIN
DY MAX MIN AVG DEP HDD CDD  WTR  SNW DPTH SPD SPD DIR MIN PSBL S-S WX    SPD DR
================================================================================

 1  76  58  67   6   0   2 0.00  0.0    0  5.3 14 270   M    M   0        19 320
 2  78  55  67   7   0   2 0.00  0.0    0  3.5 12 240   M    M   0 18     16 180
 3  71  57  64   4   1   0 0.27  0.0    0  9.6 17 300   M    M   3 1      27 230
 4  56  40  48 -12  17   0 0.05  0.0    0 10.5 21 300   M    M   8 1      32 310
 5  58  36  47 -12  18   0 0.00  0.0    0  8.4 17 230   M    M   2        25 270
 6  69  52  61   2   4   0 0.84  0.0    0  9.7 23 220   M    M   6 13     34 220
 7  66  49  58  -1   7   0 1.11  0.0    0  9.7 22 230   M    M   8 13     34 240
 8  67  50  59   1   6   0 0.10  0.0    0  8.5 18 290   M    M   1 1      28 240
 9  73  48  61   3   4   0 0.01  0.0    0  6.0 15 280   M    M   2        23 320
10  66  58  62   4   3   0 0.77  0.0    0  5.1 12 240   M    M   8 13     14 250
11  65  55  60   2   5   0 0.10  0.0    0  6.1 17 240   M    M   9 12     24 230
12  58  52  55  -2  10   0 0.47  0.0    0  6.6 18 150   M    M  10 12     25 160
13  74  55  65   8   0   0 0.01  0.0    0 10.2 23 160   M    M   6        38 170
14  74  56  65   8   0   0 1.07  0.0    0 14.8 26 170   M    M   7 1      47 140
15  65  49  57   0   8   0 0.10  0.0    0  4.6 16 270   M    M   7 18     22 250
16  57  50  54  -2  11   0 0.06  0.0    0  7.4 16 260   M    M  10 1      25 280
17  70  48  59   3   6   0 0.00  0.0    0 12.4 23 250   M    M   4        30 230
18  60  45  53  -3  12   0 0.09  0.0    0 10.7 18 280   M    M   9 1      26 260
19  55  42  49  -7  16   0    T  0.0    0  5.9 13 260   M    M   5        19 310
20  63  41  52  -3  13   0 0.03  0.0    0  6.5 17 260   M    M   4        25 260
================================================================================
SM 1321  996       141   4  5.08     0.0 161.5          M      109
================================================================================
AV 66.1 49.8                               8.1 FASTST   M    M   5    MAX(MPH)
                                 MISC ---->  # 26 170               # 47  140
================================================================================
NOTES:
# LAST OF SEVERAL OCCURRENCES

COLUMN 17 PEAK WIND IN M.P.H.

PRELIMINARY LOCAL CLIMATOLOGICAL DATA (WS FORM: F-6) , PAGE 2

                                          STATION:  BLUEFIELD WV
                                          MONTH:    OCTOBER
                                          YEAR:     2014
                                          LATITUDE:   37 17 N
                                          LONGITUDE:  81 12 W

[TEMPERATURE DATA]      [PRECIPITATION DATA]       SYMBOLS USED IN COLUMN 16

AVERAGE MONTHLY: 57.9   TOTAL FOR MONTH:   5.08    1 = FOG OR MIST
DPTR FM NORMAL:   0.1   DPTR FM NORMAL:    3.46    2 = FOG REDUCING VISIBILITY
HIGHEST:    78 ON  2    GRTST 24HR  1.44 ON  6- 7      TO 1/4 MILE OR LESS
LOWEST:     36 ON  5                               3 = THUNDER
                        SNOW, ICE PELLETS, HAIL    4 = ICE PELLETS
                        TOTAL MONTH:   0.0 INCH    5 = HAIL
                        GRTST 24HR     0.0         6 = FREEZING RAIN OR DRIZZLE
                        GRTST DEPTH:   0           7 = DUSTSTORM OR SANDSTORM:
                                                       VSBY 1/2 MILE OR LESS
                                                   8 = SMOKE OR HAZE
[NO. OF DAYS WITH]      [WEATHER - DAYS WITH]      9 = BLOWING SNOW
                                                   X = TORNADO
MAX 32 OR BELOW:   0    0.01 INCH OR MORE:  15
MAX 90 OR ABOVE:   0    0.10 INCH OR MORE:   9
MIN 32 OR BELOW:   0    0.50 INCH OR MORE:   4
MIN  0 OR BELOW:   0    1.00 INCH OR MORE:   2

[HDD (BASE 65) ]
TOTAL THIS MO.   141    CLEAR  (SCALE 0-3)   5
DPTR FM NORMAL   -18    PTCLDY (SCALE 4-7)  10
TOTAL FM JUL 1   199    CLOUDY (SCALE 8-10)  5
DPTR FM NORMAL   -39

[CDD (BASE 65) ]
TOTAL THIS MO.     4
DPTR FM NORMAL   -12    [PRESSURE DATA]
TOTAL FM JAN 1   823    HIGHEST SLP M ON M
DPTR FM NORMAL   -25    LOWEST  SLP 29.67 ON  4

[REMARKS]
DUE TO A POWER FAILURE CAUSING A MISSING LOW TEMPERATURE ON
MAY 30...THE SEASONAL TOTAL AND DEPARTURE FROM NORMAL FOR CDD
WILL BE CALCULATED WITHOUT DATA FROM THAT DATE.
