000
CXUS53 KIND 270730
CF6BMG
PRELIMINARY LOCAL CLIMATOLOGICAL DATA (WS FORM: F-6)

                                          STATION:   BLOOMINGTON IN
                                          MONTH:     APRIL
                                          YEAR:      2017
                                          LATITUDE:   39  7 N
                                          LONGITUDE:  86 37 W

  TEMPERATURE IN F:       :PCPN:    SNOW:  WIND      :SUNSHINE: SKY     :PK WND
================================================================================
1   2   3   4   5  6A  6B    7    8   9   10  11  12  13   14  15   16   17  18
                                     12Z  AVG MX 2MIN
DY MAX MIN AVG DEP HDD CDD  WTR  SNW DPTH SPD SPD DIR MIN PSBL S-S WX    SPD DR
================================================================================

 1  55  37  46  -3  19   0 0.00    M    M  4.2 12 360   M    M   7 18     14  10
 2  66  35  51   2  14   0 0.00    M    M  6.0 15 120   M    M   0 1      18 100
 3  71  54  63  13   2   0 0.10    M    M  9.7 21 220   M    M   4 38     29 220
 4  67  52  60  10   5   0 0.02    M    M 10.5 20 290   M    M   8 1      28 280
 5  66  48  57   7   8   0 0.39    M    M  9.2 22 110   M    M   3 13     26 120
 6  53  39  46  -5  19   0 0.43    M    M 10.6 22 310   M    M   9 1      38 290
 7  57  35  46  -5  19   0 0.00    M    M  6.8 18 290   M    M   1 8      26 280
 8  67  30  49  -2  16   0 0.00    M    M  5.6 14 220   M    M   0        18 190
 9  77  50  64  12   1   0 0.00    M    M 13.4 26 190   M    M   0        37 220
10  75  63  69  17   0   4 0.00    M    M 14.4 24 220   M    M   5        34 220
11  70  51  61   9   4   0 0.10    M    M  6.8 17 230   M    M   3 13     24 240
12  72  37  55   2  10   0 0.00    M    M  3.6 10  20   M    M   0 18     13  30
13  79  41  60   7   5   0 0.00    M    M  3.4 13 190   M    M   1        17 200
14  81  50  66  13   0   1    T    M    M  2.9 14 240   M    M   2        18 250
15  82  57  70  16   0   5 0.00    M    M 11.8 29 230   M    M   2        39 210
16  77  62  70  16   0   5 0.11    M    M  8.5 21 230   M    M   5 3      30 210
17  69  50  60   6   5   0 0.00    M    M  4.8 14 100   M    M   0        20  70
18  77  46  62   8   3   0 0.00    M    M  6.3 18 150   M    M   4        26 140
19  81  62  72  17   0   7 0.00    M    M  8.0 18 240   M    M   4 18     23 240
20  81  61  71  16   0   6 0.89    M    M 10.0 24 220   M    M   4 138    35 220
21  61  46  54  -1  11   0 0.03    M    M  5.8 16  20   M    M   5        21  10
22  58  45  52  -4  13   0 0.00    M    M 11.4 21  50   M    M   5        28  50
23  72  42  57   1   8   0 0.00    M    M 10.9 20  40   M    M   0        28  30
24  77  45  61   5   4   0 0.00    M    M  8.8 17  40   M    M   2        25  40
25  78  53  66  10   0   1 0.00    M    M  7.1 14 150   M    M   0        20 150
26  85  59  72  15   0   7 0.00    M    M 11.4 22 220   M    M   2        29 210
================================================================================
SM 1854 1250       166  36  2.07    M    211.9          M       76
================================================================================
AV 71.3 48.1                               8.1 FASTST   M    M   3    MAX(MPH)
                                 MISC ---->  # 29 230               # 39  210
================================================================================
NOTES:
# LAST OF SEVERAL OCCURRENCES

COLUMN 17 PEAK WIND IN M.P.H.

PRELIMINARY LOCAL CLIMATOLOGICAL DATA (WS FORM: F-6) , PAGE 2

                                          STATION:  BLOOMINGTON IN
                                          MONTH:    APRIL
                                          YEAR:     2017
                                          LATITUDE:   39  7 N
                                          LONGITUDE:  86 37 W

[TEMPERATURE DATA]      [PRECIPITATION DATA]       SYMBOLS USED IN COLUMN 16

AVERAGE MONTHLY: 59.7   TOTAL FOR MONTH:   2.07    1 = FOG OR MIST
DPTR FM NORMAL:   6.7   DPTR FM NORMAL:   -1.97    2 = FOG REDUCING VISIBILITY
HIGHEST:    85 ON 26    GRTST 24HR  0.89 ON 19-20      TO 1/4 MILE OR LESS
LOWEST:     30 ON  8                               3 = THUNDER
                        SNOW, ICE PELLETS, HAIL    4 = ICE PELLETS
                        TOTAL MONTH:    M          5 = HAIL
                        GRTST 24HR    M  ON   M    6 = FREEZING RAIN OR DRIZZLE
                        GRTST DEPTH:  M  ON   M    7 = DUSTSTORM OR SANDSTORM:
                                                       VSBY 1/2 MILE OR LESS
                                                   8 = SMOKE OR HAZE
[NO. OF DAYS WITH]      [WEATHER - DAYS WITH]      9 = BLOWING SNOW
                                                   X = TORNADO
MAX 32 OR BELOW:   0    0.01 INCH OR MORE:   8
MAX 90 OR ABOVE:   0    0.10 INCH OR MORE:   6
MIN 32 OR BELOW:   1    0.50 INCH OR MORE:   1
MIN  0 OR BELOW:   0    1.00 INCH OR MORE:   0

[HDD (BASE 65) ]
TOTAL THIS MO.   166    CLEAR  (SCALE 0-3)  14
DPTR FM NORMAL  -159    PTCLDY (SCALE 4-7)  11
TOTAL FM JUL 1  3957    CLOUDY (SCALE 8-10)  1
DPTR FM NORMAL -1124

[CDD (BASE 65) ]
TOTAL THIS MO.    36
DPTR FM NORMAL    18    [PRESSURE DATA]
TOTAL FM JAN 1    39    HIGHEST SLP M ON M
DPTR FM NORMAL    18    LOWEST  SLP 29.38 ON  3

[REMARKS]
