000
CXUS54 KEWX 260910
CF6BMQ
PRELIMINARY LOCAL CLIMATOLOGICAL DATA (WS FORM: F-6)

                                          STATION:   BURNET
                                          MONTH:     MARCH
                                          YEAR:      2015
                                          LATITUDE:   30 43 N
                                          LONGITUDE:  98 14 W

  TEMPERATURE IN F:       :PCPN:    SNOW:  WIND      :SUNSHINE: SKY     :PK WND
================================================================================
1   2   3   4   5  6A  6B    7    8   9   10  11  12  13   14  15   16   17  18
                                     12Z  AVG MX 2MIN
DY MAX MIN AVG DEP HDD CDD  WTR  SNW DPTH SPD SPD DIR MIN PSBL S-S WX    SPD DR
================================================================================

 1  41  32  37 -18  28   0 0.02    M    M  7.2 13  20   M    M  10 16     18  10
 2   M   M   M   M   M   M    T    M    M  5.6  8  10   M    M   9 1       M  M
 3   M   M   M   M   M   M 0.00  0.0    0  9.2 13 200   M    M   6 1      20 180
 4  65  32  49  -7  16   0 0.22    M    0  9.2 25 360   M    M  10 126    35 360
 5  43  27  35 -21  30   0 0.06    M    0 12.7 23  20   M    M   3 16     33  10
 6  56  23  40 -16  25   0 0.00  0.0    0  3.4  8  10   M    M   0        11  10
 7  57  36  47  -9  18   0 0.00  0.0    0  3.3 10 130   M    M   8        16 120
 8  52  46  49  -8  16   0 0.06    M    0  5.1 12 130   M    M  10 12     15 130
 9  55  48  52  -5  13   0 1.20    M    0  6.5 12 330   M    M   9 1      17  50
10  59  49  54  -3  11   0 0.00    M    0  6.0 10 330   M    M  10 1      15 330
11  60  48  54  -4  11   0 0.00    M    0  6.6 14  20   M    M   8        20  20
12  74  46  60   2   5   0 0.00  0.0    0  6.1 15  10   M    M   2 1      19  20
13  74  48  61   3   4   0 0.00  0.0    0  5.2 16 340   M    M   3 12     22 310
14  76  50  63   5   2   0    T  0.0    0  6.8 17 340   M    M   2        22 340
15  67  46  57  -2   8   0 0.00  0.0    0  3.3 12  30   M    M   3        16 360
16  76  48  62   3   3   0 0.00  0.0    0  3.5 10 180   M    M   6        17 160
17  74  62  68   9   0   3 0.20  0.0    0  4.4 12 190   M    M   8 1      16 170
18  75  60  68   9   0   3    T  0.0    0  4.1 13 230   M    M   6 1      16 220
19  79  60  70  10   0   5 0.00  0.0    0  5.7 14 180   M    M   6 1      20 150
20  68  54  61   1   4   0 0.55    M    0  8.0 18 330   M    M   9 1      24 360
21  59  53  56  -4   9   0 0.60  0.0    0  6.3 23  60   M    M  10 1      32  50
22  71  56  64   4   1   0 0.00  0.0    0  5.1 14 310   M    M   6 1      18 300
23  80  50  65   4   0   0 0.00  0.0    0  4.2 10 170   M    M   3 12     16 170
24  85  59  72  11   0   7 0.00  0.0    0  9.3 18 210   M    M   1 1      25 230
25  84  58  71  10   0   6 0.00  0.0    0  8.8 20 180   M    M   1 1      27 170
================================================================================
SM 1530 1091       204  24  2.91     0.0 155.6          M      149
================================================================================
AV 66.5 47.4                               6.2 FASTST   M    M   6    MAX(MPH)
                                 MISC ---->  # 25 360               # 35  360
================================================================================
NOTES:
# LAST OF SEVERAL OCCURRENCES

COLUMN 17 PEAK WIND IN M.P.H.

PRELIMINARY LOCAL CLIMATOLOGICAL DATA (WS FORM: F-6) , PAGE 2

                                          STATION:  BURNET
                                          MONTH:    MARCH
                                          YEAR:     2015
                                          LATITUDE:   30 43 N
                                          LONGITUDE:  98 14 W

[TEMPERATURE DATA]      [PRECIPITATION DATA]       SYMBOLS USED IN COLUMN 16

AVERAGE MONTHLY: 57.0   TOTAL FOR MONTH:   2.91    1 = FOG OR MIST
DPTR FM NORMAL:  -1.1   DPTR FM NORMAL:    0.40    2 = FOG REDUCING VISIBILITY
HIGHEST:    85 ON 24    GRTST 24HR  1.20 ON  9- 9      TO 1/4 MILE OR LESS
LOWEST:     23 ON  6                               3 = THUNDER
                        SNOW, ICE PELLETS, HAIL    4 = ICE PELLETS
                        TOTAL MONTH:   0.0 INCH    5 = HAIL
                        GRTST 24HR     0.0         6 = FREEZING RAIN OR DRIZZLE
                        GRTST DEPTH:   0           7 = DUSTSTORM OR SANDSTORM:
                                                       VSBY 1/2 MILE OR LESS
                                                   8 = SMOKE OR HAZE
[NO. OF DAYS WITH]      [WEATHER - DAYS WITH]      9 = BLOWING SNOW
                                                   X = TORNADO
MAX 32 OR BELOW:   0    0.01 INCH OR MORE:   8
MAX 90 OR ABOVE:   0    0.10 INCH OR MORE:   5
MIN 32 OR BELOW:   4    0.50 INCH OR MORE:   3
MIN  0 OR BELOW:   0    1.00 INCH OR MORE:   1

[HDD (BASE 65) ]
TOTAL THIS MO.   204    CLEAR  (SCALE 0-3)   7
DPTR FM NORMAL    11    PTCLDY (SCALE 4-7)   8
TOTAL FM JUL 1  1908    CLOUDY (SCALE 8-10) 10
DPTR FM NORMAL    -9

[CDD (BASE 65) ]
TOTAL THIS MO.    24
DPTR FM NORMAL    -1    [PRESSURE DATA]
TOTAL FM JAN 1    29    HIGHEST SLP M ON M
DPTR FM NORMAL    -6    LOWEST  SLP 29.74 ON  4

[REMARKS]
