000
CXUS56 KBOI 301002
CF6BNO
PRELIMINARY LOCAL CLIMATOLOGICAL DATA (WS FORM: F-6)

                                          STATION:   BURNS OR
                                          MONTH:     JULY
                                          YEAR:      2014
                                          LATITUDE:   43 34 N
                                          LONGITUDE: 118 57 W

  TEMPERATURE IN F:       :PCPN:    SNOW:  WIND      :SUNSHINE: SKY     :PK WND
================================================================================
1   2   3   4   5  6A  6B    7    8   9   10  11  12  13   14  15   16   17  18
                                     12Z  AVG MX 2MIN
DY MAX MIN AVG DEP HDD CDD  WTR  SNW DPTH SPD SPD DIR MIN PSBL S-S WX    SPD DR
================================================================================

 1  93  42  68   5   0   3 0.00    M    M  9.2 18  40   M    M   0        24  40
 2  94  51  73   9   0   8    T    M    M 10.4 39 280   M    M   0        52 300
 3  92  44  68   4   0   3 0.00    M    M  5.3 20 310   M    M   1        26 300
 4  94  49  72   8   0   7 0.00    M    M  8.2 21 200   M    M   0        27 200
 5  94  49  72   8   0   7 0.00    M    M  5.3 15 180   M    M   0        24 250
 6  97  50  74   9   0   9 0.00    M    M  7.9 21 310   M    M   0        27 340
 7  95  49  72   7   0   7 0.00    M    M  5.9 15 290   M    M   0        19 290
 8  98  54  76  11   0  11 0.00    M    M  7.2 23 300   M    M   0        28 300
 9  86  55  71   5   0   6 0.06    M    M  5.6 30 300   M    M   4        41 290
10  95  48  72   6   0   7 0.00    M    M  5.8 18 240   M    M   1        24 230
11  91  47  69   3   0   4    T    M    M  7.6 24 310   M    M   2        30 310
12  94  45  70   4   0   5 0.00    M    M  5.2 13 190   M    M   0        17 180
13 101  53  77  10   0  12 0.26    M    M  8.3 30 340   M    M   0 38     41 300
14  96  57  77  10   0  12 0.00    M    M  8.2 21 280   M    M   0        26 280
15  95  55  75   8   0  10 0.00    M    M  8.8 20 350   M    M   0        26 330
16  94  47  71   4   0   6 0.00    M    M  5.7 13 260   M    M   0        16 180
17  96  60  78  10   0  13 0.00    M    M  8.6 18 300   M    M   3 8      24 310
18  93  46  70   2   0   5 0.00    M    M  9.3 18 300   M    M   7 8      23 310
19  92  49  71   3   0   6 0.00    M    M  8.7 18 250   M    M   1 8      25 320
20  95  47  71   3   0   6 0.00    M    M 10.9 26 290   M    M   0 8      34 270
21  85  47  66  -2   0   1    T    M    M  8.5 25 140   M    M   2        32 140
22  88  46  67  -1   0   2    T    M    M  8.8 24 130   M    M   2 3      30 120
23  85  44  65  -3   0   0 0.00    M    M 11.1 30 180   M    M   1        37 180
24  75  37  56 -12   9   0 0.00    M    M  7.2 16 330   M    M   0        20 150
25  84  39  62  -6   3   0 0.00    M    M  5.9 14 250   M    M   0        19 160
26  91  43  67  -1   0   2 0.00    M    M  5.6 13 330   M    M   0        17 140
27  96  51  74   6   0   9 0.00    M    M  9.6 23 290   M    M   0        29 320
28  97  61  79  11   0  14 0.00    M    M  6.4 18 360   M    M   0        27 310
29  96  59  78  10   0  13    T    M    M  7.6 25 310   M    M   2        32 320
================================================================================
SM 2682 1424        12 188  0.32    M    222.8          M       26
================================================================================
AV 92.5 49.1                               7.7 FASTST   M    M   1    MAX(MPH)
                                 MISC ---->  # 39 280               # 52  300
================================================================================
NOTES:
# LAST OF SEVERAL OCCURRENCES

COLUMN 17 PEAK WIND IN M.P.H.

PRELIMINARY LOCAL CLIMATOLOGICAL DATA (WS FORM: F-6) , PAGE 2

                                          STATION:  BURNS OR
                                          MONTH:    JULY
                                          YEAR:     2014
                                          LATITUDE:   43 34 N
                                          LONGITUDE: 118 57 W

[TEMPERATURE DATA]      [PRECIPITATION DATA]       SYMBOLS USED IN COLUMN 16

AVERAGE MONTHLY: 70.8   TOTAL FOR MONTH:   0.32    1 = FOG OR MIST
DPTR FM NORMAL:   4.2   DPTR FM NORMAL:   -0.05    2 = FOG REDUCING VISIBILITY
HIGHEST:   101 ON 13    GRTST 24HR  0.26 ON 13-13      TO 1/4 MILE OR LESS
LOWEST:     37 ON 24                               3 = THUNDER
                        SNOW, ICE PELLETS, HAIL    4 = ICE PELLETS
                        TOTAL MONTH:    M          5 = HAIL
                        GRTST 24HR    M  ON   M    6 = FREEZING RAIN OR DRIZZLE
                        GRTST DEPTH:  M  ON   M    7 = DUSTSTORM OR SANDSTORM:
                                                       VSBY 1/2 MILE OR LESS
                                                   8 = SMOKE OR HAZE
[NO. OF DAYS WITH]      [WEATHER - DAYS WITH]      9 = BLOWING SNOW
                                                   X = TORNADO
MAX 32 OR BELOW:   0    0.01 INCH OR MORE:   2
MAX 90 OR ABOVE:  23    0.10 INCH OR MORE:   1
MIN 32 OR BELOW:   0    0.50 INCH OR MORE:   0
MIN  0 OR BELOW:   0    1.00 INCH OR MORE:   0

[HDD (BASE 65) ]
TOTAL THIS MO.    12    CLEAR  (SCALE 0-3)  27
DPTR FM NORMAL   -43    PTCLDY (SCALE 4-7)   2
TOTAL FM JUL 1    12    CLOUDY (SCALE 8-10)  0
DPTR FM NORMAL   -43

[CDD (BASE 65) ]
TOTAL THIS MO.   188
DPTR FM NORMAL    90    [PRESSURE DATA]
TOTAL FM JAN 1   196    HIGHEST SLP M ON M
DPTR FM NORMAL    75    LOWEST  SLP 29.62 ON 20

[REMARKS]
