000
CXUS55 KBOI 251002
CF6BOI
PRELIMINARY LOCAL CLIMATOLOGICAL DATA (WS FORM: F-6)

                                          STATION:   BOISE ID
                                          MONTH:     MAY
                                          YEAR:      2015
                                          LATITUDE:   43 34 N
                                          LONGITUDE: 116 13 W

  TEMPERATURE IN F:       :PCPN:    SNOW:  WIND      :SUNSHINE: SKY     :PK WND
================================================================================
1   2   3   4   5  6A  6B    7    8   9   10  11  12  13   14  15   16   17  18
                                     12Z  AVG MX 2MIN
DY MAX MIN AVG DEP HDD CDD  WTR  SNW DPTH SPD SPD DIR MIN PSBL S-S WX    SPD DR
================================================================================

 1  78  44  61   6   4   0 0.00  0.0    0  6.1 15 150   M    M   0        17 150
 2  80  48  64   9   1   0 0.00  0.0    0  6.1 20 350   M    M   0        23 360
 3  79  47  63   8   2   0 0.00  0.0    0  5.8 17 320   M    M   0        23 350
 4  84  49  67  11   0   2    T  0.0    0  7.3 31 220   M    M   0        44 170
 5  71  52  62   6   3   0 0.00  0.0    0 12.8 23 340   M    M   1        30 330
 6  64  41  53  -3  12   0 0.00  0.0    0 12.9 21 320   M    M   2        28 330
 7  51  42  47  -9  18   0 0.25  0.0    0  5.8 16 320   M    M   8 1      21 290
 8  73  47  60   3   5   0 0.02  0.0    0  7.1 22 300   M    M   5 18     26 310
 9  76  45  61   4   4   0 0.00  0.0    0 12.0 25 320   M    M   0        37 320
10  73  43  58   1   7   0 0.00  0.0    0  6.7 20 140   M    M   0        24 130
11  76  51  64   6   1   0    T  0.0    0 10.2 23 130   M    M   2        30 130
12  75  46  61   3   4   0 0.36  0.0    0  5.9 28 270   M    M   3 13     38 270
13  65  44  55  -3  10   0 0.00  0.0    0  4.6 14 330   M    M   3        17 320
14  72  47  60   1   5   0    T  0.0    0  5.8 15 340   M    M   3 3      17 340
15  59  51  55  -4  10   0 0.19  0.0    0  7.9 17 320   M    M   8 1      21 320
16  65  50  58  -1   7   0 0.02  0.0    0 16.1 28 300   M    M   8        33 290
17  70  46  58  -1   7   0 0.06  0.0    0  5.4 20 170   M    M   6 1      24 180
18  71  51  61   1   4   0 0.00  0.0    0  3.9 15 180   M    M   8        21 180
19  67  53  60   0   5   0 0.28  0.0    0  4.7 21  80   M    M   8 13     24  80
20  70  54  62   2   3   0 0.09  0.0    0  4.4 21  80   M    M   8        25 100
21  73  52  63   3   2   0 0.03  0.0    0  4.6 14 110   M    M   5 3      17 120
22  75  51  63   2   2   0    T  0.0    0  4.5 12 280   M    M   4        15 140
23  79  54  67   6   0   2 0.04  0.0    0  9.6 24 310   M    M   2 3      31 170
24  79  54  67   6   0   2    T  0.0    0  9.1 22 320   M    M   2        31 300
================================================================================
SM 1725 1162       116   6  1.34     0.0 179.3          M       86
================================================================================
AV 71.9 48.4                               7.5 FASTST   M    M   4    MAX(MPH)
                                 MISC ---->  # 31 220               # 44  170
================================================================================
NOTES:
# LAST OF SEVERAL OCCURRENCES

COLUMN 17 PEAK WIND IN M.P.H.

PRELIMINARY LOCAL CLIMATOLOGICAL DATA (WS FORM: F-6) , PAGE 2

                                          STATION:  BOISE ID
                                          MONTH:    MAY
                                          YEAR:     2015
                                          LATITUDE:   43 34 N
                                          LONGITUDE: 116 13 W

[TEMPERATURE DATA]      [PRECIPITATION DATA]       SYMBOLS USED IN COLUMN 16

AVERAGE MONTHLY: 60.1   TOTAL FOR MONTH:   1.34    1 = FOG OR MIST
DPTR FM NORMAL:   2.1   DPTR FM NORMAL:    0.25    2 = FOG REDUCING VISIBILITY
HIGHEST:    84 ON  4    GRTST 24HR  0.42 ON 18-19      TO 1/4 MILE OR LESS
LOWEST:     41 ON  6                               3 = THUNDER
                        SNOW, ICE PELLETS, HAIL    4 = ICE PELLETS
                        TOTAL MONTH:   0.0 INCH    5 = HAIL
                        GRTST 24HR     0.0         6 = FREEZING RAIN OR DRIZZLE
                        GRTST DEPTH:   0           7 = DUSTSTORM OR SANDSTORM:
                                                       VSBY 1/2 MILE OR LESS
                                                   8 = SMOKE OR HAZE
[NO. OF DAYS WITH]      [WEATHER - DAYS WITH]      9 = BLOWING SNOW
                                                   X = TORNADO
MAX 32 OR BELOW:   0    0.01 INCH OR MORE:  10
MAX 90 OR ABOVE:   0    0.10 INCH OR MORE:   4
MIN 32 OR BELOW:   0    0.50 INCH OR MORE:   0
MIN  0 OR BELOW:   0    1.00 INCH OR MORE:   0

[HDD (BASE 65) ]
TOTAL THIS MO.   116    CLEAR  (SCALE 0-3)  14
DPTR FM NORMAL   -77    PTCLDY (SCALE 4-7)   7
TOTAL FM JUL 1  4585    CLOUDY (SCALE 8-10)  3
DPTR FM NORMAL  -832

[CDD (BASE 65) ]
TOTAL THIS MO.     6
DPTR FM NORMAL   -21    [PRESSURE DATA]
TOTAL FM JAN 1     6    HIGHEST SLP M ON M
DPTR FM NORMAL   -24    LOWEST  SLP 29.51 ON 12

[REMARKS]
