000
CXUS55 KBOI 191002
CF6BOI
PRELIMINARY LOCAL CLIMATOLOGICAL DATA (WS FORM: F-6)

                                          STATION:   BOISE ID
                                          MONTH:     NOVEMBER
                                          YEAR:      2017
                                          LATITUDE:   43 34 N
                                          LONGITUDE: 116 13 W

  TEMPERATURE IN F:       :PCPN:    SNOW:  WIND      :SUNSHINE: SKY     :PK WND
================================================================================
1   2   3   4   5  6A  6B    7    8   9   10  11  12  13   14  15   16   17  18
                                     12Z  AVG MX 2MIN
DY MAX MIN AVG DEP HDD CDD  WTR  SNW DPTH SPD SPD DIR MIN PSBL S-S WX    SPD DR
================================================================================

 1  65  41  53   7  12   0 0.00  0.0    0  8.8 17 350   M    M   4        23 340
 2  60  42  51   5  14   0    T  0.0    0  6.0 14 110   M    M   8 18     18 100
 3  54  38  46   1  19   0 0.26  0.0    0  8.7 18 350   M    M   9 18     25 300
 4  44  34  39  -6  26   0 0.11  0.0    0  4.5 13 330   M    M   8        16 320
 5  45  32  39  -6  26   0 0.14  0.0    0 10.0 22 260   M    M   7 1      30 250
 6  44  28  36  -8  29   0 0.04  0.0    0  6.0 15 310   M    M   7 1      21 310
 7  43  25  34 -10  31   0 0.00  0.0    0  8.6 18 170   M    M   0        25 170
 8  49  30  40  -3  25   0 0.00  0.0    0 12.1 23 160   M    M   5        35 160
 9  61  39  50   7  15   0 0.10  0.0    0 10.7 33 310   M    M   8 1      44 300
10  53  36  45   3  20   0 0.25  0.0    0  5.8 16 140   M    M   8 1      22 120
11  54  37  46   4  19   0 0.02  0.0    0  7.0 14 170   M    M   7 1      19 150
12  49  35  42   0  23   0 0.00  0.0    0  7.6 17 170   M    M   3        23 170
13  59  37  48   7  17   0    T  0.0    0 10.4 24 140   M    M   3        31 140
14  50  37  44   3  21   0 0.21  0.0    0  5.9 25 310   M    M   3 1      34 300
15  50  35  43   3  22   0 0.13  0.0    0 13.5 23 120   M    M   6        31 120
16  53  41  47   7  18   0 0.08  0.0    0  9.4 22 120   M    M   8 1      29 120
17  46  30  38  -1  27   0 0.00  0.0    0  9.9 25 300   M    M   5        35 340
18  47  30  39   0  26   0 0.00  0.0    0 10.6 17 150   M    M   0        23 140
================================================================================
SM  926  627       390   0  1.34     0.0 155.5          M       99
================================================================================
AV 51.4 34.8                               8.6 FASTST   M    M   6    MAX(MPH)
                                 MISC ---->  # 33 310               # 44  300
================================================================================
NOTES:
# LAST OF SEVERAL OCCURRENCES

COLUMN 17 PEAK WIND IN M.P.H.

PRELIMINARY LOCAL CLIMATOLOGICAL DATA (WS FORM: F-6) , PAGE 2

                                          STATION:  BOISE ID
                                          MONTH:    NOVEMBER
                                          YEAR:     2017
                                          LATITUDE:   43 34 N
                                          LONGITUDE: 116 13 W

[TEMPERATURE DATA]      [PRECIPITATION DATA]       SYMBOLS USED IN COLUMN 16

AVERAGE MONTHLY: 43.1   TOTAL FOR MONTH:   1.34    1 = FOG OR MIST
DPTR FM NORMAL:   0.5   DPTR FM NORMAL:    0.57    2 = FOG REDUCING VISIBILITY
HIGHEST:    65 ON  1    GRTST 24HR  0.26 ON  3- 3      TO 1/4 MILE OR LESS
LOWEST:     25 ON  7                               3 = THUNDER
                        SNOW, ICE PELLETS, HAIL    4 = ICE PELLETS
                        TOTAL MONTH:   0.0 INCH    5 = HAIL
                        GRTST 24HR     0.0         6 = FREEZING RAIN OR DRIZZLE
                        GRTST DEPTH:   0           7 = DUSTSTORM OR SANDSTORM:
                                                       VSBY 1/2 MILE OR LESS
                                                   8 = SMOKE OR HAZE
[NO. OF DAYS WITH]      [WEATHER - DAYS WITH]      9 = BLOWING SNOW
                                                   X = TORNADO
MAX 32 OR BELOW:   0    0.01 INCH OR MORE:  10
MAX 90 OR ABOVE:   0    0.10 INCH OR MORE:   7
MIN 32 OR BELOW:   6    0.50 INCH OR MORE:   0
MIN  0 OR BELOW:   0    1.00 INCH OR MORE:   0

[HDD (BASE 65) ]
TOTAL THIS MO.   390    CLEAR  (SCALE 0-3)   4
DPTR FM NORMAL   -13    PTCLDY (SCALE 4-7)  11
TOTAL FM JUL 1   983    CLOUDY (SCALE 8-10)  3
DPTR FM NORMAL    74

[CDD (BASE 65) ]
TOTAL THIS MO.     0
DPTR FM NORMAL     0    [PRESSURE DATA]
TOTAL FM JAN 1  1341    HIGHEST SLP M ON M
DPTR FM NORMAL   399    LOWEST  SLP 29.62 ON 16

[REMARKS]
