000
CXUS55 KBOI 311002
CF6BOI
PRELIMINARY LOCAL CLIMATOLOGICAL DATA (WS FORM: F-6)

                                          STATION:   BOISE ID
                                          MONTH:     AUGUST
                                          YEAR:      2015
                                          LATITUDE:   43 34 N
                                          LONGITUDE: 116 13 W

  TEMPERATURE IN F:       :PCPN:    SNOW:  WIND      :SUNSHINE: SKY     :PK WND
================================================================================
1   2   3   4   5  6A  6B    7    8   9   10  11  12  13   14  15   16   17  18
                                     12Z  AVG MX 2MIN
DY MAX MIN AVG DEP HDD CDD  WTR  SNW DPTH SPD SPD DIR MIN PSBL S-S WX    SPD DR
================================================================================

 1 103  68  86   9   0  21 0.00  0.0    0  5.9 12 130   M    M   0        15 310
 2 101  68  85   8   0  20 0.00  0.0    0  4.6 12 320   M    M   0        16 200
 3  93  74  84   7   0  19 0.00  0.0    0  4.6 18 280   M    M   1 8      23 280
 4  92  64  78   1   0  13 0.01  0.0    0  7.9 31 300   M    M   0 38     41 300
 5  85  67  76  -1   0  11 0.07  0.0    0  6.7 17  90   M    M   3 3      22  90
 6  86  59  73  -4   0   8 0.00  0.0    0  6.7 16 320   M    M   0        24 320
 7  82  58  70  -7   0   5 0.00  0.0    0  6.2 20 140   M    M   1        25 140
 8  87  62  75  -2   0  10    T  0.0    0 11.4 28 130   M    M   3        35 130
 9  94  65  80   4   0  15 0.00  0.0    0 11.9 22 170   M    M   0        30 130
10  98  67  83   7   0  18 0.10  0.0    0 10.7 40 190   M    M   0 3      61 180
11 102  66  84   8   0  19 0.00  0.0    0 10.4 38 140   M    M   0 8      47 140
12 103  75  89  13   0  24 0.00  0.0    0  9.2 22 180   M    M   0        32 200
13 106  72  89  13   0  24    T  0.0    0 11.5 32 140   M    M   0        41 140
14  98  71  85   9   0  20 0.00  0.0    0 10.9 32 140   M    M   1 8      41 130
15  83  58  71  -4   0   6 0.00  0.0    0  6.5 15 300   M    M   3 8      18 330
16  87  57  72  -3   0   7 0.00  0.0    0  6.2 16 330   M    M   0 8      21 350
17  86  55  71  -4   0   6 0.00  0.0    0  6.6 20 300   M    M   0 8      24 300
18  87  56  72  -2   0   7 0.00  0.0    0  6.5 21 280   M    M   1 8      26 310
19  87  61  74   0   0   9 0.00  0.0    0  5.1 14 300   M    M   1 8      17 330
20  92  61  77   3   0  12 0.00  0.0    0  5.0 13 340   M    M   5 8      16 360
21  88  59  74   0   0   9 0.00  0.0    0  8.6 18 310   M    M   0 8      24 320
22  82  53  68  -5   0   3 0.00  0.0    0  6.3 17 300   M    M   0 8      22 310
23  90  58  74   1   0   9 0.00  0.0    0  5.9 20 140   M    M   3 8      23 150
24  96  62  79   6   0  14 0.00  0.0    0  5.1 15 140   M    M   0 8      18 140
25  96  62  79   7   0  14 0.00  0.0    0  5.6 14 330   M    M   0 8      17 330
26  95  62  79   7   0  14 0.00  0.0    0  5.9 17 170   M    M   0 8      23 170
27  93  70  82  10   0  17 0.00  0.0    0  7.4 18 160   M    M   0        25 150
28  92  69  81   9   0  16 0.00  0.0    0  7.9 20 180   M    M   0 8      24 190
29  93  73  83  12   0  18    T  0.0    0  7.7 18 320   M    M   0        24 320
30  80  56  68  -3   0   3 0.00  0.0    0  5.8 17 350   M    M   0        23 350
================================================================================
SM 2757 1908         0 391  0.18     0.0 220.7          M       22
================================================================================
AV 91.9 63.6                               7.4 FASTST   M    M   1    MAX(MPH)
                                 MISC ---->  # 40 190               # 61  180
================================================================================
NOTES:
# LAST OF SEVERAL OCCURRENCES

COLUMN 17 PEAK WIND IN M.P.H.

PRELIMINARY LOCAL CLIMATOLOGICAL DATA (WS FORM: F-6) , PAGE 2

                                          STATION:  BOISE ID
                                          MONTH:    AUGUST
                                          YEAR:     2015
                                          LATITUDE:   43 34 N
                                          LONGITUDE: 116 13 W

[TEMPERATURE DATA]      [PRECIPITATION DATA]       SYMBOLS USED IN COLUMN 16

AVERAGE MONTHLY: 77.8   TOTAL FOR MONTH:   0.18    1 = FOG OR MIST
DPTR FM NORMAL:   3.0   DPTR FM NORMAL:   -0.05    2 = FOG REDUCING VISIBILITY
HIGHEST:   106 ON 13    GRTST 24HR  0.19 ON  9-10      TO 1/4 MILE OR LESS
LOWEST:     53 ON 22                               3 = THUNDER
                        SNOW, ICE PELLETS, HAIL    4 = ICE PELLETS
                        TOTAL MONTH:   0.0 INCH    5 = HAIL
                        GRTST 24HR     0.0         6 = FREEZING RAIN OR DRIZZLE
                        GRTST DEPTH:   0           7 = DUSTSTORM OR SANDSTORM:
                                                       VSBY 1/2 MILE OR LESS
                                                   8 = SMOKE OR HAZE
[NO. OF DAYS WITH]      [WEATHER - DAYS WITH]      9 = BLOWING SNOW
                                                   X = TORNADO
MAX 32 OR BELOW:   0    0.01 INCH OR MORE:   3
MAX 90 OR ABOVE:  18    0.10 INCH OR MORE:   1
MIN 32 OR BELOW:   0    0.50 INCH OR MORE:   0
MIN  0 OR BELOW:   0    1.00 INCH OR MORE:   0

[HDD (BASE 65) ]
TOTAL THIS MO.     0    CLEAR  (SCALE 0-3)  29
DPTR FM NORMAL    -5    PTCLDY (SCALE 4-7)   1
TOTAL FM JUL 1     0    CLOUDY (SCALE 8-10)  0
DPTR FM NORMAL   -13

[CDD (BASE 65) ]
TOTAL THIS MO.   391
DPTR FM NORMAL    91    [PRESSURE DATA]
TOTAL FM JAN 1  1133    HIGHEST SLP M ON M
DPTR FM NORMAL   308    LOWEST  SLP 29.65 ON  2

[REMARKS]
