000
CXUS55 KBOI 211002
CF6BOI
PRELIMINARY LOCAL CLIMATOLOGICAL DATA (WS FORM: F-6)

                                          STATION:   BOISE ID
                                          MONTH:     JANUARY
                                          YEAR:      2017
                                          LATITUDE:   43 34 N
                                          LONGITUDE: 116 13 W

  TEMPERATURE IN F:       :PCPN:    SNOW:  WIND      :SUNSHINE: SKY     :PK WND
================================================================================
1   2   3   4   5  6A  6B    7    8   9   10  11  12  13   14  15   16   17  18
                                     12Z  AVG MX 2MIN
DY MAX MIN AVG DEP HDD CDD  WTR  SNW DPTH SPD SPD DIR MIN PSBL S-S WX    SPD DR
================================================================================

 1  19   2  11 -19  54   0 0.01  0.3    7  2.2 12 130   M    M   7 18     14 140
 2  24  12  18 -12  47   0 0.03  0.9    7  2.8  9 170   M    M   9 18     11 170
 3  25  17  21  -9  44   0 0.10  1.2    8  1.2  7 280   M    M  10 18      8 290
 4  26  19  23  -7  42   0 0.45  6.5   10  2.6 13 170   M    M  10 1      16 170
 5  21  -4   9 -21  56   0 0.01  0.4   15  5.7 13 130   M    M   5 18     15 130
 6   6 -11  -2 -32  67   0 0.00  0.0   14  5.3 15 140   M    M   0 18     18 260
 7  23 -10   7 -23  58   0 0.14  2.0   12  5.8 16 170   M    M   6 12     19 170
 8  45  14  30   0  35   0 0.23  0.4   13  8.5 25 140   M    M  10 1      31 130
 9  44  32  38   8  27   0 0.13    T    8  6.9 31 280   M    M   6 1      37 280
10  40  32  36   6  29   0 1.01  3.5    7  9.6 21 120   M    M  10 1      26 120
11  41  23  32   1  33   0 0.02  0.0    6  6.9 24 270   M    M   6 1      34 290
12  32  15  24  -7  41   0 0.00  0.0    5  3.5 10 120   M    M   0        13 130
13  25   8  17 -14  48   0    T    T    5  2.9 10 290   M    M   3 18     11 300
14  20  11  16 -15  49   0    T    T    5  3.8  8 330   M    M   9 128    11 150
15  14   2   8 -23  57   0    T  0.7    5  4.3  8 310   M    M   7 18     17 340
16  13  -1   6 -25  59   0    T    T    5  3.2  8 280   M    M   0 18     10 140
17  16  -1   8 -23  57   0 0.00  0.0    5  2.9 13 280   M    M   0 18     21 270
18  38   7  23  -8  42   0 0.46  1.7    4  8.1 21 140   M    M   8 1268   26 130
19  39  34  37   5  28   0 0.17  0.0    4  9.6 18 130   M    M   9 1      24 130
20  43  34  39   7  26   0    T  0.0    4 13.8 25 120   M    M   8        31 110
================================================================================
SM  554  235       899   0  2.76    17.6 109.6          M      123
================================================================================
AV 27.7 11.8                               5.5 FASTST   M    M   6    MAX(MPH)
                                 MISC ---->  # 31 280               # 37  280
================================================================================
NOTES:
# LAST OF SEVERAL OCCURRENCES

COLUMN 17 PEAK WIND IN M.P.H.

PRELIMINARY LOCAL CLIMATOLOGICAL DATA (WS FORM: F-6) , PAGE 2

                                          STATION:  BOISE ID
                                          MONTH:    JANUARY
                                          YEAR:     2017
                                          LATITUDE:   43 34 N
                                          LONGITUDE: 116 13 W

[TEMPERATURE DATA]      [PRECIPITATION DATA]       SYMBOLS USED IN COLUMN 16

AVERAGE MONTHLY: 19.7   TOTAL FOR MONTH:   2.76    1 = FOG OR MIST
DPTR FM NORMAL: -10.9   DPTR FM NORMAL:    1.90    2 = FOG REDUCING VISIBILITY
HIGHEST:    45 ON  8    GRTST 24HR  1.14 ON  9-10      TO 1/4 MILE OR LESS
LOWEST:    -11 ON  6                               3 = THUNDER
                        SNOW, ICE PELLETS, HAIL    4 = ICE PELLETS
                        TOTAL MONTH:  17.6 INCHES  5 = HAIL
                        GRTST 24HR   6.5 ON  4- 4  6 = FREEZING RAIN OR DRIZZLE
                        GRTST DEPTH:  15 ON  5     7 = DUSTSTORM OR SANDSTORM:
                                                       VSBY 1/2 MILE OR LESS
                                                   8 = SMOKE OR HAZE
[NO. OF DAYS WITH]      [WEATHER - DAYS WITH]      9 = BLOWING SNOW
                                                   X = TORNADO
MAX 32 OR BELOW:  13    0.01 INCH OR MORE:  12
MAX 90 OR ABOVE:   0    0.10 INCH OR MORE:   8
MIN 32 OR BELOW:  18    0.50 INCH OR MORE:   1
MIN  0 OR BELOW:   5    1.00 INCH OR MORE:   1

[HDD (BASE 65) ]
TOTAL THIS MO.   899    CLEAR  (SCALE 0-3)   5
DPTR FM NORMAL   211    PTCLDY (SCALE 4-7)   6
TOTAL FM JUL 1  3088    CLOUDY (SCALE 8-10)  9
DPTR FM NORMAL    85

[CDD (BASE 65) ]
TOTAL THIS MO.     0
DPTR FM NORMAL     0    [PRESSURE DATA]
TOTAL FM JAN 1     0    HIGHEST SLP M ON M
DPTR FM NORMAL     0    LOWEST  SLP 29.25 ON 20

[REMARKS]
