000
CXUS55 KBOI 201002
CF6BOI
PRELIMINARY LOCAL CLIMATOLOGICAL DATA (WS FORM: F-6)

                                          STATION:   BOISE ID
                                          MONTH:     JANUARY
                                          YEAR:      2018
                                          LATITUDE:   43 34 N
                                          LONGITUDE: 116 13 W

  TEMPERATURE IN F:       :PCPN:    SNOW:  WIND      :SUNSHINE: SKY     :PK WND
================================================================================
1   2   3   4   5  6A  6B    7    8   9   10  11  12  13   14  15   16   17  18
                                     12Z  AVG MX 2MIN
DY MAX MIN AVG DEP HDD CDD  WTR  SNW DPTH SPD SPD DIR MIN PSBL S-S WX    SPD DR
================================================================================

 1  35  19  27  -3  38   0 0.00  0.0    1  2.7 10 140   M    M   2 18     12 130
 2  34  18  26  -4  39   0 0.00  0.0    1  8.0 20 140   M    M   0 18     25 140
 3  35  20  28  -2  37   0 0.00  0.0    1  2.8 14 160   M    M   0 18     19 150
 4  36  19  28  -2  37   0 0.00  0.0    1  2.0  8 230   M    M   3 18     14 280
 5  41  26  34   4  31   0 0.01  0.0    1  2.5 15 310   M    M   8 18     19 300
 6  39  31  35   5  30   0 0.08  0.0    1  4.1 17 100   M    M   8 18     20 100
 7  45  26  36   6  29   0 0.00  0.0    1  4.3 12 310   M    M   2 128    15 240
 8  47  28  38   8  27   0    T  0.0    T  3.5 18 100   M    M   5 1      23 170
 9  47  35  41  11  24   0 0.46  0.0    0  8.3 17 130   M    M  10 18     23 130
10  43  33  38   8  27   0 0.01  0.0    0  7.2 14 330   M    M   7 1      19 320
11  47  34  41  10  24   0 0.08  0.0    0 10.7 26 310   M    M  10        39 310
12  52  36  44  13  21   0 0.01  0.0    0  4.8 10 120   M    M   7        14 350
13  50  33  42  11  23   0 0.00  0.0    0  4.0 10 140   M    M   2        12 140
14  50  33  42  11  23   0 0.00  0.0    0  5.6 16 140   M    M   0 1      21 140
15  47  30  39   8  26   0 0.00  0.0    0  6.0 15 160   M    M   0        18 150
16  44  32  38   7  27   0 0.06    T    0  6.4 20 120   M    M   5 128    24 120
17  50  29  40   9  25   0 0.00  0.0    0  8.2 18 170   M    M   4 12     27 170
18  58  39  49  18  16   0 0.24  0.0    0 13.8 25 310   M    M   5 1      32 150
19  45  30  38   6  27   0 0.20  0.0    0  6.2 20 340   M    M   6 1      30 320
================================================================================
SM  845  551       531   0  1.15    T    111.1          M       84
================================================================================
AV 44.5 29.0                               5.8 FASTST   M    M   4    MAX(MPH)
                                 MISC ---->  # 26 310               # 39  310
================================================================================
NOTES:
# LAST OF SEVERAL OCCURRENCES

COLUMN 17 PEAK WIND IN M.P.H.

PRELIMINARY LOCAL CLIMATOLOGICAL DATA (WS FORM: F-6) , PAGE 2

                                          STATION:  BOISE ID
                                          MONTH:    JANUARY
                                          YEAR:     2018
                                          LATITUDE:   43 34 N
                                          LONGITUDE: 116 13 W

[TEMPERATURE DATA]      [PRECIPITATION DATA]       SYMBOLS USED IN COLUMN 16

AVERAGE MONTHLY: 36.7   TOTAL FOR MONTH:   1.15    1 = FOG OR MIST
DPTR FM NORMAL:   6.2   DPTR FM NORMAL:    0.33    2 = FOG REDUCING VISIBILITY
HIGHEST:    58 ON 18    GRTST 24HR  0.46 ON  9- 9      TO 1/4 MILE OR LESS
LOWEST:     18 ON  2                               3 = THUNDER
                        SNOW, ICE PELLETS, HAIL    4 = ICE PELLETS
                        TOTAL MONTH:    T          5 = HAIL
                        GRTST 24HR    T  ON 16-16  6 = FREEZING RAIN OR DRIZZLE
                        GRTST DEPTH:   1 ON  7, 6  7 = DUSTSTORM OR SANDSTORM:
                                                       VSBY 1/2 MILE OR LESS
                                                   8 = SMOKE OR HAZE
[NO. OF DAYS WITH]      [WEATHER - DAYS WITH]      9 = BLOWING SNOW
                                                   X = TORNADO
MAX 32 OR BELOW:   0    0.01 INCH OR MORE:   9
MAX 90 OR ABOVE:   0    0.10 INCH OR MORE:   3
MIN 32 OR BELOW:  12    0.50 INCH OR MORE:   0
MIN  0 OR BELOW:   0    1.00 INCH OR MORE:   0

[HDD (BASE 65) ]
TOTAL THIS MO.   531    CLEAR  (SCALE 0-3)   7
DPTR FM NORMAL  -124    PTCLDY (SCALE 4-7)   9
TOTAL FM JUL 1  2875    CLOUDY (SCALE 8-10)  3
DPTR FM NORMAL   -95

[CDD (BASE 65) ]
TOTAL THIS MO.     0
DPTR FM NORMAL     0    [PRESSURE DATA]
TOTAL FM JAN 1     0    HIGHEST SLP M ON M
DPTR FM NORMAL     0    LOWEST  SLP 29.60 ON  9

[REMARKS]
