000
CXUS55 KRIW 310800
CF6BPI
PRELIMINARY LOCAL CLIMATOLOGICAL DATA (WS FORM: F-6)

                                          STATION:   BIG PINEY  WY
                                          MONTH:     AUGUST
                                          YEAR:      2014
                                          LATITUDE:   42 34 N
                                          LONGITUDE: 110  6 W

  TEMPERATURE IN F:       :PCPN:    SNOW:  WIND      :SUNSHINE: SKY     :PK WND
================================================================================
1   2   3   4   5  6A  6B    7    8   9   10  11  12  13   14  15   16   17  18
                                     12Z  AVG MX 2MIN
DY MAX MIN AVG DEP HDD CDD  WTR  SNW DPTH SPD SPD DIR MIN PSBL S-S WX    SPD DR
================================================================================

 1  81  47  64   1   1   0    T  0.0    0  6.7 26  20   M    M   2        34  30
 2  83  46  65   3   0   0 0.00  0.0    0  5.9 18  20   M    M   1        31  30
 3  84  46  65   3   0   0 0.00  0.0    0  5.7 18 290   M    M   1        23 290
 4  75  55  65   3   0   0 0.22  0.0    0  7.1 23 190   M    M   9 13     28 190
 5  72  54  63   1   2   0 0.60  0.0    0  5.2 24 180   M    M   7 13     30 180
 6  75  49  62   0   3   0 0.00  0.0    0  7.1 21 260   M    M   4        27 250
 7  71  48  60  -2   5   0 0.03  0.0    0  8.2 30 230   M    M   4 13     39 170
 8  72  47  60  -2   5   0 0.00  0.0    0  5.8 25 280   M    M   5        32 290
 9  78  46  62   0   3   0 0.00  0.0    0  7.6 18 330   M    M   1        25  20
10  79  46  63   2   2   0 0.00  0.0    0  5.2 13 310   M    M   0        15 320
11  83  45  64   3   1   0 0.00  0.0    0  5.4 23 330   M    M   0        30 330
12  84  45  65   4   0   0 0.01  0.0    0  7.4 31 260   M    M   3 3      42 230
13  79  47  63   2   2   0 0.01  0.0    0  6.3 17  30   M    M   2 1      20  30
14  76  50  63   3   2   0 0.10  0.0    0  6.4 29 360   M    M   5 13     36 360
15  82  46  64   4   1   0 0.03  0.0    0  6.4 18 330   M    M   1        22 330
16  80  43  62   2   3   0 0.00  0.0    0  5.8 20 330   M    M   0        25 320
17  83  42  63   3   2   0 0.00  0.0    0  7.0 21 330   M    M   1        28 280
18  82  44  63   3   2   0 0.00  0.0    0  5.9 17  20   M    M   0        21 350
19  70  42  56  -3   9   0 0.00  0.0    0  6.9 24 200   M    M   3 3      31 200
20  73  41  57  -2   8   0 0.05  0.0    0  6.5 29 340   M    M   4 13     35 340
21  66  45  56  -3   9   0 0.01  0.0    0  5.9 21 350   M    M   6 1      28 350
22  57  46  52  -6  13   0 0.26  0.0    0 10.7 26 340   M    M   7 13     31 340
23  62  40  51  -7  14   0    T  0.0    0  6.8 30 320   M    M   6 3      36 320
24  64  39  52  -6  13   0 0.00  0.0    0  3.5 15  30   M    M   6        19  20
25  65  38  52  -6  13   0 0.07  0.0    0  5.7 15  10   M    M   4 13     17  10
26  67  42  55  -2  10   0 0.02  0.0    0  6.1 20 260   M    M   5 13     31 260
27  57  44  51  -6  14   0    T  0.0    0  4.6 13 150   M    M   8 1      14 180
28  76  38  57   1   8   0 0.00  0.0    0  7.6 20 330   M    M   1 1      28 360
29  77  40  59   3   6   0 0.00  0.0    0  5.7 14 330   M    M   0        19 330
30  70  42  56   0   9   0 0.17  0.0    0  8.9 37 270   M    M   3 13     49 270
================================================================================
SM 2223 1343       160   0  1.58     0.0 194.0          M       99
================================================================================
AV 74.1 44.8                               6.5 FASTST   M    M   3    MAX(MPH)
                                 MISC ---->  # 37 270               # 49  270
================================================================================
NOTES:
# LAST OF SEVERAL OCCURRENCES

COLUMN 17 PEAK WIND IN M.P.H.

PRELIMINARY LOCAL CLIMATOLOGICAL DATA (WS FORM: F-6) , PAGE 2

                                          STATION:  BIG PINEY  WY
                                          MONTH:    AUGUST
                                          YEAR:     2014
                                          LATITUDE:   42 34 N
                                          LONGITUDE: 110  6 W

[TEMPERATURE DATA]      [PRECIPITATION DATA]       SYMBOLS USED IN COLUMN 16

AVERAGE MONTHLY: 59.4   TOTAL FOR MONTH:   1.58    1 = FOG OR MIST
DPTR FM NORMAL:  -0.4   DPTR FM NORMAL:    0.92    2 = FOG REDUCING VISIBILITY
HIGHEST:    84 ON 12, 3 GRTST 24HR  0.81 ON  4- 5      TO 1/4 MILE OR LESS
LOWEST:     38 ON 28,25                            3 = THUNDER
                        SNOW, ICE PELLETS, HAIL    4 = ICE PELLETS
                        TOTAL MONTH:   0.0 INCH    5 = HAIL
                        GRTST 24HR     0.0         6 = FREEZING RAIN OR DRIZZLE
                        GRTST DEPTH:   0           7 = DUSTSTORM OR SANDSTORM:
                                                       VSBY 1/2 MILE OR LESS
                                                   8 = SMOKE OR HAZE
[NO. OF DAYS WITH]      [WEATHER - DAYS WITH]      9 = BLOWING SNOW
                                                   X = TORNADO
MAX 32 OR BELOW:   0    0.01 INCH OR MORE:  13
MAX 90 OR ABOVE:   0    0.10 INCH OR MORE:   5
MIN 32 OR BELOW:   0    0.50 INCH OR MORE:   1
MIN  0 OR BELOW:   0    1.00 INCH OR MORE:   0

[HDD (BASE 65) ]
TOTAL THIS MO.   160    CLEAR  (SCALE 0-3)  15
DPTR FM NORMAL    -7    PTCLDY (SCALE 4-7)  14
TOTAL FM JUL 1   214    CLOUDY (SCALE 8-10)  1
DPTR FM NORMAL   -70

[CDD (BASE 65) ]
TOTAL THIS MO.     0
DPTR FM NORMAL   -12    [PRESSURE DATA]
TOTAL FM JAN 1    26    HIGHEST SLP M ON M
DPTR FM NORMAL   -10    LOWEST  SLP 29.76 ON 30

[REMARKS]
