000
CXUS54 KLZK 011330
CF6BPK
PRELIMINARY LOCAL CLIMATOLOGICAL DATA (WS FORM: F-6)

                                          STATION:   Mountain Home Airport
                                          MONTH:     SEPTEMBER
                                          YEAR:      2014
                                          LATITUDE:   36 22 N
                                          LONGITUDE:  92 28 W

  TEMPERATURE IN F:       :PCPN:    SNOW:  WIND      :SUNSHINE: SKY     :PK WND
================================================================================
1   2   3   4   5  6A  6B    7    8   9   10  11  12  13   14  15   16   17  18
                                     12Z  AVG MX 2MIN
DY MAX MIN AVG DEP HDD CDD  WTR  SNW DPTH SPD SPD DIR MIN PSBL S-S WX    SPD DR
================================================================================

 1  89  67  78   2   0  13 0.13  0.0    0  5.5 16 190   M    M   3 1      23 200
 2  78  66  72  -4   0   7 0.39  0.0    0  3.8 16 190   M    M   2 13     23 190
 3  92  65  79   3   0  14 0.00  0.0    0  4.6 14 140   M    M   2 12     20 160
 4  95  71  83   8   0  18 0.00  0.0    0  4.1 13 170   M    M   1 1      16 180
 5  94  70  82   7   0  17 0.00  0.0    0  2.4 12  30   M    M   1 1      19  20
 6  76  61  69  -5   0   4    T  0.0    0  3.3  9  50   M    M   4        14  70
 7  82  57  70  -4   0   5 0.00  0.0    0  3.6 12  70   M    M   1        15 110
 8  86  59  73  -1   0   8 0.00  0.0    0  3.9 10 150   M    M   3        14 200
 9  92  68  80   7   0  15 0.00  0.0    0  6.9 15 190   M    M   2 1      23 190
10  95  73  84  11   0  19 0.55  0.0    0  7.6 17 200   M    M   3 138    23 180
11  73  60  67  -5   0   2 0.29  0.0    0  3.4  9  40   M    M   8 13     15  30
12  61  53  57 -15   8   0    T  0.0    0  4.2  9  30   M    M  10 18     15  20
13  67  49  58 -14   7   0 0.00  0.0    0  4.7 12  40   M    M   5        17  50
14  74  48  61 -10   4   0 0.00  0.0    0  3.0  9 160   M    M   0        13 100
15  79  59  69  -2   0   4 0.07  0.0    0  3.1  7 190   M    M   3 1      11 230
16  69  64  67  -3   0   2    T  0.0    0  3.8  8  90   M    M   9 1      12  50
17  66  62  64  -6   1   0 0.49  0.0    0  5.2 16 170   M    M   9 123    28 320
18  67  60  64  -6   1   0    T  0.0    0  3.8 10  90   M    M  10 12     13 100
19  81  59  70   1   0   5 0.00  0.0    0  2.8  9 160   M    M   4 18     12 160
20  88  61  75   6   0  10 0.00  0.0    0  3.2 13 210   M    M   2 18     17 210
21  82  62  72   4   0   7 0.10  0.0    0  3.5  9 330   M    M   2 18     16 350
22  75  54  65  -3   0   0 0.00  0.0    0  3.4 10  70   M    M   0        14  70
23  76  48  62  -5   3   0 0.00  0.0    0  3.8 10  70   M    M   0 1      16  80
24  79  47  63  -4   2   0 0.00  0.0    0  2.7  9 190   M    M   0        28 330
25  81  55  68   2   0   3 0.00  0.0    0  2.4  9 130   M    M   0 1      12 130
26  82  56  69   3   0   4 0.00  0.0    0  2.0  9 110   M    M   0 1      14  90
27  84  58  71   5   0   6 0.00  0.0    0  2.1 10 110   M    M   1 1      14 110
28  84  60  72   7   0   7 0.00  0.0    0  2.5 10  90   M    M   2 1      13 150
29  85  57  71   6   0   6 0.00  0.0    0  1.1  8 100   M    M   2 12     10 100
30  85  58  72   8   0   7 0.00  0.0    0  3.1 10  90   M    M   1 1      15  70
================================================================================
SM 2417 1787        26 183  2.02     0.0 109.5          M       90
================================================================================
AV 80.6 59.6                               3.7 FASTST   M    M   3    MAX(MPH)
                                 MISC ---->  # 17 200               # 28  320
================================================================================
NOTES:
# LAST OF SEVERAL OCCURRENCES

COLUMN 17 PEAK WIND IN M.P.H.

PRELIMINARY LOCAL CLIMATOLOGICAL DATA (WS FORM: F-6) , PAGE 2

                                          STATION:  Mountain Home Airport
                                          MONTH:    SEPTEMBER
                                          YEAR:     2014
                                          LATITUDE:   36 22 N
                                          LONGITUDE:  92 28 W

[TEMPERATURE DATA]      [PRECIPITATION DATA]       SYMBOLS USED IN COLUMN 16

AVERAGE MONTHLY: 70.1   TOTAL FOR MONTH:   2.02    1 = FOG OR MIST
DPTR FM NORMAL:  -0.4   DPTR FM NORMAL:   -2.14    2 = FOG REDUCING VISIBILITY
HIGHEST:    95 ON 10, 4 GRTST 24HR  0.83 ON 10-11      TO 1/4 MILE OR LESS
LOWEST:     47 ON 24                               3 = THUNDER
                        SNOW, ICE PELLETS, HAIL    4 = ICE PELLETS
                        TOTAL MONTH:   0.0 INCH    5 = HAIL
                        GRTST 24HR     0.0         6 = FREEZING RAIN OR DRIZZLE
                        GRTST DEPTH:   0           7 = DUSTSTORM OR SANDSTORM:
                                                       VSBY 1/2 MILE OR LESS
                                                   8 = SMOKE OR HAZE
[NO. OF DAYS WITH]      [WEATHER - DAYS WITH]      9 = BLOWING SNOW
                                                   X = TORNADO
MAX 32 OR BELOW:   0    0.01 INCH OR MORE:   7
MAX 90 OR ABOVE:   5    0.10 INCH OR MORE:   6
MIN 32 OR BELOW:   0    0.50 INCH OR MORE:   1
MIN  0 OR BELOW:   0    1.00 INCH OR MORE:   0

[HDD (BASE 65) ]
TOTAL THIS MO.    26    CLEAR  (SCALE 0-3)  21
DPTR FM NORMAL    -3    PTCLDY (SCALE 4-7)   5
TOTAL FM JUL 1    26    CLOUDY (SCALE 8-10)  4
DPTR FM NORMAL    -4

[CDD (BASE 65) ]
TOTAL THIS MO.   183
DPTR FM NORMAL   -10    [PRESSURE DATA]
TOTAL FM JAN 1  1398    HIGHEST SLP 30.35 ON 13
DPTR FM NORMAL  -117    LOWEST  SLP 29.71 ON 10

[REMARKS]
#FINAL-09-14#
