000
CXUS54 KLCH 280814
CF6BPT
PRELIMINARY LOCAL CLIMATOLOGICAL DATA (WS FORM: F-6)

                                          STATION:   BEAUMONT PORT ARTHUR
                                          MONTH:     JUNE
                                          YEAR:      2017
                                          LATITUDE:   29 57 N
                                          LONGITUDE:  94  1 W

  TEMPERATURE IN F:       :PCPN:    SNOW:  WIND      :SUNSHINE: SKY     :PK WND
================================================================================
1   2   3   4   5  6A  6B    7    8   9   10  11  12  13   14  15   16   17  18
                                     12Z  AVG MX 2MIN
DY MAX MIN AVG DEP HDD CDD  WTR  SNW DPTH SPD SPD DIR MIN PSBL S-S WX    SPD DR
================================================================================

 1  83  72  78  -1   0  13 0.35  0.0    0  6.3 14 110   M    M   5 1      18  80
 2  88  74  81   2   0  16    T  0.0    0  7.9 18 110   M    M   5        23 100
 3  91  74  83   3   0  18 0.05  0.0    0  8.3 16 170   M    M   6 13     22 160
 4  79  70  75  -5   0  10 3.15  0.0    0  7.1 23 260   M    M   7 13     31 260
 5  80  69  75  -5   0  10 0.36  0.0    0  4.4 13 210   M    M   5 13     29  90
 6  87  70  79  -1   0  14 0.26  0.0    0  7.2 24 350   M    M   3 13     31 320
 7  91  72  82   2   0  17 0.00  0.0    0 10.8 20 350   M    M   1        32 350
 8  87  63  75  -5   0  10 0.00  0.0    0  5.3 13 350   M    M   0        19 340
 9  88  66  77  -3   0  12    T  0.0    0  5.1 13 130   M    M   1        22 180
10  88  67  78  -3   0  13 0.01  0.0    0  8.0 15 150   M    M   2        19 150
11  90  69  80  -1   0  15 0.03  0.0    0  9.5 21 110   M    M   6 1      31 110
12  86  74  80  -1   0  15 0.54  0.0    0 10.8 22 180   M    M   7 13     27 170
13  89  76  83   2   0  18 0.06  0.0    0 10.9 20 150   M    M   6 1      25 150
14  91  76  84   3   0  19 0.00  0.0    0  9.4 17 160   M    M   3 1      22 180
15  92  74  83   2   0  18 0.00  0.0    0  7.4 18 180   M    M   3 1      22 170
16  91  73  82   1   0  17 0.00  0.0    0  8.1 17 180   M    M   2 18     22 180
17  91  75  83   1   0  18 0.00  0.0    0  9.1 18 200   M    M   3        24 200
18  92  76  84   2   0  19    T  0.0    0  8.8 16 180   M    M   3        23 200
19  92  76  84   2   0  19 0.00  0.0    0  4.7 36 270   M    M   2 3      46  90
20  90  76  83   1   0  18 0.00  0.0    0 12.5 21  20   M    M   1        25  40
21  79  73  76  -6   0  11 0.19  0.0    0 16.3 24 350   M    M   7 13     40 350
22  85  75  80  -2   0  15 0.31  0.0    0 14.8 24 230   M    M   8 1      32 230
23  91  79  85   3   0  20 0.00  0.0    0 11.0 17 200   M    M   4        24 210
24  90  79  85   3   0  20 0.00  0.0    0  8.2 14 320   M    M   3 13     21 320
25   M   M   M   M   M   M    M    M    0   M   M   M   M    M   M 13      M  M
26   M   M   M   M   M   M    M  0.0    0   M   M   M   M    M   M 3       M  M
27  84  77  81  -1   0  16 0.63  0.0    0  7.5 13 130   M    M   4 3      21 130
================================================================================
SM 2195 1825         0 391  5.94     0.0 219.4          M       97
================================================================================
AV 87.8 73.0                               8.8 FASTST   M    M   4    MAX(MPH)
                                 MISC ---->  # 36 270               # 46   90
================================================================================
NOTES:
# LAST OF SEVERAL OCCURRENCES

COLUMN 17 PEAK WIND IN M.P.H.

PRELIMINARY LOCAL CLIMATOLOGICAL DATA (WS FORM: F-6) , PAGE 2

                                          STATION:  BEAUMONT PORT ARTHUR
                                          MONTH:    JUNE
                                          YEAR:     2017
                                          LATITUDE:   29 57 N
                                          LONGITUDE:  94  1 W

[TEMPERATURE DATA]      [PRECIPITATION DATA]       SYMBOLS USED IN COLUMN 16

AVERAGE MONTHLY: 80.4   TOTAL FOR MONTH:   5.94    1 = FOG OR MIST
DPTR FM NORMAL:  -0.6   DPTR FM NORMAL:   -0.40    2 = FOG REDUCING VISIBILITY
HIGHEST:    92 ON 19,18 GRTST 24HR  3.15 ON  4- 4      TO 1/4 MILE OR LESS
LOWEST:     63 ON  8                               3 = THUNDER
                        SNOW, ICE PELLETS, HAIL    4 = ICE PELLETS
                        TOTAL MONTH:   0.0 INCH    5 = HAIL
                        GRTST 24HR     0.0         6 = FREEZING RAIN OR DRIZZLE
                        GRTST DEPTH:   0           7 = DUSTSTORM OR SANDSTORM:
                                                       VSBY 1/2 MILE OR LESS
                                                   8 = SMOKE OR HAZE
[NO. OF DAYS WITH]      [WEATHER - DAYS WITH]      9 = BLOWING SNOW
                                                   X = TORNADO
MAX 32 OR BELOW:   0    0.01 INCH OR MORE:  12
MAX 90 OR ABOVE:  12    0.10 INCH OR MORE:   8
MIN 32 OR BELOW:   0    0.50 INCH OR MORE:   3
MIN  0 OR BELOW:   0    1.00 INCH OR MORE:   1

[HDD (BASE 65) ]
TOTAL THIS MO.     0    CLEAR  (SCALE 0-3)  12
DPTR FM NORMAL     0    PTCLDY (SCALE 4-7)  13
TOTAL FM JUL 1   614    CLOUDY (SCALE 8-10)  0
DPTR FM NORMAL  -787

[CDD (BASE 65) ]
TOTAL THIS MO.   391
DPTR FM NORMAL   -41    [PRESSURE DATA]
TOTAL FM JAN 1  1276    HIGHEST SLP M ON M
DPTR FM NORMAL   278    LOWEST  SLP 29.43 ON 22

[REMARKS]
