000
CXUS55 KDVN 161100
CF6BRL
PRELIMINARY LOCAL CLIMATOLOGICAL DATA (WS FORM: F-6)

                                          STATION:   BURLINGTON IA
                                          MONTH:     APRIL
                                          YEAR:      2014
                                          LATITUDE:   40 46 N
                                          LONGITUDE:  91  7 W

  TEMPERATURE IN F:       :PCPN:    SNOW:  WIND      :SUNSHINE: SKY     :PK WND
================================================================================
1   2   3   4   5  6A  6B    7    8   9   10  11  12  13   14  15   16   17  18
                                     12Z  AVG MX 2MIN
DY MAX MIN AVG DEP HDD CDD  WTR  SNW DPTH SPD SPD DIR MIN PSBL S-S WX    SPD DR
================================================================================

 1  51  30  41  -7  24   0 0.00    M    M 12.0 24 270   M    M   4        32 260
 2  49  37  43  -6  22   0 0.04    M    M 11.6 21  60   M    M   9 13     26  60
 3  50  41  46  -3  19   0 1.26    M    M  9.6 21  90   M    M  10 13     27  90
 4  49  34  42  -8  23   0 0.02    M    M 15.2 26 290   M    M  10 1      37 290
 5  53  27  40 -10  25   0 0.00    M    M  4.4 13 190   M    M   1 8      18 200
 6  61  36  49  -1  16   0 0.00    M    M  7.8 15 180   M    M   1        19 150
 7  64  42  53   2  12   0 0.02    M    M  7.3 17 310   M    M   2        22 300
 8  61  41  51   0  14   0 0.00    M    M 10.4 23 320   M    M   1        32 340
 9  67  32  50  -2  15   0 0.00    M    M 11.6 24 210   M    M   0        30 190
10  65  44  55   3  10   0 0.00    M    M 10.1 24 360   M    M   0 8      28 360
11  74  35  55   3  10   0 0.00    M    M  7.5 20 210   M    M   0 8      25 210
12  83  56  70  17   0   5 0.00    M    M 15.5 29 210   M    M   2 8      38 220
13  71  48  60   7   5   0 0.94    M    M 11.4 30 200   M    M   7 13     37 210
14  48  31  40 -13  25   0 0.02    M    M 15.4 30 350   M    M   8 18     43 350
15  45  26  36 -18  29   0 0.00    M    M  8.2 17 310   M    M   1        24 330
================================================================================
SM  891  560       249   5  2.30    M    158.0          M       56
================================================================================
AV 59.4 37.3                              10.5 FASTST   M    M   4    MAX(MPH)
                                 MISC ---->  # 30 200               # 43  350
================================================================================
NOTES:
# LAST OF SEVERAL OCCURRENCES

COLUMN 17 PEAK WIND IN M.P.H.

PRELIMINARY LOCAL CLIMATOLOGICAL DATA (WS FORM: F-6) , PAGE 2

                                          STATION:  BURLINGTON IA
                                          MONTH:    APRIL
                                          YEAR:     2014
                                          LATITUDE:   40 46 N
                                          LONGITUDE:  91  7 W

[TEMPERATURE DATA]      [PRECIPITATION DATA]       SYMBOLS USED IN COLUMN 16

AVERAGE MONTHLY: 48.4   TOTAL FOR MONTH:   2.30    1 = FOG OR MIST
DPTR FM NORMAL:  -2.8   DPTR FM NORMAL:    0.65    2 = FOG REDUCING VISIBILITY
HIGHEST:    83 ON 12    GRTST 24HR  1.26 ON  3- 3      TO 1/4 MILE OR LESS
LOWEST:     26 ON 15                               3 = THUNDER
                        SNOW, ICE PELLETS, HAIL    4 = ICE PELLETS
                        TOTAL MONTH:    M          5 = HAIL
                        GRTST 24HR    M  ON   M    6 = FREEZING RAIN OR DRIZZLE
                        GRTST DEPTH:  M  ON   M    7 = DUSTSTORM OR SANDSTORM:
                                                       VSBY 1/2 MILE OR LESS
                                                   8 = SMOKE OR HAZE
[NO. OF DAYS WITH]      [WEATHER - DAYS WITH]      9 = BLOWING SNOW
                                                   X = TORNADO
MAX 32 OR BELOW:   0    0.01 INCH OR MORE:   6
MAX 90 OR ABOVE:   0    0.10 INCH OR MORE:   2
MIN 32 OR BELOW:   5    0.50 INCH OR MORE:   2
MIN  0 OR BELOW:   0    1.00 INCH OR MORE:   1

[HDD (BASE 65) ]
TOTAL THIS MO.   249    CLEAR  (SCALE 0-3)   9
DPTR FM NORMAL    34    PTCLDY (SCALE 4-7)   3
TOTAL FM JUL 1  6537    CLOUDY (SCALE 8-10)  3
DPTR FM NORMAL  1216

[CDD (BASE 65) ]
TOTAL THIS MO.     5
DPTR FM NORMAL     0    [PRESSURE DATA]
TOTAL FM JAN 1     5    HIGHEST SLP M ON M
DPTR FM NORMAL    -2    LOWEST  SLP 29.35 ON 13

[REMARKS]
