391
CXUS55 KLIX 281000
CF6BTR
PRELIMINARY LOCAL CLIMATOLOGICAL DATA (WS FORM: F-6)

                                          STATION:   BATON ROUGE  ASOS
                                          MONTH:     APRIL
                                          YEAR:      2016
                                          LATITUDE:   30 31 N
                                          LONGITUDE:  91  9 W

  TEMPERATURE IN F:       :PCPN:    SNOW:  WIND      :SUNSHINE: SKY     :PK WND
================================================================================
1   2   3   4   5  6A  6B    7    8   9   10  11  12  13   14  15   16   17  18
                                     12Z  AVG MX 2MIN
DY MAX MIN AVG DEP HDD CDD  WTR  SNW DPTH SPD SPD DIR MIN PSBL S-S WX    SPD DR
================================================================================

 1  73  55  64  -1   1   0 0.29  0.0    0  7.3 24 220   M    M   8 138    31 230
 2  70  46  58  -7   7   0 0.00  0.0    0  6.5 17 300   M    M   0        25 320
 3  76  41  59  -6   6   0 0.00  0.0    0  3.4 14 220   M    M   0        16 220
 4  79  46  63  -2   2   0 0.00  0.0    0  3.0 12 270   M    M   0        19 290
 5  85  52  69   3   0   4 0.00  0.0    0  4.2 16 210   M    M   1 18     20 220
 6  79  55  67   1   0   2 0.00  0.0    0  8.4 24 240   M    M   2 1      29 230
 7  82  53  68   2   0   3 0.00  0.0    0  4.8 10 250   M    M   0 12     15 210
 8  78  52  65  -1   0   0 0.00  0.0    0  5.1 15 320   M    M   0        23 320
 9  78  46  62  -4   3   0 0.00  0.0    0  4.6 16 200   M    M   1        21 200
10  81  52  67   0   0   2 0.00  0.0    0  9.8 24 160   M    M   1        31 130
11  83  62  73   6   0   8    T  0.0    0 11.2 26 190   M    M   6        32 180
12  77  63  70   3   0   5 0.11  0.0    0  8.6 17  60   M    M   9 1      21  40
13  76  63  70   3   0   5 1.54  0.0    0  6.4 23  70   M    M   7 13     26  70
14  81  65  73   5   0   8 0.14  0.0    0  8.3 17  90   M    M   8 1      22  90
15  76  65  71   3   0   6    T  0.0    0 11.0 22  90   M    M  10        27  90
16  71  64  68   0   0   3 0.01  0.0    0 11.1 18  70   M    M   9 1      23  70
17  73  63  68   0   0   3    T  0.0    0 12.9 24 100   M    M   8        30 100
18  79  60  70   1   0   5 0.00  0.0    0 11.6 21 100   M    M   5 1      25 100
19  78  63  71   2   0   6 0.05  0.0    0  6.5 14 150   M    M   6        19 140
20  84  64  74   5   0   9 0.35  0.0    0  7.6 18 280   M    M   4 1      23 140
21  81  63  72   3   0   7 0.21  0.0    0  3.2 29 270   M    M   6 13     45 200
22  81  61  71   1   0   6 0.00  0.0    0  4.6 13 310   M    M   5 128    17 300
23  82  57  70   0   0   5 0.00  0.0    0  3.6 14  40   M    M   0 8      18  30
24  84  55  70   0   0   5 0.00  0.0    0  6.9 16 150   M    M   2        22 160
25  86  64  75   5   0  10 0.00  0.0    0  6.7 16 190   M    M   3 8      20 200
26  87  65  76   5   0  11 0.00  0.0    0  9.6 20 160   M    M   3 1      25 150
27  83  66  75   4   0  10 0.31  0.0    0  7.1 26 270   M    M   7 13     36 270
================================================================================
SM 2143 1561        19 123  3.01     0.0 194.0          M      111
================================================================================
AV 79.4 57.8                               7.2 FASTST   M    M   4    MAX(MPH)
                                 MISC ---->  # 29 270               # 45  200
================================================================================
NOTES:
# LAST OF SEVERAL OCCURRENCES

COLUMN 17 PEAK WIND IN M.P.H.

PRELIMINARY LOCAL CLIMATOLOGICAL DATA (WS FORM: F-6) , PAGE 2

                                          STATION:  BATON ROUGE  ASOS
                                          MONTH:    APRIL
                                          YEAR:     2016
                                          LATITUDE:   30 31 N
                                          LONGITUDE:  91  9 W

[TEMPERATURE DATA]      [PRECIPITATION DATA]       SYMBOLS USED IN COLUMN 16

AVERAGE MONTHLY: 68.6   TOTAL FOR MONTH:   3.01    1 = FOG OR MIST
DPTR FM NORMAL:   0.9   DPTR FM NORMAL:   -1.04    2 = FOG REDUCING VISIBILITY
HIGHEST:    87 ON 26    GRTST 24HR  1.54 ON 13-13      TO 1/4 MILE OR LESS
LOWEST:     41 ON  3                               3 = THUNDER
                        SNOW, ICE PELLETS, HAIL    4 = ICE PELLETS
                        TOTAL MONTH:   0.0 INCH    5 = HAIL
                        GRTST 24HR     0.0         6 = FREEZING RAIN OR DRIZZLE
                        GRTST DEPTH:   0           7 = DUSTSTORM OR SANDSTORM:
                                                       VSBY 1/2 MILE OR LESS
                                                   8 = SMOKE OR HAZE
[NO. OF DAYS WITH]      [WEATHER - DAYS WITH]      9 = BLOWING SNOW
                                                   X = TORNADO
MAX 32 OR BELOW:   0    0.01 INCH OR MORE:   9
MAX 90 OR ABOVE:   0    0.10 INCH OR MORE:   7
MIN 32 OR BELOW:   0    0.50 INCH OR MORE:   1
MIN  0 OR BELOW:   0    1.00 INCH OR MORE:   1

[HDD (BASE 65) ]
TOTAL THIS MO.    19    CLEAR  (SCALE 0-3)  12
DPTR FM NORMAL   -32    PTCLDY (SCALE 4-7)  12
TOTAL FM JUL 1  1079    CLOUDY (SCALE 8-10)  3
DPTR FM NORMAL  -474

[CDD (BASE 65) ]
TOTAL THIS MO.   123
DPTR FM NORMAL     2    [PRESSURE DATA]
TOTAL FM JAN 1   237    HIGHEST SLP M ON M
DPTR FM NORMAL    27    LOWEST  SLP 29.70 ON 27

[REMARKS]
