000
CXAK56 PAFG 261602
CF6BTT
PRELIMINARY LOCAL CLIMATOLOGICAL DATA (WS FORM: F-6)

                                          STATION:   BETTLES AK
                                          MONTH:     JULY
                                          YEAR:      2014
                                          LATITUDE:   66 55 N
                                          LONGITUDE: 151 31 W

  TEMPERATURE IN F:       :PCPN:    SNOW:  WIND      :SUNSHINE: SKY     :PK WND
================================================================================
1   2   3   4   5  6A  6B    7    8   9   10  11  12  13   14  15   16   17  18
                                     12Z  AVG MX 2MIN
DY MAX MIN AVG DEP HDD CDD  WTR  SNW DPTH SPD SPD DIR MIN PSBL S-S WX    SPD DR
================================================================================

 1  75  50  63   2   2   0 0.00  0.0    0  4.1 13 250   M    M   7        18 240
 2  67  50  59  -2   6   0 0.38  0.0    0  4.7 12 220   M    M   8        15 220
 3  70  47  59  -2   6   0    T    M    0  6.6 16 240   M    M   6        22 270
 4  74  42  58  -3   7   0 0.00  0.0    0  2.7  8 120   M    M   2        12 110
 5  80  43  62   1   3   0 0.00  0.0    0  1.8  8 120   M    M   3        11 190
 6  84  51  68   7   0   3 0.00  0.0    0  3.5  7  50   M    M   5         M  M
 7  83  57  70   9   0   5 0.02  0.0    0  6.1 15 230   M    M   6 3      21 130
 8  76  55  66   5   0   1 0.46  0.0    0  3.2 12  10   M    M   9 13     18  30
 9  70  54  62   1   3   0 0.90  0.0    0  3.1 14 140   M    M   8 13     18 130
10  77  49  63   2   2   0    T  0.0    0  2.3 13  50   M    M   7 1      19  80
11  65  56  61   0   4   0 0.55  0.0    0  2.6 14  40   M    M  10 1      21  30
12  69  53  61   0   4   0 0.05  0.0    0  5.7 17 270   M    M   8 18     25 270
13  62  47  55  -5  10   0 0.17  0.0    0  7.1 16 250   M    M   9 1      22 240
14  59  48  54  -6  11   0 0.38  0.0    0  9.6 16 230   M    M   9 1      29 160
15  63  51  57  -3   8   0 0.16  0.0    0  7.7 16 220   M    M   9 1      22 250
16  55  49  52  -8  13   0 0.27  0.0    0  4.4 10 220   M    M  10 1      15 210
17  55  47  51  -9  14   0 0.20  0.0    0  5.4 10 210   M    M  10 1      16 200
18  55  45  50 -10  15   0 0.12    M    0  5.7 12 220   M    M  10 1      17 220
19  54  38  46 -14  19   0 0.02  0.0    0  5.3 12 240   M    M   8        19 200
20  57  39  48 -11  17   0 0.02  0.0    0  6.1 18 240   M    M   8 12     27 250
21  56  42  49 -10  16   0 0.32  0.0    0  2.9  8 180   M    M  10 1      13 170
22  54  44  49 -10  16   0 0.37  0.0    0  3.7  9 140   M    M  10 1      13 140
23  58  45  52  -7  13   0 0.32  0.0    0  5.1 13 250   M    M   9 1      17 230
24  55  44  50  -8  15   0 0.25  0.0    0  4.8 10 210   M    M  10 1      15 320
25  56  40  48 -10  17   0    T  0.0    0  4.0 15  30   M    M   8        21  40
================================================================================
SM 1629 1186       221   9  4.96     0.0 118.2          M      199
================================================================================
AV 65.2 47.4                               4.7 FASTST   M    M   8    MAX(MPH)
                                 MISC ---->  # 18 240               # 29  160
================================================================================
NOTES:
# LAST OF SEVERAL OCCURRENCES

COLUMN 17 PEAK WIND IN M.P.H.

PRELIMINARY LOCAL CLIMATOLOGICAL DATA (WS FORM: F-6) , PAGE 2

                                          STATION:  BETTLES AK
                                          MONTH:    JULY
                                          YEAR:     2014
                                          LATITUDE:   66 55 N
                                          LONGITUDE: 151 31 W

[TEMPERATURE DATA]      [PRECIPITATION DATA]       SYMBOLS USED IN COLUMN 16

AVERAGE MONTHLY: 56.3   TOTAL FOR MONTH:   4.96    1 = FOG OR MIST
DPTR FM NORMAL:  -3.9   DPTR FM NORMAL:    3.11    2 = FOG REDUCING VISIBILITY
HIGHEST:    84 ON  6    GRTST 24HR  1.28 ON  8- 9      TO 1/4 MILE OR LESS
LOWEST:     38 ON 19                               3 = THUNDER
                        SNOW, ICE PELLETS, HAIL    4 = ICE PELLETS
                        TOTAL MONTH:   0.0 INCH    5 = HAIL
                        GRTST 24HR     0.0         6 = FREEZING RAIN OR DRIZZLE
                        GRTST DEPTH:   0           7 = DUSTSTORM OR SANDSTORM:
                                                       VSBY 1/2 MILE OR LESS
                                                   8 = SMOKE OR HAZE
[NO. OF DAYS WITH]      [WEATHER - DAYS WITH]      9 = BLOWING SNOW
                                                   X = TORNADO
MAX 32 OR BELOW:   0    0.01 INCH OR MORE:  18
MAX 90 OR ABOVE:   0    0.10 INCH OR MORE:  14
MIN 32 OR BELOW:   0    0.50 INCH OR MORE:   2
MIN  0 OR BELOW:   0    1.00 INCH OR MORE:   0

[HDD (BASE 65) ]
TOTAL THIS MO.   221    CLEAR  (SCALE 0-3)   2
DPTR FM NORMAL    83    PTCLDY (SCALE 4-7)   8
TOTAL FM JUL 1   221    CLOUDY (SCALE 8-10) 15
DPTR FM NORMAL    83

[CDD (BASE 65) ]
TOTAL THIS MO.     9
DPTR FM NORMAL    -7    [PRESSURE DATA]
TOTAL FM JAN 1     9    HIGHEST SLP M ON M
DPTR FM NORMAL   -23    LOWEST  SLP 29.59 ON 18

[REMARKS]
