000
CXUS55 KLOX 241655
CF6BUR
PRELIMINARY LOCAL CLIMATOLOGICAL DATA (WS FORM: F-6)

                                          STATION:   BOB HOPE AIRPORT (BURBANK) CA
                                          MONTH:     JANUARY
                                          YEAR:      2017
                                          LATITUDE:   34 12 N
                                          LONGITUDE: 118 22 W

  TEMPERATURE IN F:       :PCPN:    SNOW:  WIND      :SUNSHINE: SKY     :PK WND
================================================================================
1   2   3   4   5  6A  6B    7    8   9   10  11  12  13   14  15   16   17  18
                                     12Z  AVG MX 2MIN
DY MAX MIN AVG DEP HDD CDD  WTR  SNW DPTH SPD SPD DIR MIN PSBL S-S WX    SPD DR
================================================================================

 1  56  39  48  -6  17   0 0.00  0.0    0  5.9 13 120   M    M   3 1      18 150
 2  54  48  51  -3  14   0    T    M    0  6.9 14 150   M    M   9        19 130
 3  56  45  51  -3  14   0 0.00  0.0    0  0.9  6 190   M    M   3         8 270
 4  58  45  52  -2  13   0 0.07    M    0  3.8 12 110   M    M   8 18     15 110
 5  62  52  57   3   8   0 0.31  0.0    0  5.8 14 140   M    M   9 1      27 140
 6  63  49  56   2   9   0 0.00  0.0    0  4.1 12 330   M    M   4        17 320
 7  63  47  55   0  10   0 0.28    M    0  2.5 13 330   M    M   8 1      15 320
 8  74  49  62   7   3   0 0.00  0.0    0  3.6 13 190   M    M   0        16 190
 9  61  50  56   1   9   0 0.58  0.0    0  6.1 16 140   M    M   6 1      22 150
10  57  47  52  -3  13   0 0.14    M    0  5.6 10 130   M    M   8 1      16  80
11  62  53  58   3   7   0 0.34  0.0    0  6.9 15 220   M    M   6 1      21  90
12  54  47  51  -4  14   0 0.68    M    0  6.4 13 130   M    M   9 1      20 110
13  61  44  53  -2  12   0    T    M    0  2.9 12 330   M    M   5        13 330
14  71  45  58   3   7   0 0.00  0.0    0  6.2 21  40   M    M   0        26 330
15  61  45  53  -2  12   0    T    M    0  4.5 12 140   M    M   6        18 110
16  64  46  55   0  10   0 0.00  0.0    0  2.5 10 200   M    M   2        14 230
17  66  41  54  -1  11   0 0.00  0.0    0  3.5 13 210   M    M   0        15 210
18  58  42  50  -5  15   0 0.03    M    0  4.5 18 150   M    M   3 8      22 160
19  62  50  56   1   9   0 0.44  0.0    0  7.3 18 250   M    M   9 1      23 110
20  58  48  53  -2  12   0 1.11    M    0 10.8 35 110   M    M   9 1      45 110
21  59  41  50  -5  15   0 0.00  0.0    0  6.6 15 150   M    M   3        19 280
22  53  47  50  -5  15   0 1.57    M    0 13.2 29 110   M    M  10 1      37 130
23  53  41  47  -8  18   0 0.14    M    0  5.2 16 250   M    M   6 1      21 260
================================================================================
SM 1386 1061       267   0  5.69     0.0 125.7          M      126
================================================================================
AV 60.3 46.1                               5.5 FASTST   M    M   5    MAX(MPH)
                                 MISC ---->  # 35 110               # 45  110
================================================================================
NOTES:
# LAST OF SEVERAL OCCURRENCES

COLUMN 17 PEAK WIND IN M.P.H.

PRELIMINARY LOCAL CLIMATOLOGICAL DATA (WS FORM: F-6) , PAGE 2

                                          STATION:  BOB HOPE AIRPORT (BURBANK) CA
                                          MONTH:    JANUARY
                                          YEAR:     2017
                                          LATITUDE:   34 12 N
                                          LONGITUDE: 118 22 W

[TEMPERATURE DATA]      [PRECIPITATION DATA]       SYMBOLS USED IN COLUMN 16

AVERAGE MONTHLY: 53.2   TOTAL FOR MONTH:   5.69    1 = FOG OR MIST
DPTR FM NORMAL:  -1.5   DPTR FM NORMAL:    3.11    2 = FOG REDUCING VISIBILITY
HIGHEST:    74 ON  8    GRTST 24HR  1.57 ON 22-22      TO 1/4 MILE OR LESS
LOWEST:     39 ON  1                               3 = THUNDER
                        SNOW, ICE PELLETS, HAIL    4 = ICE PELLETS
                        TOTAL MONTH:   0.0 INCH    5 = HAIL
                        GRTST 24HR     0.0         6 = FREEZING RAIN OR DRIZZLE
                        GRTST DEPTH:   0           7 = DUSTSTORM OR SANDSTORM:
                                                       VSBY 1/2 MILE OR LESS
                                                   8 = SMOKE OR HAZE
[NO. OF DAYS WITH]      [WEATHER - DAYS WITH]      9 = BLOWING SNOW
                                                   X = TORNADO
MAX 32 OR BELOW:   0    0.01 INCH OR MORE:  12
MAX 90 OR ABOVE:   0    0.10 INCH OR MORE:  10
MIN 32 OR BELOW:   0    0.50 INCH OR MORE:   4
MIN  0 OR BELOW:   0    1.00 INCH OR MORE:   2

[HDD (BASE 65) ]
TOTAL THIS MO.   267    CLEAR  (SCALE 0-3)   7
DPTR FM NORMAL    31    PTCLDY (SCALE 4-7)  10
TOTAL FM JUL 1   681    CLOUDY (SCALE 8-10)  6
DPTR FM NORMAL  -122

[CDD (BASE 65) ]
TOTAL THIS MO.     0
DPTR FM NORMAL     0    [PRESSURE DATA]
TOTAL FM JAN 1     0    HIGHEST SLP M ON M
DPTR FM NORMAL     0    LOWEST  SLP 29.38 ON 20

[REMARKS]
