000
CXUS54 KLZK 011330
CF6BVX
PRELIMINARY LOCAL CLIMATOLOGICAL DATA (WS FORM: F-6)

                                          STATION:   Batesville Regional Airport
                                          MONTH:     JUNE
                                          YEAR:      2015
                                          LATITUDE:   35 43 N
                                          LONGITUDE:  91 39 W

  TEMPERATURE IN F:       :PCPN:    SNOW:  WIND      :SUNSHINE: SKY     :PK WND
================================================================================
1   2   3   4   5  6A  6B    7    8   9   10  11  12  13   14  15   16   17  18
                                     12Z  AVG MX 2MIN
DY MAX MIN AVG DEP HDD CDD  WTR  SNW DPTH SPD SPD DIR MIN PSBL S-S WX    SPD DR
================================================================================

 1  72  61  67  -6   0   2 0.00  0.0    0  3.3  8  80   M    M   9         M  M
 2  77  61  69  -4   0   4 0.00  0.0    0  3.8 10  80   M    M   7         M  M
 3  77  57  67  -6   0   2 0.00  0.0    0  0.5  6  70   M    M   7         M  M
 4  88  61  75   1   0  10 0.00  0.0    0  2.2  7  90   M    M   3         M  M
 5  90  63  77   3   0  12 0.39  0.0    0  2.2  7 220   M    M   2 3       M  M
 6  88  66  77   3   0  12 0.15  0.0    0  1.0  5 100   M    M   5         M  M
 7  91  66  79   5   0  14 0.00  0.0    0  4.5  9 180   M    M   2         M  M
 8  91  73  82   7   0  17 0.02  0.0    0  6.2 14 240   M    M   3 3      20 240
 9  93  64  79   4   0  14 0.00  0.0    0  1.6  5 310   M    M   1         M  M
10  93  66  80   5   0  15 0.00  0.0    0  2.9  9 210   M    M   1         M  M
11  91  70  81   5   0  16 0.00  0.0    0  4.1  9 180   M    M   3         M  M
12  91  75  83   7   0  18 0.00  0.0    0  6.1 12 210   M    M   1         M  M
13  86  73  80   4   0  15 0.18  0.0    0  6.2 10 140   M    M   5        16 170
14  90  73  82   6   0  17 0.32  0.0    0  5.8 12 140   M    M   7        17 160
15  90  73  82   5   0  17 0.00  0.0    0  5.1 12 140   M    M   4        17 190
16  91  73  82   5   0  17 0.06  0.0    0  3.3  8 150   M    M   2 3      17 150
17  90  70  80   3   0  15 0.00  0.0    0  4.0  9 190   M    M   2         M  M
18  81  72  77   0   0  12 1.92  0.0    0  8.2 13 150   M    M   8 3      28 150
19  79  72  76  -2   0  11 0.90  0.0    0 10.1 16 240   M    M   8        25 190
20  93  66  80   2   0  15 0.00  0.0    0  5.8 13 230   M    M   1        17 240
21  90  73  82   4   0  17 0.00  0.0    0  6.3 13 210   M    M   1        18 230
22  91  73  82   4   0  17 0.00  0.0    0  8.3 15 230   M    M   2        21 230
23  95  77  86   8   0  21 0.00  0.0    0  5.0 10 250   M    M   1         M  M
24  97  73  85   6   0  20 0.00  0.0    0  2.3  6 240   M    M   0         M  M
25  95  75  85   6   0  20 0.00  0.0    0  5.2  8 230   M    M   1         M  M
26  91  72  82   3   0  17 0.19  0.0    0  3.8  9 240   M    M   3 3       M  M
27  82  66  74  -5   0   9 0.00  0.0    0  4.1  8 320   M    M   3         M  M
28  88  63  76  -3   0  11 0.00  0.0    0  5.5 10 220   M    M   1         M  M
29  90  72  81   2   0  16 0.00  0.0    0  6.5 15 220   M    M   1        22 220
30  90  66  78  -2   0  13 0.00  0.0    0  4.3 10 250   M    M   0         M  M
================================================================================
SM 2651 2065         0 416  4.13     0.0 138.2          M       94
================================================================================
AV 88.4 68.8                               4.6 FASTST   M    M   3    MAX(MPH)
                                 MISC ---->    16   M                 28    M
================================================================================
NOTES:
# LAST OF SEVERAL OCCURRENCES

COLUMN 17 PEAK WIND IN M.P.H.

PRELIMINARY LOCAL CLIMATOLOGICAL DATA (WS FORM: F-6) , PAGE 2

                                          STATION:  Batesville Regional Airport
                                          MONTH:    JUNE
                                          YEAR:     2015
                                          LATITUDE:   35 43 N
                                          LONGITUDE:  91 39 W

[TEMPERATURE DATA]      [PRECIPITATION DATA]       SYMBOLS USED IN COLUMN 16

AVERAGE MONTHLY: 78.6   TOTAL FOR MONTH:   4.13    1 = FOG OR MIST
DPTR FM NORMAL:   2.0   DPTR FM NORMAL:    0.58    2 = FOG REDUCING VISIBILITY
HIGHEST:    97 ON 24    GRTST 24HR  1.92 ON 18-18      TO 1/4 MILE OR LESS
LOWEST:     57 ON  3                               3 = THUNDER
                        SNOW, ICE PELLETS, HAIL    4 = ICE PELLETS
                        TOTAL MONTH:   0.0 INCH    5 = HAIL
                        GRTST 24HR     0.0         6 = FREEZING RAIN OR DRIZZLE
                        GRTST DEPTH:   0           7 = DUSTSTORM OR SANDSTORM:
                                                       VSBY 1/2 MILE OR LESS
                                                   8 = SMOKE OR HAZE
[NO. OF DAYS WITH]      [WEATHER - DAYS WITH]      9 = BLOWING SNOW
                                                   X = TORNADO
MAX 32 OR BELOW:   0    0.01 INCH OR MORE:   9
MAX 90 OR ABOVE:  20    0.10 INCH OR MORE:   7
MIN 32 OR BELOW:   0    0.50 INCH OR MORE:   2
MIN  0 OR BELOW:   0    1.00 INCH OR MORE:   1

[HDD (BASE 65) ]
TOTAL THIS MO.     0    CLEAR  (SCALE 0-3)  18
DPTR FM NORMAL    -2    PTCLDY (SCALE 4-7)  11
TOTAL FM JUL 1  3701    CLOUDY (SCALE 8-10)  1
DPTR FM NORMAL   -89

[CDD (BASE 65) ]
TOTAL THIS MO.   416
DPTR FM NORMAL    68    [PRESSURE DATA]
TOTAL FM JAN 1   642    HIGHEST SLP M ON M
DPTR FM NORMAL   111    LOWEST  SLP M ON M

[REMARKS]
#FINAL-06-15#
